{"id":24341,"date":"2022-01-22T11:42:00","date_gmt":"2022-01-22T10:42:00","guid":{"rendered":"https:\/\/demoweb.info\/sexshop001\/producto\/fusta-e-stim-negro\/"},"modified":"2022-01-22T11:42:19","modified_gmt":"2022-01-22T10:42:19","slug":"fusta-e-stim-negro","status":"publish","type":"product","link":"https:\/\/demoweb.info\/sexshop001\/producto\/fusta-e-stim-negro\/","title":{"rendered":"FUSTA E-STIM &#8211; NEGRO"},"content":{"rendered":"<p><strong>E-STIM CROP &#8211; BLACK<\/strong><\/p>\n<p>\u00a1ELECTROSHOCK lleva el mundo de E-stim al siguiente nivel al presentar este revolucionario ELECTROSHOCK SPANKING a la alineaci\u00f3n! \u00a1Este juguete es una adici\u00f3n fabulosa a cualquier colecci\u00f3n BDSM digna, tanto para principiantes como para jugadores avanzados! El diablo est\u00e1 en los detalles y, en este caso, es la posibilidad de carga USB lo que hace que este art\u00edculo se destaque por encima del resto. Mientras que otros todav\u00eda est\u00e1n conectados con cables, \u00a1EL CULTIVO GIRATORIO ELECTROSHOCK es INAL\u00c1MBRICO!<\/p>\n<p>Carga el juguete con el cable USB incluido durante 60 minutos y obtender 120 minutos de tiempo de juego sorprendentemente emocionante. El cultivo est\u00e1 equipado con 6 botones el\u00e9ctricos en cada lado que se pueden controlar con los 3 botones en el mango (encendido \/ apagado, m\u00e1s y menos).<\/p>\n<p>Las posibilidades de voltaje van desde 142V hasta un rizado de 312V en solo 5 pasos. Cuando se enciende, el juguete comienza en la configuraci\u00f3n media de 240 V y se puede bajar o aumentar con el bot\u00f3n m\u00e1s \/ menos indicado por una luz intermitente lenta o r\u00e1pida. El mango resistente tiene un di\u00e1metro de 2,8 cm (1,1 \u201d) para un agarre firme. Hecho de poliuretano y ABS de alta calidad, este cultivo dejar\u00e1 una impresi\u00f3n duradera en su amante o sumiso.<\/p>\n","protected":false},"excerpt":{"rendered":"<p>E-STIM CROP &#8211; BLACK \u00a1ELECTROSHOCK lleva el mundo de E-stim al siguiente nivel al presentar este revolucionario ELECTROSHOCK SPANKING a<\/p>\n","protected":false},"featured_media":24342,"comment_status":"open","ping_status":"open","template":"","meta":[],"product_cat":[492],"product_tag":[303,302],"class_list":["post-24341","product","type-product","status-publish","has-post-thumbnail","hentry","product_cat-electroestimulacion","product_tag-electroshock","product_tag-shots"],"bundled_by":[],"bundle_stock_status":"instock","bundle_stock_quantity":2,"bundle_virtual":false,"bundle_layout":"","bundle_add_to_cart_form_location":"","bundle_editable_in_cart":false,"bundle_sold_individually_context":"","bundle_item_grouping":"","bundle_min_size":"","bundle_max_size":"","bundled_items":[],"yoast_head":"<!-- This site is optimized with the Yoast SEO plugin v20.6 - https:\/\/yoast.com\/wordpress\/plugins\/seo\/ -->\n<title>FUSTA E-STIM - NEGRO - Tienda Er\u00f3tica<\/title>\n<meta name=\"robots\" content=\"noindex, follow, max-snippet:-1, max-image-preview:large, max-video-preview:-1\" \/>\n<meta property=\"og:locale\" content=\"es_ES\" \/>\n<meta property=\"og:type\" content=\"article\" \/>\n<meta property=\"og:title\" content=\"FUSTA E-STIM - NEGRO - Tienda Er\u00f3tica\" \/>\n<meta property=\"og:description\" content=\"E-STIM CROP &#8211; BLACK \u00a1ELECTROSHOCK lleva el mundo de E-stim al siguiente nivel al presentar este revolucionario ELECTROSHOCK SPANKING a\" \/>\n<meta property=\"og:url\" content=\"https:\/\/demoweb.info\/sexshop001\/producto\/fusta-e-stim-negro\/\" \/>\n<meta property=\"og:site_name\" content=\"Tienda Er\u00f3tica\" \/>\n<meta property=\"article:modified_time\" content=\"2022-01-22T10:42:19+00:00\" \/>\n<meta property=\"og:image\" content=\"https:\/\/demoweb.info\/sexshop001\/wp-content\/uploads\/2022\/01\/FUSTA-E-STIM-NEGRO.jpg\" \/>\n\t<meta property=\"og:image:width\" content=\"550\" \/>\n\t<meta property=\"og:image:height\" content=\"550\" \/>\n\t<meta property=\"og:image:type\" content=\"image\/jpeg\" \/>\n<meta name=\"twitter:card\" content=\"summary_large_image\" \/>\n<meta name=\"twitter:label1\" content=\"Tiempo de lectura\" \/>\n\t<meta name=\"twitter:data1\" content=\"1 minuto\" \/>\n<script type=\"application\/ld+json\" class=\"yoast-schema-graph\">{\"@context\":\"https:\/\/schema.org\",\"@graph\":[{\"@type\":\"WebPage\",\"@id\":\"https:\/\/demoweb.info\/sexshop001\/producto\/fusta-e-stim-negro\/\",\"url\":\"https:\/\/demoweb.info\/sexshop001\/producto\/fusta-e-stim-negro\/\",\"name\":\"FUSTA E-STIM - NEGRO - Tienda Er\u00f3tica\",\"isPartOf\":{\"@id\":\"https:\/\/demoweb.info\/sexshop001\/#website\"},\"datePublished\":\"2022-01-22T10:42:00+00:00\",\"dateModified\":\"2022-01-22T10:42:19+00:00\",\"breadcrumb\":{\"@id\":\"https:\/\/demoweb.info\/sexshop001\/producto\/fusta-e-stim-negro\/#breadcrumb\"},\"inLanguage\":\"es\",\"potentialAction\":[{\"@type\":\"ReadAction\",\"target\":[\"https:\/\/demoweb.info\/sexshop001\/producto\/fusta-e-stim-negro\/\"]}]},{\"@type\":\"BreadcrumbList\",\"@id\":\"https:\/\/demoweb.info\/sexshop001\/producto\/fusta-e-stim-negro\/#breadcrumb\",\"itemListElement\":[{\"@type\":\"ListItem\",\"position\":1,\"name\":\"Portada\",\"item\":\"https:\/\/demoweb.info\/sexshop001\/\"},{\"@type\":\"ListItem\",\"position\":2,\"name\":\"Tienda\",\"item\":\"https:\/\/demoweb.info\/sexshop001\/tienda\/\"},{\"@type\":\"ListItem\",\"position\":3,\"name\":\"FUSTA E-STIM &#8211; NEGRO\"}]},{\"@type\":\"WebSite\",\"@id\":\"https:\/\/demoweb.info\/sexshop001\/#website\",\"url\":\"https:\/\/demoweb.info\/sexshop001\/\",\"name\":\"Tienda Er\u00f3tica\",\"description\":\"DEMOWEB SL\",\"potentialAction\":[{\"@type\":\"SearchAction\",\"target\":{\"@type\":\"EntryPoint\",\"urlTemplate\":\"https:\/\/demoweb.info\/sexshop001\/?s={search_term_string}\"},\"query-input\":\"required name=search_term_string\"}],\"inLanguage\":\"es\"}]}<\/script>\n<!-- \/ Yoast SEO plugin. -->","yoast_head_json":{"title":"FUSTA E-STIM - NEGRO - Tienda Er\u00f3tica","robots":{"index":"noindex","follow":"follow","max-snippet":"max-snippet:-1","max-image-preview":"max-image-preview:large","max-video-preview":"max-video-preview:-1"},"og_locale":"es_ES","og_type":"article","og_title":"FUSTA E-STIM - NEGRO - Tienda Er\u00f3tica","og_description":"E-STIM CROP &#8211; BLACK \u00a1ELECTROSHOCK lleva el mundo de E-stim al siguiente nivel al presentar este revolucionario ELECTROSHOCK SPANKING a","og_url":"https:\/\/demoweb.info\/sexshop001\/producto\/fusta-e-stim-negro\/","og_site_name":"Tienda Er\u00f3tica","article_modified_time":"2022-01-22T10:42:19+00:00","og_image":[{"width":550,"height":550,"url":"https:\/\/demoweb.info\/sexshop001\/wp-content\/uploads\/2022\/01\/FUSTA-E-STIM-NEGRO.jpg","type":"image\/jpeg"}],"twitter_card":"summary_large_image","twitter_misc":{"Tiempo de lectura":"1 minuto"},"schema":{"@context":"https:\/\/schema.org","@graph":[{"@type":"WebPage","@id":"https:\/\/demoweb.info\/sexshop001\/producto\/fusta-e-stim-negro\/","url":"https:\/\/demoweb.info\/sexshop001\/producto\/fusta-e-stim-negro\/","name":"FUSTA E-STIM - NEGRO - Tienda Er\u00f3tica","isPartOf":{"@id":"https:\/\/demoweb.info\/sexshop001\/#website"},"datePublished":"2022-01-22T10:42:00+00:00","dateModified":"2022-01-22T10:42:19+00:00","breadcrumb":{"@id":"https:\/\/demoweb.info\/sexshop001\/producto\/fusta-e-stim-negro\/#breadcrumb"},"inLanguage":"es","potentialAction":[{"@type":"ReadAction","target":["https:\/\/demoweb.info\/sexshop001\/producto\/fusta-e-stim-negro\/"]}]},{"@type":"BreadcrumbList","@id":"https:\/\/demoweb.info\/sexshop001\/producto\/fusta-e-stim-negro\/#breadcrumb","itemListElement":[{"@type":"ListItem","position":1,"name":"Portada","item":"https:\/\/demoweb.info\/sexshop001\/"},{"@type":"ListItem","position":2,"name":"Tienda","item":"https:\/\/demoweb.info\/sexshop001\/tienda\/"},{"@type":"ListItem","position":3,"name":"FUSTA E-STIM &#8211; NEGRO"}]},{"@type":"WebSite","@id":"https:\/\/demoweb.info\/sexshop001\/#website","url":"https:\/\/demoweb.info\/sexshop001\/","name":"Tienda Er\u00f3tica","description":"DEMOWEB SL","potentialAction":[{"@type":"SearchAction","target":{"@type":"EntryPoint","urlTemplate":"https:\/\/demoweb.info\/sexshop001\/?s={search_term_string}"},"query-input":"required name=search_term_string"}],"inLanguage":"es"}]}},"_links":{"self":[{"href":"https:\/\/demoweb.info\/sexshop001\/wp-json\/wp\/v3\/product\/24341","targetHints":{"allow":["GET"]}}],"collection":[{"href":"https:\/\/demoweb.info\/sexshop001\/wp-json\/wp\/v3\/product"}],"about":[{"href":"https:\/\/demoweb.info\/sexshop001\/wp-json\/wp\/v2\/types\/product"}],"replies":[{"embeddable":true,"href":"https:\/\/demoweb.info\/sexshop001\/wp-json\/wp\/v2\/comments?post=24341"}],"wp:featuredmedia":[{"embeddable":true,"href":"https:\/\/demoweb.info\/sexshop001\/wp-json\/wp\/v2\/media\/24342"}],"wp:attachment":[{"href":"https:\/\/demoweb.info\/sexshop001\/wp-json\/wp\/v2\/media?parent=24341"}],"wp:term":[{"taxonomy":"product_cat","embeddable":true,"href":"https:\/\/demoweb.info\/sexshop001\/wp-json\/wp\/v2\/product_cat?post=24341"},{"taxonomy":"product_tag","embeddable":true,"href":"https:\/\/demoweb.info\/sexshop001\/wp-json\/wp\/v2\/product_tag?post=24341"}],"curies":[{"name":"wp","href":"https:\/\/api.w.org\/{rel}","templated":true}]}}