{"id":24025,"date":"2022-01-22T11:38:44","date_gmt":"2022-01-22T10:38:44","guid":{"rendered":"https:\/\/demoweb.info\/sexshop001\/producto\/huevo-vibrador-inalambrico-punto-g-grande-rojo\/"},"modified":"2022-01-22T11:38:54","modified_gmt":"2022-01-22T10:38:54","slug":"huevo-vibrador-inalambrico-punto-g-grande-rojo","status":"publish","type":"product","link":"https:\/\/demoweb.info\/sexshop001\/producto\/huevo-vibrador-inalambrico-punto-g-grande-rojo\/","title":{"rendered":"HUEVO VIBRADOR INAL\u00c1MBRICO PUNTO G &#8211; GRANDE &#8211; ROJO"},"content":{"rendered":"<p><strong>WIRELESS VIBRATING G-SPOT EGG &#8211; BIG <\/strong><\/p>\n<p>Este gran huevo de punto G inal\u00e1mbrico tiene 10 configuraciones diferentes y muy emocionantes, todas ajustables con el control remoto inal\u00e1mbrico.<\/p>\n<p>Desde una posici\u00f3n c\u00f3moda y suave hasta una posici\u00f3n vibrante extremadamente fuerte; lo controlas con tu control remoto inal\u00e1mbrico desde una distancia de hasta 20 metros.<\/p>\n<p>El huevo tiene una capa suave y sedosa.<\/p>\n<p>Esto le da un aspecto y una sensaci\u00f3n \u00fanicos.<\/p>\n<p>El mando a distancia est\u00e1 hecho de acero inoxidable cepillado y tiene un cierre que facilita su fijaci\u00f3n a su llavero.<br \/>\nConsejo: entr\u00e9guele el mando a distancia a su compa\u00f1ero; \u00e9l o ella tendr\u00e1 el control del huevo.<\/p>\n<ul>\n<li>Peso del producto: 70 gramos<\/li>\n<li>Di\u00e1metro del producto: 3,4 cm<\/li>\n<li>Cantidad de motores: 1<\/li>\n<li>Rotaciones: 21000 RPM<\/li>\n<li>Tipos de velocidad: 10<\/li>\n<li>Nivel de ruido. 75 dB<\/li>\n<li>Se requieren bater\u00edas: 2<\/li>\n<li>Tipo de bater\u00edas: AAA<\/li>\n<li>Bater\u00edas incluidas: S\u00ed<\/li>\n<li>A prueba de agua: S\u00ed<\/li>\n<li>Libre de ftalato: S\u00ed<\/li>\n<li>Materiales: ABS<\/li>\n<\/ul>\n","protected":false},"excerpt":{"rendered":"<p>WIRELESS VIBRATING G-SPOT EGG &#8211; BIG Este gran huevo de punto G inal\u00e1mbrico tiene 10 configuraciones diferentes y muy emocionantes,<\/p>\n","protected":false},"featured_media":24026,"comment_status":"open","ping_status":"open","template":"","meta":[],"product_cat":[322],"product_tag":[302,547],"class_list":["post-24025","product","type-product","status-publish","has-post-thumbnail","hentry","product_cat-con-mando","product_tag-shots","product_tag-shots-toys"],"bundled_by":[],"bundle_stock_status":"outofstock","bundle_stock_quantity":0,"bundle_virtual":false,"bundle_layout":"","bundle_add_to_cart_form_location":"","bundle_editable_in_cart":false,"bundle_sold_individually_context":"","bundle_item_grouping":"","bundle_min_size":"","bundle_max_size":"","bundled_items":[],"yoast_head":"<!-- This site is optimized with the Yoast SEO plugin v20.6 - https:\/\/yoast.com\/wordpress\/plugins\/seo\/ -->\n<title>HUEVO VIBRADOR INAL\u00c1MBRICO PUNTO G - GRANDE - ROJO - Tienda Er\u00f3tica<\/title>\n<meta name=\"robots\" content=\"noindex, follow, max-snippet:-1, max-image-preview:large, max-video-preview:-1\" \/>\n<meta property=\"og:locale\" content=\"es_ES\" \/>\n<meta property=\"og:type\" content=\"article\" \/>\n<meta property=\"og:title\" content=\"HUEVO VIBRADOR INAL\u00c1MBRICO PUNTO G - GRANDE - ROJO - Tienda Er\u00f3tica\" \/>\n<meta property=\"og:description\" content=\"WIRELESS VIBRATING G-SPOT EGG &#8211; BIG Este gran huevo de punto G inal\u00e1mbrico tiene 10 configuraciones diferentes y muy emocionantes,\" \/>\n<meta property=\"og:url\" content=\"https:\/\/demoweb.info\/sexshop001\/producto\/huevo-vibrador-inalambrico-punto-g-grande-rojo\/\" \/>\n<meta property=\"og:site_name\" content=\"Tienda Er\u00f3tica\" \/>\n<meta property=\"article:modified_time\" content=\"2022-01-22T10:38:54+00:00\" \/>\n<meta property=\"og:image\" content=\"https:\/\/demoweb.info\/sexshop001\/wp-content\/uploads\/2022\/01\/HUEVO-VIBRADOR-INALAMBRICO-PUNTO-G-GRANDE-ROJO.jpg\" \/>\n\t<meta property=\"og:image:width\" content=\"550\" \/>\n\t<meta property=\"og:image:height\" content=\"550\" \/>\n\t<meta property=\"og:image:type\" content=\"image\/jpeg\" \/>\n<meta name=\"twitter:card\" content=\"summary_large_image\" \/>\n<meta name=\"twitter:label1\" content=\"Tiempo de lectura\" \/>\n\t<meta name=\"twitter:data1\" content=\"1 minuto\" \/>\n<script type=\"application\/ld+json\" class=\"yoast-schema-graph\">{\"@context\":\"https:\/\/schema.org\",\"@graph\":[{\"@type\":\"WebPage\",\"@id\":\"https:\/\/demoweb.info\/sexshop001\/producto\/huevo-vibrador-inalambrico-punto-g-grande-rojo\/\",\"url\":\"https:\/\/demoweb.info\/sexshop001\/producto\/huevo-vibrador-inalambrico-punto-g-grande-rojo\/\",\"name\":\"HUEVO VIBRADOR INAL\u00c1MBRICO PUNTO G - GRANDE - ROJO - Tienda Er\u00f3tica\",\"isPartOf\":{\"@id\":\"https:\/\/demoweb.info\/sexshop001\/#website\"},\"datePublished\":\"2022-01-22T10:38:44+00:00\",\"dateModified\":\"2022-01-22T10:38:54+00:00\",\"breadcrumb\":{\"@id\":\"https:\/\/demoweb.info\/sexshop001\/producto\/huevo-vibrador-inalambrico-punto-g-grande-rojo\/#breadcrumb\"},\"inLanguage\":\"es\",\"potentialAction\":[{\"@type\":\"ReadAction\",\"target\":[\"https:\/\/demoweb.info\/sexshop001\/producto\/huevo-vibrador-inalambrico-punto-g-grande-rojo\/\"]}]},{\"@type\":\"BreadcrumbList\",\"@id\":\"https:\/\/demoweb.info\/sexshop001\/producto\/huevo-vibrador-inalambrico-punto-g-grande-rojo\/#breadcrumb\",\"itemListElement\":[{\"@type\":\"ListItem\",\"position\":1,\"name\":\"Portada\",\"item\":\"https:\/\/demoweb.info\/sexshop001\/\"},{\"@type\":\"ListItem\",\"position\":2,\"name\":\"Tienda\",\"item\":\"https:\/\/demoweb.info\/sexshop001\/tienda\/\"},{\"@type\":\"ListItem\",\"position\":3,\"name\":\"HUEVO VIBRADOR INAL\u00c1MBRICO PUNTO G &#8211; GRANDE &#8211; ROJO\"}]},{\"@type\":\"WebSite\",\"@id\":\"https:\/\/demoweb.info\/sexshop001\/#website\",\"url\":\"https:\/\/demoweb.info\/sexshop001\/\",\"name\":\"Tienda Er\u00f3tica\",\"description\":\"DEMOWEB SL\",\"potentialAction\":[{\"@type\":\"SearchAction\",\"target\":{\"@type\":\"EntryPoint\",\"urlTemplate\":\"https:\/\/demoweb.info\/sexshop001\/?s={search_term_string}\"},\"query-input\":\"required name=search_term_string\"}],\"inLanguage\":\"es\"}]}<\/script>\n<!-- \/ Yoast SEO plugin. -->","yoast_head_json":{"title":"HUEVO VIBRADOR INAL\u00c1MBRICO PUNTO G - GRANDE - ROJO - Tienda Er\u00f3tica","robots":{"index":"noindex","follow":"follow","max-snippet":"max-snippet:-1","max-image-preview":"max-image-preview:large","max-video-preview":"max-video-preview:-1"},"og_locale":"es_ES","og_type":"article","og_title":"HUEVO VIBRADOR INAL\u00c1MBRICO PUNTO G - GRANDE - ROJO - Tienda Er\u00f3tica","og_description":"WIRELESS VIBRATING G-SPOT EGG &#8211; BIG Este gran huevo de punto G inal\u00e1mbrico tiene 10 configuraciones diferentes y muy emocionantes,","og_url":"https:\/\/demoweb.info\/sexshop001\/producto\/huevo-vibrador-inalambrico-punto-g-grande-rojo\/","og_site_name":"Tienda Er\u00f3tica","article_modified_time":"2022-01-22T10:38:54+00:00","og_image":[{"width":550,"height":550,"url":"https:\/\/demoweb.info\/sexshop001\/wp-content\/uploads\/2022\/01\/HUEVO-VIBRADOR-INALAMBRICO-PUNTO-G-GRANDE-ROJO.jpg","type":"image\/jpeg"}],"twitter_card":"summary_large_image","twitter_misc":{"Tiempo de lectura":"1 minuto"},"schema":{"@context":"https:\/\/schema.org","@graph":[{"@type":"WebPage","@id":"https:\/\/demoweb.info\/sexshop001\/producto\/huevo-vibrador-inalambrico-punto-g-grande-rojo\/","url":"https:\/\/demoweb.info\/sexshop001\/producto\/huevo-vibrador-inalambrico-punto-g-grande-rojo\/","name":"HUEVO VIBRADOR INAL\u00c1MBRICO PUNTO G - GRANDE - ROJO - Tienda Er\u00f3tica","isPartOf":{"@id":"https:\/\/demoweb.info\/sexshop001\/#website"},"datePublished":"2022-01-22T10:38:44+00:00","dateModified":"2022-01-22T10:38:54+00:00","breadcrumb":{"@id":"https:\/\/demoweb.info\/sexshop001\/producto\/huevo-vibrador-inalambrico-punto-g-grande-rojo\/#breadcrumb"},"inLanguage":"es","potentialAction":[{"@type":"ReadAction","target":["https:\/\/demoweb.info\/sexshop001\/producto\/huevo-vibrador-inalambrico-punto-g-grande-rojo\/"]}]},{"@type":"BreadcrumbList","@id":"https:\/\/demoweb.info\/sexshop001\/producto\/huevo-vibrador-inalambrico-punto-g-grande-rojo\/#breadcrumb","itemListElement":[{"@type":"ListItem","position":1,"name":"Portada","item":"https:\/\/demoweb.info\/sexshop001\/"},{"@type":"ListItem","position":2,"name":"Tienda","item":"https:\/\/demoweb.info\/sexshop001\/tienda\/"},{"@type":"ListItem","position":3,"name":"HUEVO VIBRADOR INAL\u00c1MBRICO PUNTO G &#8211; GRANDE &#8211; ROJO"}]},{"@type":"WebSite","@id":"https:\/\/demoweb.info\/sexshop001\/#website","url":"https:\/\/demoweb.info\/sexshop001\/","name":"Tienda Er\u00f3tica","description":"DEMOWEB SL","potentialAction":[{"@type":"SearchAction","target":{"@type":"EntryPoint","urlTemplate":"https:\/\/demoweb.info\/sexshop001\/?s={search_term_string}"},"query-input":"required name=search_term_string"}],"inLanguage":"es"}]}},"_links":{"self":[{"href":"https:\/\/demoweb.info\/sexshop001\/wp-json\/wp\/v3\/product\/24025","targetHints":{"allow":["GET"]}}],"collection":[{"href":"https:\/\/demoweb.info\/sexshop001\/wp-json\/wp\/v3\/product"}],"about":[{"href":"https:\/\/demoweb.info\/sexshop001\/wp-json\/wp\/v2\/types\/product"}],"replies":[{"embeddable":true,"href":"https:\/\/demoweb.info\/sexshop001\/wp-json\/wp\/v2\/comments?post=24025"}],"wp:featuredmedia":[{"embeddable":true,"href":"https:\/\/demoweb.info\/sexshop001\/wp-json\/wp\/v2\/media\/24026"}],"wp:attachment":[{"href":"https:\/\/demoweb.info\/sexshop001\/wp-json\/wp\/v2\/media?parent=24025"}],"wp:term":[{"taxonomy":"product_cat","embeddable":true,"href":"https:\/\/demoweb.info\/sexshop001\/wp-json\/wp\/v2\/product_cat?post=24025"},{"taxonomy":"product_tag","embeddable":true,"href":"https:\/\/demoweb.info\/sexshop001\/wp-json\/wp\/v2\/product_tag?post=24025"}],"curies":[{"name":"wp","href":"https:\/\/api.w.org\/{rel}","templated":true}]}}