{"id":22851,"date":"2022-01-22T11:28:56","date_gmt":"2022-01-22T10:28:56","guid":{"rendered":"https:\/\/demoweb.info\/sexshop001\/producto\/lelo-mia-2-vibrador-rosa-intenso\/"},"modified":"2022-01-22T11:29:20","modified_gmt":"2022-01-22T10:29:20","slug":"lelo-mia-2-vibrador-rosa-intenso","status":"publish","type":"product","link":"https:\/\/demoweb.info\/sexshop001\/producto\/lelo-mia-2-vibrador-rosa-intenso\/","title":{"rendered":"LELO MIA 2 VIBRADOR ROSA INTENSO"},"content":{"rendered":"<p><strong>LELO MIA 2 VIBRATOR DEEP ROSE<\/strong><\/p>\n<p><strong>MIA 2<\/strong> es el m\u00e1s deseable compa\u00f1ero de viaje: un objeto elegante y sencillo, siempre dispuesto a complacerte sin previo aviso.<\/p>\n<p>Peque\u00f1o, ligero, con su aspecto de atractivo pintalabios, <strong>MIA 2<\/strong> es un discreto y moderno vibrador para llevar siempre contigo y del cual disfrutar en cualquier momento.<\/p>\n<p>Y como es habitual cuando se trata de <strong>LELO<\/strong>, forma y funcionamiento se al\u00edan para permitir un control m\u00e1ximo en sus cuatro diferentes modos de estimulaci\u00f3n.<\/p>\n<p>Adem\u00e1s, para una mayor comodidad, <strong>MIA 2<\/strong> puede recargarse conect\u00e1ndolo a un puerto <strong>USB<\/strong>. \u00danico en su especie, <strong>MIA 2<\/strong> es el regalo perfecto para quienes se inician en el uso de vibradores a solas o en pareja, pero tambi\u00e9n para aquellas personas que se deleitan respondiendo a un impulso repentino en el momento y el lugar que consideren oportunos.<\/p>\n<p>Como ocurre con todos los objetos de placer <strong>LELO<\/strong>, <strong>MIA 2<\/strong> est\u00e1 dise\u00f1ado para proporcionar un intenso gozo f\u00edsico y una absoluta paz espiritual en cualquier situaci\u00f3n y bajo cualquier circunstancia.<\/p>\n<p>Fabricado con pl\u00e1stico ABS\/silicona aprobados por la FDA y libres de ftalato, <strong>MIA 2<\/strong> proporciona 1.5 horas de vibraciones pr\u00e1cticamente silenciosas tras un tiempo de carga de apenas 1 hora.<\/p>\n<p>La velocidad y la intensidad se regulan f\u00e1cilmente mediante un intuitivo interfaz de control, y ambas funciones pueden bloquearse completamente para garantizar un discreto transporte del objeto en todo momento.<\/p>\n<p>Asimismo, M<strong>I<\/strong>A 2 se presenta en una elegante caja de regalo que contiene una lujosa bolsita de sat\u00e9n para guardarlo, el manual de usuario y la garant\u00eda completa <strong>LELO<\/strong> de 1 a\u00f1o.<\/p>\n<p>Ahora el nuevo <strong>MIA 2<\/strong> incluye nuevas mejoras respecto a la versi\u00f3n anterior:<\/p>\n<ul>\n<li>El doble de potencia en cada uno de sus 6 patrones de vibraci\u00f3n. Sus motores han sido mejorados para llevar tu placer al l\u00edmite.<\/li>\n<li>Ahora totalmente sumergible para un uso m\u00e1s vers\u00e1til.<\/li>\n<li>Recargable, silencioso y listo para viajar. Te asegura 1,5 horas de placer continuo.<\/li>\n<li>Sin cables<\/li>\n<\/ul>\n<p>Medidas : 22 x 111 mm.<\/p>\n","protected":false},"excerpt":{"rendered":"<p>LELO MIA 2 VIBRATOR DEEP ROSE MIA 2 es el m\u00e1s deseable compa\u00f1ero de viaje: un objeto elegante y sencillo,<\/p>\n","protected":false},"featured_media":22852,"comment_status":"open","ping_status":"open","template":"","meta":[],"product_cat":[313],"product_tag":[406],"class_list":["post-22851","product","type-product","status-publish","has-post-thumbnail","hentry","product_cat-balas-y-huevos","product_tag-lelo"],"bundled_by":[],"bundle_stock_status":"instock","bundle_stock_quantity":1,"bundle_virtual":false,"bundle_layout":"","bundle_add_to_cart_form_location":"","bundle_editable_in_cart":false,"bundle_sold_individually_context":"","bundle_item_grouping":"","bundle_min_size":"","bundle_max_size":"","bundled_items":[],"yoast_head":"<!-- This site is optimized with the Yoast SEO plugin v20.6 - https:\/\/yoast.com\/wordpress\/plugins\/seo\/ -->\n<title>LELO MIA 2 VIBRADOR ROSA INTENSO - Tienda Er\u00f3tica<\/title>\n<meta name=\"robots\" content=\"noindex, follow, max-snippet:-1, max-image-preview:large, max-video-preview:-1\" \/>\n<meta property=\"og:locale\" content=\"es_ES\" \/>\n<meta property=\"og:type\" content=\"article\" \/>\n<meta property=\"og:title\" content=\"LELO MIA 2 VIBRADOR ROSA INTENSO - Tienda Er\u00f3tica\" \/>\n<meta property=\"og:description\" content=\"LELO MIA 2 VIBRATOR DEEP ROSE MIA 2 es el m\u00e1s deseable compa\u00f1ero de viaje: un objeto elegante y sencillo,\" \/>\n<meta property=\"og:url\" content=\"https:\/\/demoweb.info\/sexshop001\/producto\/lelo-mia-2-vibrador-rosa-intenso\/\" \/>\n<meta property=\"og:site_name\" content=\"Tienda Er\u00f3tica\" \/>\n<meta property=\"article:modified_time\" content=\"2022-01-22T10:29:20+00:00\" \/>\n<meta property=\"og:image\" content=\"https:\/\/demoweb.info\/sexshop001\/wp-content\/uploads\/2022\/01\/LELO-MIA-2-VIBRADOR-ROSA-INTENSO.jpg\" \/>\n\t<meta property=\"og:image:width\" content=\"550\" \/>\n\t<meta property=\"og:image:height\" content=\"550\" \/>\n\t<meta property=\"og:image:type\" content=\"image\/jpeg\" \/>\n<meta name=\"twitter:card\" content=\"summary_large_image\" \/>\n<meta name=\"twitter:label1\" content=\"Tiempo de lectura\" \/>\n\t<meta name=\"twitter:data1\" content=\"2 minutos\" \/>\n<script type=\"application\/ld+json\" class=\"yoast-schema-graph\">{\"@context\":\"https:\/\/schema.org\",\"@graph\":[{\"@type\":\"WebPage\",\"@id\":\"https:\/\/demoweb.info\/sexshop001\/producto\/lelo-mia-2-vibrador-rosa-intenso\/\",\"url\":\"https:\/\/demoweb.info\/sexshop001\/producto\/lelo-mia-2-vibrador-rosa-intenso\/\",\"name\":\"LELO MIA 2 VIBRADOR ROSA INTENSO - Tienda Er\u00f3tica\",\"isPartOf\":{\"@id\":\"https:\/\/demoweb.info\/sexshop001\/#website\"},\"datePublished\":\"2022-01-22T10:28:56+00:00\",\"dateModified\":\"2022-01-22T10:29:20+00:00\",\"breadcrumb\":{\"@id\":\"https:\/\/demoweb.info\/sexshop001\/producto\/lelo-mia-2-vibrador-rosa-intenso\/#breadcrumb\"},\"inLanguage\":\"es\",\"potentialAction\":[{\"@type\":\"ReadAction\",\"target\":[\"https:\/\/demoweb.info\/sexshop001\/producto\/lelo-mia-2-vibrador-rosa-intenso\/\"]}]},{\"@type\":\"BreadcrumbList\",\"@id\":\"https:\/\/demoweb.info\/sexshop001\/producto\/lelo-mia-2-vibrador-rosa-intenso\/#breadcrumb\",\"itemListElement\":[{\"@type\":\"ListItem\",\"position\":1,\"name\":\"Portada\",\"item\":\"https:\/\/demoweb.info\/sexshop001\/\"},{\"@type\":\"ListItem\",\"position\":2,\"name\":\"Tienda\",\"item\":\"https:\/\/demoweb.info\/sexshop001\/tienda\/\"},{\"@type\":\"ListItem\",\"position\":3,\"name\":\"LELO MIA 2 VIBRADOR ROSA INTENSO\"}]},{\"@type\":\"WebSite\",\"@id\":\"https:\/\/demoweb.info\/sexshop001\/#website\",\"url\":\"https:\/\/demoweb.info\/sexshop001\/\",\"name\":\"Tienda Er\u00f3tica\",\"description\":\"DEMOWEB SL\",\"potentialAction\":[{\"@type\":\"SearchAction\",\"target\":{\"@type\":\"EntryPoint\",\"urlTemplate\":\"https:\/\/demoweb.info\/sexshop001\/?s={search_term_string}\"},\"query-input\":\"required name=search_term_string\"}],\"inLanguage\":\"es\"}]}<\/script>\n<!-- \/ Yoast SEO plugin. -->","yoast_head_json":{"title":"LELO MIA 2 VIBRADOR ROSA INTENSO - Tienda Er\u00f3tica","robots":{"index":"noindex","follow":"follow","max-snippet":"max-snippet:-1","max-image-preview":"max-image-preview:large","max-video-preview":"max-video-preview:-1"},"og_locale":"es_ES","og_type":"article","og_title":"LELO MIA 2 VIBRADOR ROSA INTENSO - Tienda Er\u00f3tica","og_description":"LELO MIA 2 VIBRATOR DEEP ROSE MIA 2 es el m\u00e1s deseable compa\u00f1ero de viaje: un objeto elegante y sencillo,","og_url":"https:\/\/demoweb.info\/sexshop001\/producto\/lelo-mia-2-vibrador-rosa-intenso\/","og_site_name":"Tienda Er\u00f3tica","article_modified_time":"2022-01-22T10:29:20+00:00","og_image":[{"width":550,"height":550,"url":"https:\/\/demoweb.info\/sexshop001\/wp-content\/uploads\/2022\/01\/LELO-MIA-2-VIBRADOR-ROSA-INTENSO.jpg","type":"image\/jpeg"}],"twitter_card":"summary_large_image","twitter_misc":{"Tiempo de lectura":"2 minutos"},"schema":{"@context":"https:\/\/schema.org","@graph":[{"@type":"WebPage","@id":"https:\/\/demoweb.info\/sexshop001\/producto\/lelo-mia-2-vibrador-rosa-intenso\/","url":"https:\/\/demoweb.info\/sexshop001\/producto\/lelo-mia-2-vibrador-rosa-intenso\/","name":"LELO MIA 2 VIBRADOR ROSA INTENSO - Tienda Er\u00f3tica","isPartOf":{"@id":"https:\/\/demoweb.info\/sexshop001\/#website"},"datePublished":"2022-01-22T10:28:56+00:00","dateModified":"2022-01-22T10:29:20+00:00","breadcrumb":{"@id":"https:\/\/demoweb.info\/sexshop001\/producto\/lelo-mia-2-vibrador-rosa-intenso\/#breadcrumb"},"inLanguage":"es","potentialAction":[{"@type":"ReadAction","target":["https:\/\/demoweb.info\/sexshop001\/producto\/lelo-mia-2-vibrador-rosa-intenso\/"]}]},{"@type":"BreadcrumbList","@id":"https:\/\/demoweb.info\/sexshop001\/producto\/lelo-mia-2-vibrador-rosa-intenso\/#breadcrumb","itemListElement":[{"@type":"ListItem","position":1,"name":"Portada","item":"https:\/\/demoweb.info\/sexshop001\/"},{"@type":"ListItem","position":2,"name":"Tienda","item":"https:\/\/demoweb.info\/sexshop001\/tienda\/"},{"@type":"ListItem","position":3,"name":"LELO MIA 2 VIBRADOR ROSA INTENSO"}]},{"@type":"WebSite","@id":"https:\/\/demoweb.info\/sexshop001\/#website","url":"https:\/\/demoweb.info\/sexshop001\/","name":"Tienda Er\u00f3tica","description":"DEMOWEB SL","potentialAction":[{"@type":"SearchAction","target":{"@type":"EntryPoint","urlTemplate":"https:\/\/demoweb.info\/sexshop001\/?s={search_term_string}"},"query-input":"required name=search_term_string"}],"inLanguage":"es"}]}},"_links":{"self":[{"href":"https:\/\/demoweb.info\/sexshop001\/wp-json\/wp\/v3\/product\/22851","targetHints":{"allow":["GET"]}}],"collection":[{"href":"https:\/\/demoweb.info\/sexshop001\/wp-json\/wp\/v3\/product"}],"about":[{"href":"https:\/\/demoweb.info\/sexshop001\/wp-json\/wp\/v2\/types\/product"}],"replies":[{"embeddable":true,"href":"https:\/\/demoweb.info\/sexshop001\/wp-json\/wp\/v2\/comments?post=22851"}],"wp:featuredmedia":[{"embeddable":true,"href":"https:\/\/demoweb.info\/sexshop001\/wp-json\/wp\/v2\/media\/22852"}],"wp:attachment":[{"href":"https:\/\/demoweb.info\/sexshop001\/wp-json\/wp\/v2\/media?parent=22851"}],"wp:term":[{"taxonomy":"product_cat","embeddable":true,"href":"https:\/\/demoweb.info\/sexshop001\/wp-json\/wp\/v2\/product_cat?post=22851"},{"taxonomy":"product_tag","embeddable":true,"href":"https:\/\/demoweb.info\/sexshop001\/wp-json\/wp\/v2\/product_tag?post=22851"}],"curies":[{"name":"wp","href":"https:\/\/api.w.org\/{rel}","templated":true}]}}