{"id":22580,"date":"2022-01-22T11:26:23","date_gmt":"2022-01-22T10:26:23","guid":{"rendered":"https:\/\/demoweb.info\/sexshop001\/producto\/10x-come-hither-g-focus-vibrador-de-silicona-morado\/"},"modified":"2022-01-22T11:26:58","modified_gmt":"2022-01-22T10:26:58","slug":"10x-come-hither-g-focus-vibrador-de-silicona-morado","status":"publish","type":"product","link":"https:\/\/demoweb.info\/sexshop001\/producto\/10x-come-hither-g-focus-vibrador-de-silicona-morado\/","title":{"rendered":"10X COME HITHER G-FOCUS VIBRADOR DE SILICONA &#8211; MORADO"},"content":{"rendered":"<p><strong>10X COME HITHER G-FOCUS SILICONE VIBRATOR<\/strong><\/p>\n<p>\u00a1Experimente la felicidad del punto G con este combo especializado de vibrador y estimulador de cl\u00edtoris! Dise\u00f1ado espec\u00edficamente para estimular el punto G con su movimiento de ven aqu\u00ed, este eje sedoso te complacer\u00e1 por dentro y por fuera con su eje ondulante y su vibrante estimulador del cl\u00edtoris.<\/p>\n<p>Equipado con 3 movimientos de ven aqu\u00ed y 10 patrones de vibraci\u00f3n, \u00a1elige la combinaci\u00f3n perfecta que se adapte a tu estado de \u00e1nimo y estilo de juego! Los motores duales en el eje y el estimulador del cl\u00edtoris se pueden controlar individualmente para un placer personalizado. \u00bfPrefieres un zumbido fuerte en el eje pero tienes un cl\u00edtoris sensible? \u00a1Utilice la configuraci\u00f3n de baja potencia en el estimulador del cl\u00edtoris y aumente la vibraci\u00f3n en el eje para satisfacer sus necesidades!<\/p>\n<p>La impermeabilizaci\u00f3n IPX7 le permite usar este delicioso ambiente en la ducha para divertirse con el punto G humeante, \u00a1y tambi\u00e9n hace que la limpieza sea muy f\u00e1cil! Compatible con lubricantes a base de agua, pero evite su uso con lubricantes a base de silicona.<\/p>\n<p>Hecho con silicona s\u00faper sedosa y sin ftalatos para un juguete de primera calidad seguro para el cuerpo que te mereces Recargable mediante el cable de carga USB incluido.<\/p>\n<p>Caracter\u00edsticas:<\/p>\n<ul>\n<li>Dimensiones del producto: 20,9 x 3,7 x 6,8 cm<\/li>\n<li>Peso del producto:  217 gr<\/li>\n<li>Longitud insertable:   12,1 cm<\/li>\n<li>Recargable:   S\u00ed<\/li>\n<li>Tiempo de recarga:   180 min<\/li>\n<li>Vida de la recarga de las bater\u00edas:   60 min<\/li>\n<li>Resistente al agua<\/li>\n<li>Materiales:   Silicona, ABS Pl\u00e1stico<\/li>\n<\/ul>\n","protected":false},"excerpt":{"rendered":"<p>10X COME HITHER G-FOCUS SILICONE VIBRATOR \u00a1Experimente la felicidad del punto G con este combo especializado de vibrador y estimulador<\/p>\n","protected":false},"featured_media":22581,"comment_status":"open","ping_status":"open","template":"","meta":[],"product_cat":[434],"product_tag":[491,274],"class_list":["post-22580","product","type-product","status-publish","has-post-thumbnail","hentry","product_cat-doble-estimulacion-vibradores-juguetes-xxx","product_tag-inmi","product_tag-xr-brands"],"bundled_by":[],"bundle_stock_status":"instock","bundle_stock_quantity":1,"bundle_virtual":false,"bundle_layout":"","bundle_add_to_cart_form_location":"","bundle_editable_in_cart":false,"bundle_sold_individually_context":"","bundle_item_grouping":"","bundle_min_size":"","bundle_max_size":"","bundled_items":[],"yoast_head":"<!-- This site is optimized with the Yoast SEO plugin v20.6 - https:\/\/yoast.com\/wordpress\/plugins\/seo\/ -->\n<title>10X COME HITHER G-FOCUS VIBRADOR DE SILICONA - MORADO - Tienda Er\u00f3tica<\/title>\n<meta name=\"robots\" content=\"noindex, follow, max-snippet:-1, max-image-preview:large, max-video-preview:-1\" \/>\n<meta property=\"og:locale\" content=\"es_ES\" \/>\n<meta property=\"og:type\" content=\"article\" \/>\n<meta property=\"og:title\" content=\"10X COME HITHER G-FOCUS VIBRADOR DE SILICONA - MORADO - Tienda Er\u00f3tica\" \/>\n<meta property=\"og:description\" content=\"10X COME HITHER G-FOCUS SILICONE VIBRATOR \u00a1Experimente la felicidad del punto G con este combo especializado de vibrador y estimulador\" \/>\n<meta property=\"og:url\" content=\"https:\/\/demoweb.info\/sexshop001\/producto\/10x-come-hither-g-focus-vibrador-de-silicona-morado\/\" \/>\n<meta property=\"og:site_name\" content=\"Tienda Er\u00f3tica\" \/>\n<meta property=\"article:modified_time\" content=\"2022-01-22T10:26:58+00:00\" \/>\n<meta property=\"og:image\" content=\"https:\/\/demoweb.info\/sexshop001\/wp-content\/uploads\/2022\/01\/10X-COME-HITHER-G-FOCUS-VIBRADOR-DE-SILICONA-MORADO.jpg\" \/>\n\t<meta property=\"og:image:width\" content=\"550\" \/>\n\t<meta property=\"og:image:height\" content=\"550\" \/>\n\t<meta property=\"og:image:type\" content=\"image\/jpeg\" \/>\n<meta name=\"twitter:card\" content=\"summary_large_image\" \/>\n<meta name=\"twitter:label1\" content=\"Tiempo de lectura\" \/>\n\t<meta name=\"twitter:data1\" content=\"1 minuto\" \/>\n<script type=\"application\/ld+json\" class=\"yoast-schema-graph\">{\"@context\":\"https:\/\/schema.org\",\"@graph\":[{\"@type\":\"WebPage\",\"@id\":\"https:\/\/demoweb.info\/sexshop001\/producto\/10x-come-hither-g-focus-vibrador-de-silicona-morado\/\",\"url\":\"https:\/\/demoweb.info\/sexshop001\/producto\/10x-come-hither-g-focus-vibrador-de-silicona-morado\/\",\"name\":\"10X COME HITHER G-FOCUS VIBRADOR DE SILICONA - MORADO - Tienda Er\u00f3tica\",\"isPartOf\":{\"@id\":\"https:\/\/demoweb.info\/sexshop001\/#website\"},\"datePublished\":\"2022-01-22T10:26:23+00:00\",\"dateModified\":\"2022-01-22T10:26:58+00:00\",\"breadcrumb\":{\"@id\":\"https:\/\/demoweb.info\/sexshop001\/producto\/10x-come-hither-g-focus-vibrador-de-silicona-morado\/#breadcrumb\"},\"inLanguage\":\"es\",\"potentialAction\":[{\"@type\":\"ReadAction\",\"target\":[\"https:\/\/demoweb.info\/sexshop001\/producto\/10x-come-hither-g-focus-vibrador-de-silicona-morado\/\"]}]},{\"@type\":\"BreadcrumbList\",\"@id\":\"https:\/\/demoweb.info\/sexshop001\/producto\/10x-come-hither-g-focus-vibrador-de-silicona-morado\/#breadcrumb\",\"itemListElement\":[{\"@type\":\"ListItem\",\"position\":1,\"name\":\"Portada\",\"item\":\"https:\/\/demoweb.info\/sexshop001\/\"},{\"@type\":\"ListItem\",\"position\":2,\"name\":\"Tienda\",\"item\":\"https:\/\/demoweb.info\/sexshop001\/tienda\/\"},{\"@type\":\"ListItem\",\"position\":3,\"name\":\"10X COME HITHER G-FOCUS VIBRADOR DE SILICONA &#8211; MORADO\"}]},{\"@type\":\"WebSite\",\"@id\":\"https:\/\/demoweb.info\/sexshop001\/#website\",\"url\":\"https:\/\/demoweb.info\/sexshop001\/\",\"name\":\"Tienda Er\u00f3tica\",\"description\":\"DEMOWEB SL\",\"potentialAction\":[{\"@type\":\"SearchAction\",\"target\":{\"@type\":\"EntryPoint\",\"urlTemplate\":\"https:\/\/demoweb.info\/sexshop001\/?s={search_term_string}\"},\"query-input\":\"required name=search_term_string\"}],\"inLanguage\":\"es\"}]}<\/script>\n<!-- \/ Yoast SEO plugin. -->","yoast_head_json":{"title":"10X COME HITHER G-FOCUS VIBRADOR DE SILICONA - MORADO - Tienda Er\u00f3tica","robots":{"index":"noindex","follow":"follow","max-snippet":"max-snippet:-1","max-image-preview":"max-image-preview:large","max-video-preview":"max-video-preview:-1"},"og_locale":"es_ES","og_type":"article","og_title":"10X COME HITHER G-FOCUS VIBRADOR DE SILICONA - MORADO - Tienda Er\u00f3tica","og_description":"10X COME HITHER G-FOCUS SILICONE VIBRATOR \u00a1Experimente la felicidad del punto G con este combo especializado de vibrador y estimulador","og_url":"https:\/\/demoweb.info\/sexshop001\/producto\/10x-come-hither-g-focus-vibrador-de-silicona-morado\/","og_site_name":"Tienda Er\u00f3tica","article_modified_time":"2022-01-22T10:26:58+00:00","og_image":[{"width":550,"height":550,"url":"https:\/\/demoweb.info\/sexshop001\/wp-content\/uploads\/2022\/01\/10X-COME-HITHER-G-FOCUS-VIBRADOR-DE-SILICONA-MORADO.jpg","type":"image\/jpeg"}],"twitter_card":"summary_large_image","twitter_misc":{"Tiempo de lectura":"1 minuto"},"schema":{"@context":"https:\/\/schema.org","@graph":[{"@type":"WebPage","@id":"https:\/\/demoweb.info\/sexshop001\/producto\/10x-come-hither-g-focus-vibrador-de-silicona-morado\/","url":"https:\/\/demoweb.info\/sexshop001\/producto\/10x-come-hither-g-focus-vibrador-de-silicona-morado\/","name":"10X COME HITHER G-FOCUS VIBRADOR DE SILICONA - MORADO - Tienda Er\u00f3tica","isPartOf":{"@id":"https:\/\/demoweb.info\/sexshop001\/#website"},"datePublished":"2022-01-22T10:26:23+00:00","dateModified":"2022-01-22T10:26:58+00:00","breadcrumb":{"@id":"https:\/\/demoweb.info\/sexshop001\/producto\/10x-come-hither-g-focus-vibrador-de-silicona-morado\/#breadcrumb"},"inLanguage":"es","potentialAction":[{"@type":"ReadAction","target":["https:\/\/demoweb.info\/sexshop001\/producto\/10x-come-hither-g-focus-vibrador-de-silicona-morado\/"]}]},{"@type":"BreadcrumbList","@id":"https:\/\/demoweb.info\/sexshop001\/producto\/10x-come-hither-g-focus-vibrador-de-silicona-morado\/#breadcrumb","itemListElement":[{"@type":"ListItem","position":1,"name":"Portada","item":"https:\/\/demoweb.info\/sexshop001\/"},{"@type":"ListItem","position":2,"name":"Tienda","item":"https:\/\/demoweb.info\/sexshop001\/tienda\/"},{"@type":"ListItem","position":3,"name":"10X COME HITHER G-FOCUS VIBRADOR DE SILICONA &#8211; MORADO"}]},{"@type":"WebSite","@id":"https:\/\/demoweb.info\/sexshop001\/#website","url":"https:\/\/demoweb.info\/sexshop001\/","name":"Tienda Er\u00f3tica","description":"DEMOWEB SL","potentialAction":[{"@type":"SearchAction","target":{"@type":"EntryPoint","urlTemplate":"https:\/\/demoweb.info\/sexshop001\/?s={search_term_string}"},"query-input":"required name=search_term_string"}],"inLanguage":"es"}]}},"_links":{"self":[{"href":"https:\/\/demoweb.info\/sexshop001\/wp-json\/wp\/v3\/product\/22580","targetHints":{"allow":["GET"]}}],"collection":[{"href":"https:\/\/demoweb.info\/sexshop001\/wp-json\/wp\/v3\/product"}],"about":[{"href":"https:\/\/demoweb.info\/sexshop001\/wp-json\/wp\/v2\/types\/product"}],"replies":[{"embeddable":true,"href":"https:\/\/demoweb.info\/sexshop001\/wp-json\/wp\/v2\/comments?post=22580"}],"wp:featuredmedia":[{"embeddable":true,"href":"https:\/\/demoweb.info\/sexshop001\/wp-json\/wp\/v2\/media\/22581"}],"wp:attachment":[{"href":"https:\/\/demoweb.info\/sexshop001\/wp-json\/wp\/v2\/media?parent=22580"}],"wp:term":[{"taxonomy":"product_cat","embeddable":true,"href":"https:\/\/demoweb.info\/sexshop001\/wp-json\/wp\/v2\/product_cat?post=22580"},{"taxonomy":"product_tag","embeddable":true,"href":"https:\/\/demoweb.info\/sexshop001\/wp-json\/wp\/v2\/product_tag?post=22580"}],"curies":[{"name":"wp","href":"https:\/\/api.w.org\/{rel}","templated":true}]}}