{"id":22525,"date":"2022-01-22T11:26:23","date_gmt":"2022-01-22T10:26:23","guid":{"rendered":"https:\/\/demoweb.info\/sexshop001\/producto\/curve-power-motion-doble-estimulacion-morado\/"},"modified":"2022-01-22T11:26:30","modified_gmt":"2022-01-22T10:26:30","slug":"curve-power-motion-doble-estimulacion-morado","status":"publish","type":"product","link":"https:\/\/demoweb.info\/sexshop001\/producto\/curve-power-motion-doble-estimulacion-morado\/","title":{"rendered":"CURVE POWER MOTION DOBLE ESTIMULACI\u00d3N &#8211; MORADO"},"content":{"rendered":"<p><strong>G-SPOT STROKER <\/strong><\/p>\n<p>12 funciones de vibraci\u00f3n, 3 velocidades de movimiento, 2 potentes motores: todo se suma a una experiencia celestial happy rabbit\u00ae. Dise\u00f1ado con una punta moldeada que acaricia su punto G con un toque aterciopelado, este conejito est\u00e1 ansioso por brindar un \u00e9xtasis org\u00e1smico.<\/p>\n<p>Use el bot\u00f3n m\u00e1s peque\u00f1o para explorar las diferentes combinaciones de patrones y velocidades de vibraci\u00f3n en las orejas y el eje, y use el bot\u00f3n m\u00e1s grande para activar la funci\u00f3n de acariciar el punto G que induce al \u00e9xtasis. Hay 15 funciones en total para elegir, de modo que pueda personalizar su sesi\u00f3n de juego para obtener la m\u00e1xima satisfacci\u00f3n en todo momento.<\/p>\n<p>Comience a saltar de alegr\u00eda, porque su happy rabbit\u00ae es completamente impermeable para sesiones de placer bajo el agua, tiene un candado de viaje para su tranquilidad mientras viaja y se recarga a trav\u00e9s de USB para un disfrute ecol\u00f3gico donde quiera que viaje.<\/p>\n<p>happy rabbit\u00ae ama los lubricantes a base de agua. Exprima una generosa cantidad sobre el eje y las orejas para obtener la mejor bondad deslizante.<\/p>\n<p><strong>Caracter\u00edsticas:<\/strong><\/p>\n<ul>\n<li>Orejas 3 x velocidades de vibraci\u00f3n y 3 x patrones<\/li>\n<li>Eje 3 x velocidades de vibraci\u00f3n y 3 x velocidades de movimiento<\/li>\n<li>Orejas + eje 3 x velocidades<\/li>\n<li>Vibrador de conejo de silicona de lujo con punta que acaricia el punto G para un placer incre\u00edble<\/li>\n<li>El eje de llenado con punta pronunciada masajea el punto G, adem\u00e1s de orejas vibratorias externas para delicias combinadas<\/li>\n<li>Explore 15 funciones satisfactorias (12 configuraciones de vibraci\u00f3n, 3 velocidades de movimiento)<\/li>\n<li>USB recargable y resistente al agua con candado de viaje para viajes sin preocupaciones<\/li>\n<\/ul>\n<p><strong>Atributos:<\/strong><\/p>\n<ul>\n<li>Dimensiones del producto: 24,2 x 3,6 x 8,1 cm<\/li>\n<li>Peso del producto: 353,70 gr<\/li>\n<li>Longitud insertable: 14,0 cm<\/li>\n<li>Recargable: S\u00ed<\/li>\n<li>Tiempo de recarga:140 min<\/li>\n<li>Vida de la recarga de las bater\u00edas: 60 min<\/li>\n<li>Resistente al agua<\/li>\n<li>Libre de ftalato<\/li>\n<li>Materiales: Silicona<\/li>\n<\/ul>\n","protected":false},"excerpt":{"rendered":"<p>G-SPOT STROKER 12 funciones de vibraci\u00f3n, 3 velocidades de movimiento, 2 potentes motores: todo se suma a una experiencia celestial<\/p>\n","protected":false},"featured_media":22526,"comment_status":"open","ping_status":"open","template":"","meta":[],"product_cat":[434],"product_tag":[1037],"class_list":["post-22525","product","type-product","status-publish","has-post-thumbnail","hentry","product_cat-doble-estimulacion-vibradores-juguetes-xxx","product_tag-happy-rabbit"],"bundled_by":[],"bundle_stock_status":"instock","bundle_stock_quantity":1,"bundle_virtual":false,"bundle_layout":"","bundle_add_to_cart_form_location":"","bundle_editable_in_cart":false,"bundle_sold_individually_context":"","bundle_item_grouping":"","bundle_min_size":"","bundle_max_size":"","bundled_items":[],"yoast_head":"<!-- This site is optimized with the Yoast SEO plugin v20.6 - https:\/\/yoast.com\/wordpress\/plugins\/seo\/ -->\n<title>CURVE POWER MOTION DOBLE ESTIMULACI\u00d3N - MORADO - Tienda Er\u00f3tica<\/title>\n<meta name=\"robots\" content=\"noindex, follow, max-snippet:-1, max-image-preview:large, max-video-preview:-1\" \/>\n<meta property=\"og:locale\" content=\"es_ES\" \/>\n<meta property=\"og:type\" content=\"article\" \/>\n<meta property=\"og:title\" content=\"CURVE POWER MOTION DOBLE ESTIMULACI\u00d3N - MORADO - Tienda Er\u00f3tica\" \/>\n<meta property=\"og:description\" content=\"G-SPOT STROKER 12 funciones de vibraci\u00f3n, 3 velocidades de movimiento, 2 potentes motores: todo se suma a una experiencia celestial\" \/>\n<meta property=\"og:url\" content=\"https:\/\/demoweb.info\/sexshop001\/producto\/curve-power-motion-doble-estimulacion-morado\/\" \/>\n<meta property=\"og:site_name\" content=\"Tienda Er\u00f3tica\" \/>\n<meta property=\"article:modified_time\" content=\"2022-01-22T10:26:30+00:00\" \/>\n<meta property=\"og:image\" content=\"https:\/\/demoweb.info\/sexshop001\/wp-content\/uploads\/2022\/01\/CURVE-POWER-MOTION-DOBLE-ESTIMULACION-MORADO.jpg\" \/>\n\t<meta property=\"og:image:width\" content=\"550\" \/>\n\t<meta property=\"og:image:height\" content=\"550\" \/>\n\t<meta property=\"og:image:type\" content=\"image\/jpeg\" \/>\n<meta name=\"twitter:card\" content=\"summary_large_image\" \/>\n<meta name=\"twitter:label1\" content=\"Tiempo de lectura\" \/>\n\t<meta name=\"twitter:data1\" content=\"2 minutos\" \/>\n<script type=\"application\/ld+json\" class=\"yoast-schema-graph\">{\"@context\":\"https:\/\/schema.org\",\"@graph\":[{\"@type\":\"WebPage\",\"@id\":\"https:\/\/demoweb.info\/sexshop001\/producto\/curve-power-motion-doble-estimulacion-morado\/\",\"url\":\"https:\/\/demoweb.info\/sexshop001\/producto\/curve-power-motion-doble-estimulacion-morado\/\",\"name\":\"CURVE POWER MOTION DOBLE ESTIMULACI\u00d3N - MORADO - Tienda Er\u00f3tica\",\"isPartOf\":{\"@id\":\"https:\/\/demoweb.info\/sexshop001\/#website\"},\"datePublished\":\"2022-01-22T10:26:23+00:00\",\"dateModified\":\"2022-01-22T10:26:30+00:00\",\"breadcrumb\":{\"@id\":\"https:\/\/demoweb.info\/sexshop001\/producto\/curve-power-motion-doble-estimulacion-morado\/#breadcrumb\"},\"inLanguage\":\"es\",\"potentialAction\":[{\"@type\":\"ReadAction\",\"target\":[\"https:\/\/demoweb.info\/sexshop001\/producto\/curve-power-motion-doble-estimulacion-morado\/\"]}]},{\"@type\":\"BreadcrumbList\",\"@id\":\"https:\/\/demoweb.info\/sexshop001\/producto\/curve-power-motion-doble-estimulacion-morado\/#breadcrumb\",\"itemListElement\":[{\"@type\":\"ListItem\",\"position\":1,\"name\":\"Portada\",\"item\":\"https:\/\/demoweb.info\/sexshop001\/\"},{\"@type\":\"ListItem\",\"position\":2,\"name\":\"Tienda\",\"item\":\"https:\/\/demoweb.info\/sexshop001\/tienda\/\"},{\"@type\":\"ListItem\",\"position\":3,\"name\":\"CURVE POWER MOTION DOBLE ESTIMULACI\u00d3N &#8211; MORADO\"}]},{\"@type\":\"WebSite\",\"@id\":\"https:\/\/demoweb.info\/sexshop001\/#website\",\"url\":\"https:\/\/demoweb.info\/sexshop001\/\",\"name\":\"Tienda Er\u00f3tica\",\"description\":\"DEMOWEB SL\",\"potentialAction\":[{\"@type\":\"SearchAction\",\"target\":{\"@type\":\"EntryPoint\",\"urlTemplate\":\"https:\/\/demoweb.info\/sexshop001\/?s={search_term_string}\"},\"query-input\":\"required name=search_term_string\"}],\"inLanguage\":\"es\"}]}<\/script>\n<!-- \/ Yoast SEO plugin. -->","yoast_head_json":{"title":"CURVE POWER MOTION DOBLE ESTIMULACI\u00d3N - MORADO - Tienda Er\u00f3tica","robots":{"index":"noindex","follow":"follow","max-snippet":"max-snippet:-1","max-image-preview":"max-image-preview:large","max-video-preview":"max-video-preview:-1"},"og_locale":"es_ES","og_type":"article","og_title":"CURVE POWER MOTION DOBLE ESTIMULACI\u00d3N - MORADO - Tienda Er\u00f3tica","og_description":"G-SPOT STROKER 12 funciones de vibraci\u00f3n, 3 velocidades de movimiento, 2 potentes motores: todo se suma a una experiencia celestial","og_url":"https:\/\/demoweb.info\/sexshop001\/producto\/curve-power-motion-doble-estimulacion-morado\/","og_site_name":"Tienda Er\u00f3tica","article_modified_time":"2022-01-22T10:26:30+00:00","og_image":[{"width":550,"height":550,"url":"https:\/\/demoweb.info\/sexshop001\/wp-content\/uploads\/2022\/01\/CURVE-POWER-MOTION-DOBLE-ESTIMULACION-MORADO.jpg","type":"image\/jpeg"}],"twitter_card":"summary_large_image","twitter_misc":{"Tiempo de lectura":"2 minutos"},"schema":{"@context":"https:\/\/schema.org","@graph":[{"@type":"WebPage","@id":"https:\/\/demoweb.info\/sexshop001\/producto\/curve-power-motion-doble-estimulacion-morado\/","url":"https:\/\/demoweb.info\/sexshop001\/producto\/curve-power-motion-doble-estimulacion-morado\/","name":"CURVE POWER MOTION DOBLE ESTIMULACI\u00d3N - MORADO - Tienda Er\u00f3tica","isPartOf":{"@id":"https:\/\/demoweb.info\/sexshop001\/#website"},"datePublished":"2022-01-22T10:26:23+00:00","dateModified":"2022-01-22T10:26:30+00:00","breadcrumb":{"@id":"https:\/\/demoweb.info\/sexshop001\/producto\/curve-power-motion-doble-estimulacion-morado\/#breadcrumb"},"inLanguage":"es","potentialAction":[{"@type":"ReadAction","target":["https:\/\/demoweb.info\/sexshop001\/producto\/curve-power-motion-doble-estimulacion-morado\/"]}]},{"@type":"BreadcrumbList","@id":"https:\/\/demoweb.info\/sexshop001\/producto\/curve-power-motion-doble-estimulacion-morado\/#breadcrumb","itemListElement":[{"@type":"ListItem","position":1,"name":"Portada","item":"https:\/\/demoweb.info\/sexshop001\/"},{"@type":"ListItem","position":2,"name":"Tienda","item":"https:\/\/demoweb.info\/sexshop001\/tienda\/"},{"@type":"ListItem","position":3,"name":"CURVE POWER MOTION DOBLE ESTIMULACI\u00d3N &#8211; MORADO"}]},{"@type":"WebSite","@id":"https:\/\/demoweb.info\/sexshop001\/#website","url":"https:\/\/demoweb.info\/sexshop001\/","name":"Tienda Er\u00f3tica","description":"DEMOWEB SL","potentialAction":[{"@type":"SearchAction","target":{"@type":"EntryPoint","urlTemplate":"https:\/\/demoweb.info\/sexshop001\/?s={search_term_string}"},"query-input":"required name=search_term_string"}],"inLanguage":"es"}]}},"_links":{"self":[{"href":"https:\/\/demoweb.info\/sexshop001\/wp-json\/wp\/v3\/product\/22525","targetHints":{"allow":["GET"]}}],"collection":[{"href":"https:\/\/demoweb.info\/sexshop001\/wp-json\/wp\/v3\/product"}],"about":[{"href":"https:\/\/demoweb.info\/sexshop001\/wp-json\/wp\/v2\/types\/product"}],"replies":[{"embeddable":true,"href":"https:\/\/demoweb.info\/sexshop001\/wp-json\/wp\/v2\/comments?post=22525"}],"wp:featuredmedia":[{"embeddable":true,"href":"https:\/\/demoweb.info\/sexshop001\/wp-json\/wp\/v2\/media\/22526"}],"wp:attachment":[{"href":"https:\/\/demoweb.info\/sexshop001\/wp-json\/wp\/v2\/media?parent=22525"}],"wp:term":[{"taxonomy":"product_cat","embeddable":true,"href":"https:\/\/demoweb.info\/sexshop001\/wp-json\/wp\/v2\/product_cat?post=22525"},{"taxonomy":"product_tag","embeddable":true,"href":"https:\/\/demoweb.info\/sexshop001\/wp-json\/wp\/v2\/product_tag?post=22525"}],"curies":[{"name":"wp","href":"https:\/\/api.w.org\/{rel}","templated":true}]}}