{"id":22302,"date":"2022-01-22T11:24:27","date_gmt":"2022-01-22T10:24:27","guid":{"rendered":"https:\/\/demoweb.info\/sexshop001\/producto\/all-sensation-cadenas-con-pinzas-para-pezones-y-clitoris-oro\/"},"modified":"2022-01-22T11:24:34","modified_gmt":"2022-01-22T10:24:34","slug":"all-sensation-cadenas-con-pinzas-para-pezones-y-clitoris-oro","status":"publish","type":"product","link":"https:\/\/demoweb.info\/sexshop001\/producto\/all-sensation-cadenas-con-pinzas-para-pezones-y-clitoris-oro\/","title":{"rendered":"ALL SENSATION CADENAS CON PINZAS PARA PEZONES Y CL\u00cdTORIS &#8211; ORO"},"content":{"rendered":"<p><strong>ALL SENSATION NIPPLE &#038; CLITORAL CHAIN<\/strong><\/p>\n<p>La impresionante nueva colecci\u00f3n de placer oficial de Fifty Shades Freed presenta juguetes y kits de placer revolucionarios junto con juguetes para parejas con control remoto, hermosas piezas exclusivas ideales para regalar y una amplia variedad de vibradores de lujo.<\/p>\n<p><strong>Caracter\u00edsticas principales:<\/strong><\/p>\n<ul>\n<li>Fifty Shades Freed cadena ajustable para el cl\u00edtoris y el pez\u00f3n.<\/li>\n<li>El dise\u00f1o deslizante ofrece una presi\u00f3n variada y un ajuste personalizado.<\/li>\n<li>Las abrazaderas cuentan con un revestimiento de silicona para un pellizco intenso pero seguro.<\/li>\n<li>Las mini juntas t\u00f3ricas conectan cada cadena, lo que abre la oportunidad de accesorios de sujeci\u00f3n y peso adicionales.<\/li>\n<li>Es un regalo o una adici\u00f3n impresionante a una colecci\u00f3n de juguetes sexuales para siempre.<\/li>\n<li>Medidas: 70 x 0,9 cm<\/li>\n<\/ul>\n","protected":false},"excerpt":{"rendered":"<p>ALL SENSATION NIPPLE &#038; CLITORAL CHAIN La impresionante nueva colecci\u00f3n de placer oficial de Fifty Shades Freed presenta juguetes y<\/p>\n","protected":false},"featured_media":22303,"comment_status":"open","ping_status":"open","template":"","meta":[],"product_cat":[488],"product_tag":[858],"class_list":["post-22302","product","type-product","status-publish","has-post-thumbnail","hentry","product_cat-pezones","product_tag-fifty-shades"],"bundled_by":[],"bundle_stock_status":"outofstock","bundle_stock_quantity":0,"bundle_virtual":false,"bundle_layout":"","bundle_add_to_cart_form_location":"","bundle_editable_in_cart":false,"bundle_sold_individually_context":"","bundle_item_grouping":"","bundle_min_size":"","bundle_max_size":"","bundled_items":[],"yoast_head":"<!-- This site is optimized with the Yoast SEO plugin v20.6 - https:\/\/yoast.com\/wordpress\/plugins\/seo\/ -->\n<title>ALL SENSATION CADENAS CON PINZAS PARA PEZONES Y CL\u00cdTORIS - ORO - Tienda Er\u00f3tica<\/title>\n<meta name=\"robots\" content=\"noindex, follow, max-snippet:-1, max-image-preview:large, max-video-preview:-1\" \/>\n<meta property=\"og:locale\" content=\"es_ES\" \/>\n<meta property=\"og:type\" content=\"article\" \/>\n<meta property=\"og:title\" content=\"ALL SENSATION CADENAS CON PINZAS PARA PEZONES Y CL\u00cdTORIS - ORO - Tienda Er\u00f3tica\" \/>\n<meta property=\"og:description\" content=\"ALL SENSATION NIPPLE &#038; CLITORAL CHAIN La impresionante nueva colecci\u00f3n de placer oficial de Fifty Shades Freed presenta juguetes y\" \/>\n<meta property=\"og:url\" content=\"https:\/\/demoweb.info\/sexshop001\/producto\/all-sensation-cadenas-con-pinzas-para-pezones-y-clitoris-oro\/\" \/>\n<meta property=\"og:site_name\" content=\"Tienda Er\u00f3tica\" \/>\n<meta property=\"article:modified_time\" content=\"2022-01-22T10:24:34+00:00\" \/>\n<meta property=\"og:image\" content=\"https:\/\/demoweb.info\/sexshop001\/wp-content\/uploads\/2022\/01\/ALL-SENSATION-CADENAS-CON-PINZAS-PARA-PEZONES-Y-CLITORIS-ORO.jpg\" \/>\n\t<meta property=\"og:image:width\" content=\"550\" \/>\n\t<meta property=\"og:image:height\" content=\"550\" \/>\n\t<meta property=\"og:image:type\" content=\"image\/jpeg\" \/>\n<meta name=\"twitter:card\" content=\"summary_large_image\" \/>\n<meta name=\"twitter:label1\" content=\"Tiempo de lectura\" \/>\n\t<meta name=\"twitter:data1\" content=\"1 minuto\" \/>\n<script type=\"application\/ld+json\" class=\"yoast-schema-graph\">{\"@context\":\"https:\/\/schema.org\",\"@graph\":[{\"@type\":\"WebPage\",\"@id\":\"https:\/\/demoweb.info\/sexshop001\/producto\/all-sensation-cadenas-con-pinzas-para-pezones-y-clitoris-oro\/\",\"url\":\"https:\/\/demoweb.info\/sexshop001\/producto\/all-sensation-cadenas-con-pinzas-para-pezones-y-clitoris-oro\/\",\"name\":\"ALL SENSATION CADENAS CON PINZAS PARA PEZONES Y CL\u00cdTORIS - ORO - Tienda Er\u00f3tica\",\"isPartOf\":{\"@id\":\"https:\/\/demoweb.info\/sexshop001\/#website\"},\"datePublished\":\"2022-01-22T10:24:27+00:00\",\"dateModified\":\"2022-01-22T10:24:34+00:00\",\"breadcrumb\":{\"@id\":\"https:\/\/demoweb.info\/sexshop001\/producto\/all-sensation-cadenas-con-pinzas-para-pezones-y-clitoris-oro\/#breadcrumb\"},\"inLanguage\":\"es\",\"potentialAction\":[{\"@type\":\"ReadAction\",\"target\":[\"https:\/\/demoweb.info\/sexshop001\/producto\/all-sensation-cadenas-con-pinzas-para-pezones-y-clitoris-oro\/\"]}]},{\"@type\":\"BreadcrumbList\",\"@id\":\"https:\/\/demoweb.info\/sexshop001\/producto\/all-sensation-cadenas-con-pinzas-para-pezones-y-clitoris-oro\/#breadcrumb\",\"itemListElement\":[{\"@type\":\"ListItem\",\"position\":1,\"name\":\"Portada\",\"item\":\"https:\/\/demoweb.info\/sexshop001\/\"},{\"@type\":\"ListItem\",\"position\":2,\"name\":\"Tienda\",\"item\":\"https:\/\/demoweb.info\/sexshop001\/tienda\/\"},{\"@type\":\"ListItem\",\"position\":3,\"name\":\"ALL SENSATION CADENAS CON PINZAS PARA PEZONES Y CL\u00cdTORIS &#8211; ORO\"}]},{\"@type\":\"WebSite\",\"@id\":\"https:\/\/demoweb.info\/sexshop001\/#website\",\"url\":\"https:\/\/demoweb.info\/sexshop001\/\",\"name\":\"Tienda Er\u00f3tica\",\"description\":\"DEMOWEB SL\",\"potentialAction\":[{\"@type\":\"SearchAction\",\"target\":{\"@type\":\"EntryPoint\",\"urlTemplate\":\"https:\/\/demoweb.info\/sexshop001\/?s={search_term_string}\"},\"query-input\":\"required name=search_term_string\"}],\"inLanguage\":\"es\"}]}<\/script>\n<!-- \/ Yoast SEO plugin. -->","yoast_head_json":{"title":"ALL SENSATION CADENAS CON PINZAS PARA PEZONES Y CL\u00cdTORIS - ORO - Tienda Er\u00f3tica","robots":{"index":"noindex","follow":"follow","max-snippet":"max-snippet:-1","max-image-preview":"max-image-preview:large","max-video-preview":"max-video-preview:-1"},"og_locale":"es_ES","og_type":"article","og_title":"ALL SENSATION CADENAS CON PINZAS PARA PEZONES Y CL\u00cdTORIS - ORO - Tienda Er\u00f3tica","og_description":"ALL SENSATION NIPPLE &#038; CLITORAL CHAIN La impresionante nueva colecci\u00f3n de placer oficial de Fifty Shades Freed presenta juguetes y","og_url":"https:\/\/demoweb.info\/sexshop001\/producto\/all-sensation-cadenas-con-pinzas-para-pezones-y-clitoris-oro\/","og_site_name":"Tienda Er\u00f3tica","article_modified_time":"2022-01-22T10:24:34+00:00","og_image":[{"width":550,"height":550,"url":"https:\/\/demoweb.info\/sexshop001\/wp-content\/uploads\/2022\/01\/ALL-SENSATION-CADENAS-CON-PINZAS-PARA-PEZONES-Y-CLITORIS-ORO.jpg","type":"image\/jpeg"}],"twitter_card":"summary_large_image","twitter_misc":{"Tiempo de lectura":"1 minuto"},"schema":{"@context":"https:\/\/schema.org","@graph":[{"@type":"WebPage","@id":"https:\/\/demoweb.info\/sexshop001\/producto\/all-sensation-cadenas-con-pinzas-para-pezones-y-clitoris-oro\/","url":"https:\/\/demoweb.info\/sexshop001\/producto\/all-sensation-cadenas-con-pinzas-para-pezones-y-clitoris-oro\/","name":"ALL SENSATION CADENAS CON PINZAS PARA PEZONES Y CL\u00cdTORIS - ORO - Tienda Er\u00f3tica","isPartOf":{"@id":"https:\/\/demoweb.info\/sexshop001\/#website"},"datePublished":"2022-01-22T10:24:27+00:00","dateModified":"2022-01-22T10:24:34+00:00","breadcrumb":{"@id":"https:\/\/demoweb.info\/sexshop001\/producto\/all-sensation-cadenas-con-pinzas-para-pezones-y-clitoris-oro\/#breadcrumb"},"inLanguage":"es","potentialAction":[{"@type":"ReadAction","target":["https:\/\/demoweb.info\/sexshop001\/producto\/all-sensation-cadenas-con-pinzas-para-pezones-y-clitoris-oro\/"]}]},{"@type":"BreadcrumbList","@id":"https:\/\/demoweb.info\/sexshop001\/producto\/all-sensation-cadenas-con-pinzas-para-pezones-y-clitoris-oro\/#breadcrumb","itemListElement":[{"@type":"ListItem","position":1,"name":"Portada","item":"https:\/\/demoweb.info\/sexshop001\/"},{"@type":"ListItem","position":2,"name":"Tienda","item":"https:\/\/demoweb.info\/sexshop001\/tienda\/"},{"@type":"ListItem","position":3,"name":"ALL SENSATION CADENAS CON PINZAS PARA PEZONES Y CL\u00cdTORIS &#8211; ORO"}]},{"@type":"WebSite","@id":"https:\/\/demoweb.info\/sexshop001\/#website","url":"https:\/\/demoweb.info\/sexshop001\/","name":"Tienda Er\u00f3tica","description":"DEMOWEB SL","potentialAction":[{"@type":"SearchAction","target":{"@type":"EntryPoint","urlTemplate":"https:\/\/demoweb.info\/sexshop001\/?s={search_term_string}"},"query-input":"required name=search_term_string"}],"inLanguage":"es"}]}},"_links":{"self":[{"href":"https:\/\/demoweb.info\/sexshop001\/wp-json\/wp\/v3\/product\/22302","targetHints":{"allow":["GET"]}}],"collection":[{"href":"https:\/\/demoweb.info\/sexshop001\/wp-json\/wp\/v3\/product"}],"about":[{"href":"https:\/\/demoweb.info\/sexshop001\/wp-json\/wp\/v2\/types\/product"}],"replies":[{"embeddable":true,"href":"https:\/\/demoweb.info\/sexshop001\/wp-json\/wp\/v2\/comments?post=22302"}],"wp:featuredmedia":[{"embeddable":true,"href":"https:\/\/demoweb.info\/sexshop001\/wp-json\/wp\/v2\/media\/22303"}],"wp:attachment":[{"href":"https:\/\/demoweb.info\/sexshop001\/wp-json\/wp\/v2\/media?parent=22302"}],"wp:term":[{"taxonomy":"product_cat","embeddable":true,"href":"https:\/\/demoweb.info\/sexshop001\/wp-json\/wp\/v2\/product_cat?post=22302"},{"taxonomy":"product_tag","embeddable":true,"href":"https:\/\/demoweb.info\/sexshop001\/wp-json\/wp\/v2\/product_tag?post=22302"}],"curies":[{"name":"wp","href":"https:\/\/api.w.org\/{rel}","templated":true}]}}