{"id":22077,"date":"2022-01-22T11:22:39","date_gmt":"2022-01-22T10:22:39","guid":{"rendered":"https:\/\/demoweb.info\/sexshop001\/producto\/insatiable-desire-mini-vibrador-g-spot-negro\/"},"modified":"2022-01-22T11:22:39","modified_gmt":"2022-01-22T10:22:39","slug":"insatiable-desire-mini-vibrador-g-spot-negro","status":"publish","type":"product","link":"https:\/\/demoweb.info\/sexshop001\/producto\/insatiable-desire-mini-vibrador-g-spot-negro\/","title":{"rendered":"INSATIABLE DESIRE MINI VIBRADOR G-SPOT &#8211; NEGRO"},"content":{"rendered":"<p><strong>INSATIABLE DESIRE MINI G-SPOT VIBRATOR<\/strong><\/p>\n<p>Bienvenido a Fifty Shades of Grey, la colecci\u00f3n oficial Pleasure. Una hermosa colecci\u00f3n de lujosos juguetes de placer, suaves piezas de bondage y elementos \u00edntimos esenciales. La \u00fanica gama oficial, creada y aprobada por el autor E L James.<\/p>\n<p><strong>Caracter\u00edsticas principales:<\/strong><\/p>\n<ul>\n<li>Potente vibrador del punto G para una incre\u00edble estimulaci\u00f3n interna y externa.<\/li>\n<li>3 velocidades y 7 patrones de vibraci\u00f3n.<\/li>\n<li>100% resistente al agua.<\/li>\n<li>La elegante silicona es segura para la piel e hipoalerg\u00e9nica.<\/li>\n<li>Perfecto para parejas y principiantes.<\/li>\n<li>Tama\u00f1o peque\u00f1o ideal para usar durante el sexo o para viajes rom\u00e1nticos.<\/li>\n<li>Medidas: 14 x 3,1 cm<\/li>\n<li>Di\u00e1metro: 3,1 cm<\/li>\n<li>Longitud insertable: 10,2 cm<\/li>\n<li>Funciona con pilas<\/li>\n<li>Impermeable<\/li>\n<\/ul>\n","protected":false},"excerpt":{"rendered":"<p>INSATIABLE DESIRE MINI G-SPOT VIBRATOR Bienvenido a Fifty Shades of Grey, la colecci\u00f3n oficial Pleasure. Una hermosa colecci\u00f3n de lujosos<\/p>\n","protected":false},"featured_media":22078,"comment_status":"open","ping_status":"open","template":"","meta":[],"product_cat":[639],"product_tag":[858],"class_list":["post-22077","product","type-product","status-publish","has-post-thumbnail","hentry","product_cat-punto-g","product_tag-fifty-shades"],"bundled_by":[],"bundle_stock_status":"instock","bundle_stock_quantity":2,"bundle_virtual":false,"bundle_layout":"","bundle_add_to_cart_form_location":"","bundle_editable_in_cart":false,"bundle_sold_individually_context":"","bundle_item_grouping":"","bundle_min_size":"","bundle_max_size":"","bundled_items":[],"yoast_head":"<!-- This site is optimized with the Yoast SEO plugin v20.6 - https:\/\/yoast.com\/wordpress\/plugins\/seo\/ -->\n<title>INSATIABLE DESIRE MINI VIBRADOR G-SPOT - NEGRO - Tienda Er\u00f3tica<\/title>\n<meta name=\"robots\" content=\"noindex, follow, max-snippet:-1, max-image-preview:large, max-video-preview:-1\" \/>\n<meta property=\"og:locale\" content=\"es_ES\" \/>\n<meta property=\"og:type\" content=\"article\" \/>\n<meta property=\"og:title\" content=\"INSATIABLE DESIRE MINI VIBRADOR G-SPOT - NEGRO - Tienda Er\u00f3tica\" \/>\n<meta property=\"og:description\" content=\"INSATIABLE DESIRE MINI G-SPOT VIBRATOR Bienvenido a Fifty Shades of Grey, la colecci\u00f3n oficial Pleasure. Una hermosa colecci\u00f3n de lujosos\" \/>\n<meta property=\"og:url\" content=\"https:\/\/demoweb.info\/sexshop001\/producto\/insatiable-desire-mini-vibrador-g-spot-negro\/\" \/>\n<meta property=\"og:site_name\" content=\"Tienda Er\u00f3tica\" \/>\n<meta property=\"og:image\" content=\"https:\/\/demoweb.info\/sexshop001\/wp-content\/uploads\/2022\/01\/INSATIABLE-DESIRE-MINI-VIBRADOR-G-SPOT-NEGRO.jpg\" \/>\n\t<meta property=\"og:image:width\" content=\"550\" \/>\n\t<meta property=\"og:image:height\" content=\"550\" \/>\n\t<meta property=\"og:image:type\" content=\"image\/jpeg\" \/>\n<meta name=\"twitter:card\" content=\"summary_large_image\" \/>\n<meta name=\"twitter:label1\" content=\"Tiempo de lectura\" \/>\n\t<meta name=\"twitter:data1\" content=\"1 minuto\" \/>\n<script type=\"application\/ld+json\" class=\"yoast-schema-graph\">{\"@context\":\"https:\/\/schema.org\",\"@graph\":[{\"@type\":\"WebPage\",\"@id\":\"https:\/\/demoweb.info\/sexshop001\/producto\/insatiable-desire-mini-vibrador-g-spot-negro\/\",\"url\":\"https:\/\/demoweb.info\/sexshop001\/producto\/insatiable-desire-mini-vibrador-g-spot-negro\/\",\"name\":\"INSATIABLE DESIRE MINI VIBRADOR G-SPOT - NEGRO - Tienda Er\u00f3tica\",\"isPartOf\":{\"@id\":\"https:\/\/demoweb.info\/sexshop001\/#website\"},\"datePublished\":\"2022-01-22T10:22:39+00:00\",\"dateModified\":\"2022-01-22T10:22:39+00:00\",\"breadcrumb\":{\"@id\":\"https:\/\/demoweb.info\/sexshop001\/producto\/insatiable-desire-mini-vibrador-g-spot-negro\/#breadcrumb\"},\"inLanguage\":\"es\",\"potentialAction\":[{\"@type\":\"ReadAction\",\"target\":[\"https:\/\/demoweb.info\/sexshop001\/producto\/insatiable-desire-mini-vibrador-g-spot-negro\/\"]}]},{\"@type\":\"BreadcrumbList\",\"@id\":\"https:\/\/demoweb.info\/sexshop001\/producto\/insatiable-desire-mini-vibrador-g-spot-negro\/#breadcrumb\",\"itemListElement\":[{\"@type\":\"ListItem\",\"position\":1,\"name\":\"Portada\",\"item\":\"https:\/\/demoweb.info\/sexshop001\/\"},{\"@type\":\"ListItem\",\"position\":2,\"name\":\"Tienda\",\"item\":\"https:\/\/demoweb.info\/sexshop001\/tienda\/\"},{\"@type\":\"ListItem\",\"position\":3,\"name\":\"INSATIABLE DESIRE MINI VIBRADOR G-SPOT &#8211; NEGRO\"}]},{\"@type\":\"WebSite\",\"@id\":\"https:\/\/demoweb.info\/sexshop001\/#website\",\"url\":\"https:\/\/demoweb.info\/sexshop001\/\",\"name\":\"Tienda Er\u00f3tica\",\"description\":\"DEMOWEB SL\",\"potentialAction\":[{\"@type\":\"SearchAction\",\"target\":{\"@type\":\"EntryPoint\",\"urlTemplate\":\"https:\/\/demoweb.info\/sexshop001\/?s={search_term_string}\"},\"query-input\":\"required name=search_term_string\"}],\"inLanguage\":\"es\"}]}<\/script>\n<!-- \/ Yoast SEO plugin. -->","yoast_head_json":{"title":"INSATIABLE DESIRE MINI VIBRADOR G-SPOT - NEGRO - Tienda Er\u00f3tica","robots":{"index":"noindex","follow":"follow","max-snippet":"max-snippet:-1","max-image-preview":"max-image-preview:large","max-video-preview":"max-video-preview:-1"},"og_locale":"es_ES","og_type":"article","og_title":"INSATIABLE DESIRE MINI VIBRADOR G-SPOT - NEGRO - Tienda Er\u00f3tica","og_description":"INSATIABLE DESIRE MINI G-SPOT VIBRATOR Bienvenido a Fifty Shades of Grey, la colecci\u00f3n oficial Pleasure. Una hermosa colecci\u00f3n de lujosos","og_url":"https:\/\/demoweb.info\/sexshop001\/producto\/insatiable-desire-mini-vibrador-g-spot-negro\/","og_site_name":"Tienda Er\u00f3tica","og_image":[{"width":550,"height":550,"url":"https:\/\/demoweb.info\/sexshop001\/wp-content\/uploads\/2022\/01\/INSATIABLE-DESIRE-MINI-VIBRADOR-G-SPOT-NEGRO.jpg","type":"image\/jpeg"}],"twitter_card":"summary_large_image","twitter_misc":{"Tiempo de lectura":"1 minuto"},"schema":{"@context":"https:\/\/schema.org","@graph":[{"@type":"WebPage","@id":"https:\/\/demoweb.info\/sexshop001\/producto\/insatiable-desire-mini-vibrador-g-spot-negro\/","url":"https:\/\/demoweb.info\/sexshop001\/producto\/insatiable-desire-mini-vibrador-g-spot-negro\/","name":"INSATIABLE DESIRE MINI VIBRADOR G-SPOT - NEGRO - Tienda Er\u00f3tica","isPartOf":{"@id":"https:\/\/demoweb.info\/sexshop001\/#website"},"datePublished":"2022-01-22T10:22:39+00:00","dateModified":"2022-01-22T10:22:39+00:00","breadcrumb":{"@id":"https:\/\/demoweb.info\/sexshop001\/producto\/insatiable-desire-mini-vibrador-g-spot-negro\/#breadcrumb"},"inLanguage":"es","potentialAction":[{"@type":"ReadAction","target":["https:\/\/demoweb.info\/sexshop001\/producto\/insatiable-desire-mini-vibrador-g-spot-negro\/"]}]},{"@type":"BreadcrumbList","@id":"https:\/\/demoweb.info\/sexshop001\/producto\/insatiable-desire-mini-vibrador-g-spot-negro\/#breadcrumb","itemListElement":[{"@type":"ListItem","position":1,"name":"Portada","item":"https:\/\/demoweb.info\/sexshop001\/"},{"@type":"ListItem","position":2,"name":"Tienda","item":"https:\/\/demoweb.info\/sexshop001\/tienda\/"},{"@type":"ListItem","position":3,"name":"INSATIABLE DESIRE MINI VIBRADOR G-SPOT &#8211; NEGRO"}]},{"@type":"WebSite","@id":"https:\/\/demoweb.info\/sexshop001\/#website","url":"https:\/\/demoweb.info\/sexshop001\/","name":"Tienda Er\u00f3tica","description":"DEMOWEB SL","potentialAction":[{"@type":"SearchAction","target":{"@type":"EntryPoint","urlTemplate":"https:\/\/demoweb.info\/sexshop001\/?s={search_term_string}"},"query-input":"required name=search_term_string"}],"inLanguage":"es"}]}},"_links":{"self":[{"href":"https:\/\/demoweb.info\/sexshop001\/wp-json\/wp\/v3\/product\/22077","targetHints":{"allow":["GET"]}}],"collection":[{"href":"https:\/\/demoweb.info\/sexshop001\/wp-json\/wp\/v3\/product"}],"about":[{"href":"https:\/\/demoweb.info\/sexshop001\/wp-json\/wp\/v2\/types\/product"}],"replies":[{"embeddable":true,"href":"https:\/\/demoweb.info\/sexshop001\/wp-json\/wp\/v2\/comments?post=22077"}],"wp:featuredmedia":[{"embeddable":true,"href":"https:\/\/demoweb.info\/sexshop001\/wp-json\/wp\/v2\/media\/22078"}],"wp:attachment":[{"href":"https:\/\/demoweb.info\/sexshop001\/wp-json\/wp\/v2\/media?parent=22077"}],"wp:term":[{"taxonomy":"product_cat","embeddable":true,"href":"https:\/\/demoweb.info\/sexshop001\/wp-json\/wp\/v2\/product_cat?post=22077"},{"taxonomy":"product_tag","embeddable":true,"href":"https:\/\/demoweb.info\/sexshop001\/wp-json\/wp\/v2\/product_tag?post=22077"}],"curies":[{"name":"wp","href":"https:\/\/api.w.org\/{rel}","templated":true}]}}