{"id":21852,"date":"2022-01-22T11:20:44","date_gmt":"2022-01-22T10:20:44","guid":{"rendered":"https:\/\/demoweb.info\/sexshop001\/producto\/shiatsu-crema-anal-relax-principiantes\/"},"modified":"2022-01-22T11:20:49","modified_gmt":"2022-01-22T10:20:49","slug":"shiatsu-crema-anal-relax-principiantes","status":"publish","type":"product","link":"https:\/\/demoweb.info\/sexshop001\/producto\/shiatsu-crema-anal-relax-principiantes\/","title":{"rendered":"SHIATSU CREMA ANAL RELAX PRINCIPIANTES"},"content":{"rendered":"<p><strong>ANAL RELAX CREAM BEGINNERS<\/strong><\/p>\n<p>Para mantener relaciones sexuales anales relajadas.<\/p>\n<p>Los ingredientes \u00fanicos ayudan a relajar los m\u00fasculos y hacen que la piel sea flexible.<\/p>\n<p>Esto permite una penetraci\u00f3n indolora incluso para principiantes.<\/p>\n<ul>\n<li>Olor: Natural<\/li>\n<li>Ingredientes: PETROLATUM, PARAFFINUM LIQUIDUM, DIMETHICONE, LAURETH-9, ACEITE DE FRUTAS OLEA EUROPAEA (OLIVE), GLYCINE SOJA (SOYBEAN) OIL, TOCOPHERYL ACETATE, PARFUM (FRAGANCIA), HEXYL CINNAMAL, HYERUMPERICUM PERFORICUM. EXTRACTO, IONONA DE ALFA-ISOMETILO, SALICILATO DE BENCILO, TOCOFEROL, BENZOATO DE BENCILO, EXTRACTO DE HOJA DE ALOE BARBADENSIS, GERANIOL, CITRONELOL<\/li>\n<\/ul>\n","protected":false},"excerpt":{"rendered":"<p>ANAL RELAX CREAM BEGINNERS Para mantener relaciones sexuales anales relajadas. Los ingredientes \u00fanicos ayudan a relajar los m\u00fasculos y hacen<\/p>\n","protected":false},"featured_media":21853,"comment_status":"open","ping_status":"open","template":"","meta":[],"product_cat":[816],"product_tag":[401,402],"class_list":["post-21852","product","type-product","status-publish","has-post-thumbnail","hentry","product_cat-relajantes","product_tag-hot","product_tag-shiatsu"],"bundled_by":[],"bundle_stock_status":"instock","bundle_stock_quantity":4,"bundle_virtual":false,"bundle_layout":"","bundle_add_to_cart_form_location":"","bundle_editable_in_cart":false,"bundle_sold_individually_context":"","bundle_item_grouping":"","bundle_min_size":"","bundle_max_size":"","bundled_items":[],"yoast_head":"<!-- This site is optimized with the Yoast SEO plugin v20.6 - https:\/\/yoast.com\/wordpress\/plugins\/seo\/ -->\n<title>SHIATSU CREMA ANAL RELAX PRINCIPIANTES - Tienda Er\u00f3tica<\/title>\n<meta name=\"robots\" content=\"noindex, follow, max-snippet:-1, max-image-preview:large, max-video-preview:-1\" \/>\n<meta property=\"og:locale\" content=\"es_ES\" \/>\n<meta property=\"og:type\" content=\"article\" \/>\n<meta property=\"og:title\" content=\"SHIATSU CREMA ANAL RELAX PRINCIPIANTES - Tienda Er\u00f3tica\" \/>\n<meta property=\"og:description\" content=\"ANAL RELAX CREAM BEGINNERS Para mantener relaciones sexuales anales relajadas. Los ingredientes \u00fanicos ayudan a relajar los m\u00fasculos y hacen\" \/>\n<meta property=\"og:url\" content=\"https:\/\/demoweb.info\/sexshop001\/producto\/shiatsu-crema-anal-relax-principiantes\/\" \/>\n<meta property=\"og:site_name\" content=\"Tienda Er\u00f3tica\" \/>\n<meta property=\"article:modified_time\" content=\"2022-01-22T10:20:49+00:00\" \/>\n<meta property=\"og:image\" content=\"https:\/\/demoweb.info\/sexshop001\/wp-content\/uploads\/2022\/01\/SHIATSU-CREMA-ANAL-RELAX-PRINCIPIANTES.jpg\" \/>\n\t<meta property=\"og:image:width\" content=\"550\" \/>\n\t<meta property=\"og:image:height\" content=\"550\" \/>\n\t<meta property=\"og:image:type\" content=\"image\/jpeg\" \/>\n<meta name=\"twitter:card\" content=\"summary_large_image\" \/>\n<script type=\"application\/ld+json\" class=\"yoast-schema-graph\">{\"@context\":\"https:\/\/schema.org\",\"@graph\":[{\"@type\":\"WebPage\",\"@id\":\"https:\/\/demoweb.info\/sexshop001\/producto\/shiatsu-crema-anal-relax-principiantes\/\",\"url\":\"https:\/\/demoweb.info\/sexshop001\/producto\/shiatsu-crema-anal-relax-principiantes\/\",\"name\":\"SHIATSU CREMA ANAL RELAX PRINCIPIANTES - Tienda Er\u00f3tica\",\"isPartOf\":{\"@id\":\"https:\/\/demoweb.info\/sexshop001\/#website\"},\"datePublished\":\"2022-01-22T10:20:44+00:00\",\"dateModified\":\"2022-01-22T10:20:49+00:00\",\"breadcrumb\":{\"@id\":\"https:\/\/demoweb.info\/sexshop001\/producto\/shiatsu-crema-anal-relax-principiantes\/#breadcrumb\"},\"inLanguage\":\"es\",\"potentialAction\":[{\"@type\":\"ReadAction\",\"target\":[\"https:\/\/demoweb.info\/sexshop001\/producto\/shiatsu-crema-anal-relax-principiantes\/\"]}]},{\"@type\":\"BreadcrumbList\",\"@id\":\"https:\/\/demoweb.info\/sexshop001\/producto\/shiatsu-crema-anal-relax-principiantes\/#breadcrumb\",\"itemListElement\":[{\"@type\":\"ListItem\",\"position\":1,\"name\":\"Portada\",\"item\":\"https:\/\/demoweb.info\/sexshop001\/\"},{\"@type\":\"ListItem\",\"position\":2,\"name\":\"Tienda\",\"item\":\"https:\/\/demoweb.info\/sexshop001\/tienda\/\"},{\"@type\":\"ListItem\",\"position\":3,\"name\":\"SHIATSU CREMA ANAL RELAX PRINCIPIANTES\"}]},{\"@type\":\"WebSite\",\"@id\":\"https:\/\/demoweb.info\/sexshop001\/#website\",\"url\":\"https:\/\/demoweb.info\/sexshop001\/\",\"name\":\"Tienda Er\u00f3tica\",\"description\":\"DEMOWEB SL\",\"potentialAction\":[{\"@type\":\"SearchAction\",\"target\":{\"@type\":\"EntryPoint\",\"urlTemplate\":\"https:\/\/demoweb.info\/sexshop001\/?s={search_term_string}\"},\"query-input\":\"required name=search_term_string\"}],\"inLanguage\":\"es\"}]}<\/script>\n<!-- \/ Yoast SEO plugin. -->","yoast_head_json":{"title":"SHIATSU CREMA ANAL RELAX PRINCIPIANTES - Tienda Er\u00f3tica","robots":{"index":"noindex","follow":"follow","max-snippet":"max-snippet:-1","max-image-preview":"max-image-preview:large","max-video-preview":"max-video-preview:-1"},"og_locale":"es_ES","og_type":"article","og_title":"SHIATSU CREMA ANAL RELAX PRINCIPIANTES - Tienda Er\u00f3tica","og_description":"ANAL RELAX CREAM BEGINNERS Para mantener relaciones sexuales anales relajadas. Los ingredientes \u00fanicos ayudan a relajar los m\u00fasculos y hacen","og_url":"https:\/\/demoweb.info\/sexshop001\/producto\/shiatsu-crema-anal-relax-principiantes\/","og_site_name":"Tienda Er\u00f3tica","article_modified_time":"2022-01-22T10:20:49+00:00","og_image":[{"width":550,"height":550,"url":"https:\/\/demoweb.info\/sexshop001\/wp-content\/uploads\/2022\/01\/SHIATSU-CREMA-ANAL-RELAX-PRINCIPIANTES.jpg","type":"image\/jpeg"}],"twitter_card":"summary_large_image","schema":{"@context":"https:\/\/schema.org","@graph":[{"@type":"WebPage","@id":"https:\/\/demoweb.info\/sexshop001\/producto\/shiatsu-crema-anal-relax-principiantes\/","url":"https:\/\/demoweb.info\/sexshop001\/producto\/shiatsu-crema-anal-relax-principiantes\/","name":"SHIATSU CREMA ANAL RELAX PRINCIPIANTES - Tienda Er\u00f3tica","isPartOf":{"@id":"https:\/\/demoweb.info\/sexshop001\/#website"},"datePublished":"2022-01-22T10:20:44+00:00","dateModified":"2022-01-22T10:20:49+00:00","breadcrumb":{"@id":"https:\/\/demoweb.info\/sexshop001\/producto\/shiatsu-crema-anal-relax-principiantes\/#breadcrumb"},"inLanguage":"es","potentialAction":[{"@type":"ReadAction","target":["https:\/\/demoweb.info\/sexshop001\/producto\/shiatsu-crema-anal-relax-principiantes\/"]}]},{"@type":"BreadcrumbList","@id":"https:\/\/demoweb.info\/sexshop001\/producto\/shiatsu-crema-anal-relax-principiantes\/#breadcrumb","itemListElement":[{"@type":"ListItem","position":1,"name":"Portada","item":"https:\/\/demoweb.info\/sexshop001\/"},{"@type":"ListItem","position":2,"name":"Tienda","item":"https:\/\/demoweb.info\/sexshop001\/tienda\/"},{"@type":"ListItem","position":3,"name":"SHIATSU CREMA ANAL RELAX PRINCIPIANTES"}]},{"@type":"WebSite","@id":"https:\/\/demoweb.info\/sexshop001\/#website","url":"https:\/\/demoweb.info\/sexshop001\/","name":"Tienda Er\u00f3tica","description":"DEMOWEB SL","potentialAction":[{"@type":"SearchAction","target":{"@type":"EntryPoint","urlTemplate":"https:\/\/demoweb.info\/sexshop001\/?s={search_term_string}"},"query-input":"required name=search_term_string"}],"inLanguage":"es"}]}},"_links":{"self":[{"href":"https:\/\/demoweb.info\/sexshop001\/wp-json\/wp\/v3\/product\/21852","targetHints":{"allow":["GET"]}}],"collection":[{"href":"https:\/\/demoweb.info\/sexshop001\/wp-json\/wp\/v3\/product"}],"about":[{"href":"https:\/\/demoweb.info\/sexshop001\/wp-json\/wp\/v2\/types\/product"}],"replies":[{"embeddable":true,"href":"https:\/\/demoweb.info\/sexshop001\/wp-json\/wp\/v2\/comments?post=21852"}],"wp:featuredmedia":[{"embeddable":true,"href":"https:\/\/demoweb.info\/sexshop001\/wp-json\/wp\/v2\/media\/21853"}],"wp:attachment":[{"href":"https:\/\/demoweb.info\/sexshop001\/wp-json\/wp\/v2\/media?parent=21852"}],"wp:term":[{"taxonomy":"product_cat","embeddable":true,"href":"https:\/\/demoweb.info\/sexshop001\/wp-json\/wp\/v2\/product_cat?post=21852"},{"taxonomy":"product_tag","embeddable":true,"href":"https:\/\/demoweb.info\/sexshop001\/wp-json\/wp\/v2\/product_tag?post=21852"}],"curies":[{"name":"wp","href":"https:\/\/api.w.org\/{rel}","templated":true}]}}