{"id":20875,"date":"2022-01-22T11:12:24","date_gmt":"2022-01-22T10:12:24","guid":{"rendered":"https:\/\/demoweb.info\/sexshop001\/producto\/vibrador-pulse-one-negro\/"},"modified":"2022-01-22T11:12:51","modified_gmt":"2022-01-22T10:12:51","slug":"vibrador-pulse-one-negro","status":"publish","type":"product","link":"https:\/\/demoweb.info\/sexshop001\/producto\/vibrador-pulse-one-negro\/","title":{"rendered":"VIBRADOR PULSE ONE &#8211; NEGRO"},"content":{"rendered":"<p><strong>PULSE ONE<\/strong><\/p>\n<pre>\n<span style=&quot;font-family:tahoma,geneva,sans-serif&quot;>El Pulse One de primera calidad de Mae B es la opci\u00f3n m\u00e1s lujosa para llevar tus sentidos al s\u00e9ptimo cielo. Esta elegante vibra presenta un movimiento \u00fanico de empuje y pulsaci\u00f3n, meci\u00e9ndote hacia adelante y hacia atr\u00e1s hacia un cl\u00edmax alucinante. Su elegante silueta negra se ve reforzada por los glamurosos detalles en oro rosa, \u00a1lo que la hace lucir tan incre\u00edble como esta belleza! \n\n\u25cf Tecnolog\u00eda de inducci\u00f3n magn\u00e9tica \u00fanica \n\u25cf Silueta ergon\u00f3mica \n\u25cf Discreto y silencioso \n\u25cf M\u00faltiples velocidades y ritmos \n\u25cf Silicona hipoalerg\u00e9nica \n\u25cf Controles de botones intuitivos \n\u25cf Acentos lujosos en oro rosa\n\n<strong>Longitud total <\/strong>   24.5 cm\n<strong>Di\u00e1metro    <\/strong>\u00d8 4 cm \n<strong>Bodysafe    <\/strong>SI<strong> <\/strong>\n<strong>Material<\/strong>    Silicona ABS \n<strong>Bater\u00edas requeridas <\/strong>   USB <\/span>\n<\/pre>\n","protected":false},"excerpt":{"rendered":"<p>PULSE ONE El Pulse One de primera calidad de Mae B es la opci\u00f3n m\u00e1s lujosa para llevar tus sentidos<\/p>\n","protected":false},"featured_media":20876,"comment_status":"open","ping_status":"open","template":"","meta":[],"product_cat":[502],"product_tag":[1005],"class_list":["post-20875","product","type-product","status-publish","has-post-thumbnail","hentry","product_cat-luxury","product_tag-mae-b"],"bundled_by":[],"bundle_stock_status":"instock","bundle_stock_quantity":1,"bundle_virtual":false,"bundle_layout":"","bundle_add_to_cart_form_location":"","bundle_editable_in_cart":false,"bundle_sold_individually_context":"","bundle_item_grouping":"","bundle_min_size":"","bundle_max_size":"","bundled_items":[],"yoast_head":"<!-- This site is optimized with the Yoast SEO plugin v20.6 - https:\/\/yoast.com\/wordpress\/plugins\/seo\/ -->\n<title>VIBRADOR PULSE ONE - NEGRO - Tienda Er\u00f3tica<\/title>\n<meta name=\"robots\" content=\"noindex, follow, max-snippet:-1, max-image-preview:large, max-video-preview:-1\" \/>\n<meta property=\"og:locale\" content=\"es_ES\" \/>\n<meta property=\"og:type\" content=\"article\" \/>\n<meta property=\"og:title\" content=\"VIBRADOR PULSE ONE - NEGRO - Tienda Er\u00f3tica\" \/>\n<meta property=\"og:description\" content=\"PULSE ONE El Pulse One de primera calidad de Mae B es la opci\u00f3n m\u00e1s lujosa para llevar tus sentidos\" \/>\n<meta property=\"og:url\" content=\"https:\/\/demoweb.info\/sexshop001\/producto\/vibrador-pulse-one-negro\/\" \/>\n<meta property=\"og:site_name\" content=\"Tienda Er\u00f3tica\" \/>\n<meta property=\"article:modified_time\" content=\"2022-01-22T10:12:51+00:00\" \/>\n<meta property=\"og:image\" content=\"https:\/\/demoweb.info\/sexshop001\/wp-content\/uploads\/2022\/01\/VIBRADOR-PULSE-ONE-NEGRO.jpg\" \/>\n\t<meta property=\"og:image:width\" content=\"550\" \/>\n\t<meta property=\"og:image:height\" content=\"550\" \/>\n\t<meta property=\"og:image:type\" content=\"image\/jpeg\" \/>\n<meta name=\"twitter:card\" content=\"summary_large_image\" \/>\n<meta name=\"twitter:label1\" content=\"Tiempo de lectura\" \/>\n\t<meta name=\"twitter:data1\" content=\"1 minuto\" \/>\n<script type=\"application\/ld+json\" class=\"yoast-schema-graph\">{\"@context\":\"https:\/\/schema.org\",\"@graph\":[{\"@type\":\"WebPage\",\"@id\":\"https:\/\/demoweb.info\/sexshop001\/producto\/vibrador-pulse-one-negro\/\",\"url\":\"https:\/\/demoweb.info\/sexshop001\/producto\/vibrador-pulse-one-negro\/\",\"name\":\"VIBRADOR PULSE ONE - NEGRO - Tienda Er\u00f3tica\",\"isPartOf\":{\"@id\":\"https:\/\/demoweb.info\/sexshop001\/#website\"},\"datePublished\":\"2022-01-22T10:12:24+00:00\",\"dateModified\":\"2022-01-22T10:12:51+00:00\",\"breadcrumb\":{\"@id\":\"https:\/\/demoweb.info\/sexshop001\/producto\/vibrador-pulse-one-negro\/#breadcrumb\"},\"inLanguage\":\"es\",\"potentialAction\":[{\"@type\":\"ReadAction\",\"target\":[\"https:\/\/demoweb.info\/sexshop001\/producto\/vibrador-pulse-one-negro\/\"]}]},{\"@type\":\"BreadcrumbList\",\"@id\":\"https:\/\/demoweb.info\/sexshop001\/producto\/vibrador-pulse-one-negro\/#breadcrumb\",\"itemListElement\":[{\"@type\":\"ListItem\",\"position\":1,\"name\":\"Portada\",\"item\":\"https:\/\/demoweb.info\/sexshop001\/\"},{\"@type\":\"ListItem\",\"position\":2,\"name\":\"Tienda\",\"item\":\"https:\/\/demoweb.info\/sexshop001\/tienda\/\"},{\"@type\":\"ListItem\",\"position\":3,\"name\":\"VIBRADOR PULSE ONE &#8211; NEGRO\"}]},{\"@type\":\"WebSite\",\"@id\":\"https:\/\/demoweb.info\/sexshop001\/#website\",\"url\":\"https:\/\/demoweb.info\/sexshop001\/\",\"name\":\"Tienda Er\u00f3tica\",\"description\":\"DEMOWEB SL\",\"potentialAction\":[{\"@type\":\"SearchAction\",\"target\":{\"@type\":\"EntryPoint\",\"urlTemplate\":\"https:\/\/demoweb.info\/sexshop001\/?s={search_term_string}\"},\"query-input\":\"required name=search_term_string\"}],\"inLanguage\":\"es\"}]}<\/script>\n<!-- \/ Yoast SEO plugin. -->","yoast_head_json":{"title":"VIBRADOR PULSE ONE - NEGRO - Tienda Er\u00f3tica","robots":{"index":"noindex","follow":"follow","max-snippet":"max-snippet:-1","max-image-preview":"max-image-preview:large","max-video-preview":"max-video-preview:-1"},"og_locale":"es_ES","og_type":"article","og_title":"VIBRADOR PULSE ONE - NEGRO - Tienda Er\u00f3tica","og_description":"PULSE ONE El Pulse One de primera calidad de Mae B es la opci\u00f3n m\u00e1s lujosa para llevar tus sentidos","og_url":"https:\/\/demoweb.info\/sexshop001\/producto\/vibrador-pulse-one-negro\/","og_site_name":"Tienda Er\u00f3tica","article_modified_time":"2022-01-22T10:12:51+00:00","og_image":[{"width":550,"height":550,"url":"https:\/\/demoweb.info\/sexshop001\/wp-content\/uploads\/2022\/01\/VIBRADOR-PULSE-ONE-NEGRO.jpg","type":"image\/jpeg"}],"twitter_card":"summary_large_image","twitter_misc":{"Tiempo de lectura":"1 minuto"},"schema":{"@context":"https:\/\/schema.org","@graph":[{"@type":"WebPage","@id":"https:\/\/demoweb.info\/sexshop001\/producto\/vibrador-pulse-one-negro\/","url":"https:\/\/demoweb.info\/sexshop001\/producto\/vibrador-pulse-one-negro\/","name":"VIBRADOR PULSE ONE - NEGRO - Tienda Er\u00f3tica","isPartOf":{"@id":"https:\/\/demoweb.info\/sexshop001\/#website"},"datePublished":"2022-01-22T10:12:24+00:00","dateModified":"2022-01-22T10:12:51+00:00","breadcrumb":{"@id":"https:\/\/demoweb.info\/sexshop001\/producto\/vibrador-pulse-one-negro\/#breadcrumb"},"inLanguage":"es","potentialAction":[{"@type":"ReadAction","target":["https:\/\/demoweb.info\/sexshop001\/producto\/vibrador-pulse-one-negro\/"]}]},{"@type":"BreadcrumbList","@id":"https:\/\/demoweb.info\/sexshop001\/producto\/vibrador-pulse-one-negro\/#breadcrumb","itemListElement":[{"@type":"ListItem","position":1,"name":"Portada","item":"https:\/\/demoweb.info\/sexshop001\/"},{"@type":"ListItem","position":2,"name":"Tienda","item":"https:\/\/demoweb.info\/sexshop001\/tienda\/"},{"@type":"ListItem","position":3,"name":"VIBRADOR PULSE ONE &#8211; NEGRO"}]},{"@type":"WebSite","@id":"https:\/\/demoweb.info\/sexshop001\/#website","url":"https:\/\/demoweb.info\/sexshop001\/","name":"Tienda Er\u00f3tica","description":"DEMOWEB SL","potentialAction":[{"@type":"SearchAction","target":{"@type":"EntryPoint","urlTemplate":"https:\/\/demoweb.info\/sexshop001\/?s={search_term_string}"},"query-input":"required name=search_term_string"}],"inLanguage":"es"}]}},"_links":{"self":[{"href":"https:\/\/demoweb.info\/sexshop001\/wp-json\/wp\/v3\/product\/20875","targetHints":{"allow":["GET"]}}],"collection":[{"href":"https:\/\/demoweb.info\/sexshop001\/wp-json\/wp\/v3\/product"}],"about":[{"href":"https:\/\/demoweb.info\/sexshop001\/wp-json\/wp\/v2\/types\/product"}],"replies":[{"embeddable":true,"href":"https:\/\/demoweb.info\/sexshop001\/wp-json\/wp\/v2\/comments?post=20875"}],"wp:featuredmedia":[{"embeddable":true,"href":"https:\/\/demoweb.info\/sexshop001\/wp-json\/wp\/v2\/media\/20876"}],"wp:attachment":[{"href":"https:\/\/demoweb.info\/sexshop001\/wp-json\/wp\/v2\/media?parent=20875"}],"wp:term":[{"taxonomy":"product_cat","embeddable":true,"href":"https:\/\/demoweb.info\/sexshop001\/wp-json\/wp\/v2\/product_cat?post=20875"},{"taxonomy":"product_tag","embeddable":true,"href":"https:\/\/demoweb.info\/sexshop001\/wp-json\/wp\/v2\/product_tag?post=20875"}],"curies":[{"name":"wp","href":"https:\/\/api.w.org\/{rel}","templated":true}]}}