{"id":20427,"date":"2022-01-22T11:09:03","date_gmt":"2022-01-22T10:09:03","guid":{"rendered":"https:\/\/demoweb.info\/sexshop001\/producto\/bala-vibradora-just-the-tip\/"},"modified":"2022-01-22T11:09:30","modified_gmt":"2022-01-22T10:09:30","slug":"bala-vibradora-just-the-tip","status":"publish","type":"product","link":"https:\/\/demoweb.info\/sexshop001\/producto\/bala-vibradora-just-the-tip\/","title":{"rendered":"BALA VIBRADORA JUST THE TIP"},"content":{"rendered":"<p><strong>JUST THE TIP BULLET VIBRATOR <\/strong><\/p>\n<p>El vibrador de bala Naughty Bits \u2122 Just the Tip \u2122 es todo lo que necesitas para pasar un buen rato.<br \/>\nEsta mini bala f\u00e1cil de operar est\u00e1 lista para ensuciarse donde sea que sus pasiones lo lleven con 10 funciones de vibraci\u00f3n.<\/p>\n<p>El mini masajeador brinda una tentaci\u00f3n precisa. Divi\u00e9rtete mientras pasas por 10  funciones de vibraci\u00f3n, pulsaci\u00f3n y escalamiento con el bot\u00f3n de control de f\u00e1cil toque. Disfruta de la funci\u00f3n de bloqueo de viaje manteniendo presionado el bot\u00f3n de encendido durante 3 segundos para encender \/ apagar. La colecci\u00f3n Naughty Bits \u2122 est\u00e1 hecha para destacar en cualquier mesita de noche.<\/p>\n<p>El estampado floral femenino y el dise\u00f1o compacto de este magn\u00edfico mini masajeador har\u00e1n que incluso el amante m\u00e1s elegante sonr\u00eda. Carga tu pasi\u00f3n en solo 30 minutos conectando el cable USB provisto en el puerto de carga autosellante en la parte posterior del masajeador. Acepta hasta 2 horas de vibraciones a baja velocidad y 70 minutos a alta velocidad. El delgado masajeador de tama\u00f1o discreto de 6,25 cm lo convierte en el compa\u00f1ero de viaje perfecto, permiti\u00e9ndote abrazar el placer  dondequiera que te lleven tus fantas\u00edas.<\/p>\n<p><strong>Longitud total<\/strong>    6.25 x 2 cm<br \/>\n<strong>Modos de vibraci\u00f3n  <\/strong>  10<br \/>\n<strong>Impermeable<\/strong>    Si <br \/>\n<strong>Material<\/strong>    ABS , Silicona <br \/>\n<strong>Motores<\/strong>    1<br \/>\n<strong>Bater\u00edas requeridas <\/strong>   USB Recargable \n <\/p>\n","protected":false},"excerpt":{"rendered":"<p>JUST THE TIP BULLET VIBRATOR El vibrador de bala Naughty Bits \u2122 Just the Tip \u2122 es todo lo que<\/p>\n","protected":false},"featured_media":20428,"comment_status":"open","ping_status":"open","template":"","meta":[],"product_cat":[313],"product_tag":[660,887],"class_list":["post-20427","product","type-product","status-publish","has-post-thumbnail","hentry","product_cat-balas-y-huevos","product_tag-calexotics","product_tag-naughty-bits"],"bundled_by":[],"bundle_stock_status":"outofstock","bundle_stock_quantity":0,"bundle_virtual":false,"bundle_layout":"","bundle_add_to_cart_form_location":"","bundle_editable_in_cart":false,"bundle_sold_individually_context":"","bundle_item_grouping":"","bundle_min_size":"","bundle_max_size":"","bundled_items":[],"yoast_head":"<!-- This site is optimized with the Yoast SEO plugin v20.6 - https:\/\/yoast.com\/wordpress\/plugins\/seo\/ -->\n<title>BALA VIBRADORA JUST THE TIP - Tienda Er\u00f3tica<\/title>\n<meta name=\"robots\" content=\"noindex, follow, max-snippet:-1, max-image-preview:large, max-video-preview:-1\" \/>\n<meta property=\"og:locale\" content=\"es_ES\" \/>\n<meta property=\"og:type\" content=\"article\" \/>\n<meta property=\"og:title\" content=\"BALA VIBRADORA JUST THE TIP - Tienda Er\u00f3tica\" \/>\n<meta property=\"og:description\" content=\"JUST THE TIP BULLET VIBRATOR El vibrador de bala Naughty Bits \u2122 Just the Tip \u2122 es todo lo que\" \/>\n<meta property=\"og:url\" content=\"https:\/\/demoweb.info\/sexshop001\/producto\/bala-vibradora-just-the-tip\/\" \/>\n<meta property=\"og:site_name\" content=\"Tienda Er\u00f3tica\" \/>\n<meta property=\"article:modified_time\" content=\"2022-01-22T10:09:30+00:00\" \/>\n<meta property=\"og:image\" content=\"https:\/\/demoweb.info\/sexshop001\/wp-content\/uploads\/2022\/01\/BALA-VIBRADORA-JUST-THE-TIP.jpg\" \/>\n\t<meta property=\"og:image:width\" content=\"550\" \/>\n\t<meta property=\"og:image:height\" content=\"550\" \/>\n\t<meta property=\"og:image:type\" content=\"image\/jpeg\" \/>\n<meta name=\"twitter:card\" content=\"summary_large_image\" \/>\n<meta name=\"twitter:label1\" content=\"Tiempo de lectura\" \/>\n\t<meta name=\"twitter:data1\" content=\"1 minuto\" \/>\n<script type=\"application\/ld+json\" class=\"yoast-schema-graph\">{\"@context\":\"https:\/\/schema.org\",\"@graph\":[{\"@type\":\"WebPage\",\"@id\":\"https:\/\/demoweb.info\/sexshop001\/producto\/bala-vibradora-just-the-tip\/\",\"url\":\"https:\/\/demoweb.info\/sexshop001\/producto\/bala-vibradora-just-the-tip\/\",\"name\":\"BALA VIBRADORA JUST THE TIP - Tienda Er\u00f3tica\",\"isPartOf\":{\"@id\":\"https:\/\/demoweb.info\/sexshop001\/#website\"},\"datePublished\":\"2022-01-22T10:09:03+00:00\",\"dateModified\":\"2022-01-22T10:09:30+00:00\",\"breadcrumb\":{\"@id\":\"https:\/\/demoweb.info\/sexshop001\/producto\/bala-vibradora-just-the-tip\/#breadcrumb\"},\"inLanguage\":\"es\",\"potentialAction\":[{\"@type\":\"ReadAction\",\"target\":[\"https:\/\/demoweb.info\/sexshop001\/producto\/bala-vibradora-just-the-tip\/\"]}]},{\"@type\":\"BreadcrumbList\",\"@id\":\"https:\/\/demoweb.info\/sexshop001\/producto\/bala-vibradora-just-the-tip\/#breadcrumb\",\"itemListElement\":[{\"@type\":\"ListItem\",\"position\":1,\"name\":\"Portada\",\"item\":\"https:\/\/demoweb.info\/sexshop001\/\"},{\"@type\":\"ListItem\",\"position\":2,\"name\":\"Tienda\",\"item\":\"https:\/\/demoweb.info\/sexshop001\/tienda\/\"},{\"@type\":\"ListItem\",\"position\":3,\"name\":\"BALA VIBRADORA JUST THE TIP\"}]},{\"@type\":\"WebSite\",\"@id\":\"https:\/\/demoweb.info\/sexshop001\/#website\",\"url\":\"https:\/\/demoweb.info\/sexshop001\/\",\"name\":\"Tienda Er\u00f3tica\",\"description\":\"DEMOWEB SL\",\"potentialAction\":[{\"@type\":\"SearchAction\",\"target\":{\"@type\":\"EntryPoint\",\"urlTemplate\":\"https:\/\/demoweb.info\/sexshop001\/?s={search_term_string}\"},\"query-input\":\"required name=search_term_string\"}],\"inLanguage\":\"es\"}]}<\/script>\n<!-- \/ Yoast SEO plugin. -->","yoast_head_json":{"title":"BALA VIBRADORA JUST THE TIP - Tienda Er\u00f3tica","robots":{"index":"noindex","follow":"follow","max-snippet":"max-snippet:-1","max-image-preview":"max-image-preview:large","max-video-preview":"max-video-preview:-1"},"og_locale":"es_ES","og_type":"article","og_title":"BALA VIBRADORA JUST THE TIP - Tienda Er\u00f3tica","og_description":"JUST THE TIP BULLET VIBRATOR El vibrador de bala Naughty Bits \u2122 Just the Tip \u2122 es todo lo que","og_url":"https:\/\/demoweb.info\/sexshop001\/producto\/bala-vibradora-just-the-tip\/","og_site_name":"Tienda Er\u00f3tica","article_modified_time":"2022-01-22T10:09:30+00:00","og_image":[{"width":550,"height":550,"url":"https:\/\/demoweb.info\/sexshop001\/wp-content\/uploads\/2022\/01\/BALA-VIBRADORA-JUST-THE-TIP.jpg","type":"image\/jpeg"}],"twitter_card":"summary_large_image","twitter_misc":{"Tiempo de lectura":"1 minuto"},"schema":{"@context":"https:\/\/schema.org","@graph":[{"@type":"WebPage","@id":"https:\/\/demoweb.info\/sexshop001\/producto\/bala-vibradora-just-the-tip\/","url":"https:\/\/demoweb.info\/sexshop001\/producto\/bala-vibradora-just-the-tip\/","name":"BALA VIBRADORA JUST THE TIP - Tienda Er\u00f3tica","isPartOf":{"@id":"https:\/\/demoweb.info\/sexshop001\/#website"},"datePublished":"2022-01-22T10:09:03+00:00","dateModified":"2022-01-22T10:09:30+00:00","breadcrumb":{"@id":"https:\/\/demoweb.info\/sexshop001\/producto\/bala-vibradora-just-the-tip\/#breadcrumb"},"inLanguage":"es","potentialAction":[{"@type":"ReadAction","target":["https:\/\/demoweb.info\/sexshop001\/producto\/bala-vibradora-just-the-tip\/"]}]},{"@type":"BreadcrumbList","@id":"https:\/\/demoweb.info\/sexshop001\/producto\/bala-vibradora-just-the-tip\/#breadcrumb","itemListElement":[{"@type":"ListItem","position":1,"name":"Portada","item":"https:\/\/demoweb.info\/sexshop001\/"},{"@type":"ListItem","position":2,"name":"Tienda","item":"https:\/\/demoweb.info\/sexshop001\/tienda\/"},{"@type":"ListItem","position":3,"name":"BALA VIBRADORA JUST THE TIP"}]},{"@type":"WebSite","@id":"https:\/\/demoweb.info\/sexshop001\/#website","url":"https:\/\/demoweb.info\/sexshop001\/","name":"Tienda Er\u00f3tica","description":"DEMOWEB SL","potentialAction":[{"@type":"SearchAction","target":{"@type":"EntryPoint","urlTemplate":"https:\/\/demoweb.info\/sexshop001\/?s={search_term_string}"},"query-input":"required name=search_term_string"}],"inLanguage":"es"}]}},"_links":{"self":[{"href":"https:\/\/demoweb.info\/sexshop001\/wp-json\/wp\/v3\/product\/20427","targetHints":{"allow":["GET"]}}],"collection":[{"href":"https:\/\/demoweb.info\/sexshop001\/wp-json\/wp\/v3\/product"}],"about":[{"href":"https:\/\/demoweb.info\/sexshop001\/wp-json\/wp\/v2\/types\/product"}],"replies":[{"embeddable":true,"href":"https:\/\/demoweb.info\/sexshop001\/wp-json\/wp\/v2\/comments?post=20427"}],"wp:featuredmedia":[{"embeddable":true,"href":"https:\/\/demoweb.info\/sexshop001\/wp-json\/wp\/v2\/media\/20428"}],"wp:attachment":[{"href":"https:\/\/demoweb.info\/sexshop001\/wp-json\/wp\/v2\/media?parent=20427"}],"wp:term":[{"taxonomy":"product_cat","embeddable":true,"href":"https:\/\/demoweb.info\/sexshop001\/wp-json\/wp\/v2\/product_cat?post=20427"},{"taxonomy":"product_tag","embeddable":true,"href":"https:\/\/demoweb.info\/sexshop001\/wp-json\/wp\/v2\/product_tag?post=20427"}],"curies":[{"name":"wp","href":"https:\/\/api.w.org\/{rel}","templated":true}]}}