{"id":20257,"date":"2022-01-22T11:07:45","date_gmt":"2022-01-22T10:07:45","guid":{"rendered":"https:\/\/demoweb.info\/sexshop001\/producto\/rotator-masturbador\/"},"modified":"2022-01-22T11:08:12","modified_gmt":"2022-01-22T10:08:12","slug":"rotator-masturbador","status":"publish","type":"product","link":"https:\/\/demoweb.info\/sexshop001\/producto\/rotator-masturbador\/","title":{"rendered":"ROTATOR MASTURBADOR"},"content":{"rendered":"<p><strong>ROTATOR  MASTURBATOR <\/strong><\/p>\n<p>Experimenta nuevos niveles de placer org\u00e1smico intensificado con el Optimum Power Rotator Masturbator.<br \/>\nEste placentero de dise\u00f1o ergon\u00f3mico es f\u00e1cil de usar y ofrece la m\u00e1xima satisfacci\u00f3n en todo momento. El masturbador cil\u00edndrico cuenta con 7 potentes funciones de rotaci\u00f3n reversibles y 5 controles de velocidad independientes.<\/p>\n<p>El masturbador cil\u00edndrico Optimum Power Rotator est\u00e1 hecho de ABS duradero y tiene una funda de silicona s\u00faper suave y texturizada para el m\u00e1ximo placer  y estimulaci\u00f3n. Este masturbador tiene 120 cuentas que no se atascan y giran debajo de la funda de silicona texturizada.<\/p>\n<p>Cuando se activa, la c\u00e1mara transparente gira para brindar satisfactorias ondas de intenso placer. Este art\u00edculo es ideal para usuarios experimentados y para principiantes. El rotador mide 27 cm x 9 cm y se adapta c\u00f3modamente al pene erecto. Para activar las sensaciones ilimitadas, usa el control de 5 velocidades para seleccionar su funci\u00f3n de rotaci\u00f3n inversa preferida.<br \/>\nAntes y despu\u00e9s de su uso, limpia el masturbador con un spray limpiador de juguetes.<\/p>\n<p><strong>Longitud total  <\/strong> 26.75 x 9cm <br \/>\n<strong>Impermeable    <\/strong>Si <br \/>\n<strong>Material    <\/strong>Silicona<br \/>\n<strong>Bater\u00edas requeridas<\/strong>    AA<br \/>\n<strong>Cantidad de la bater\u00eda <\/strong>   4<br \/>\n<strong>Baterias incluidas    <\/strong>No<\/p>\n","protected":false},"excerpt":{"rendered":"<p>ROTATOR MASTURBATOR Experimenta nuevos niveles de placer org\u00e1smico intensificado con el Optimum Power Rotator Masturbator. Este placentero de dise\u00f1o ergon\u00f3mico<\/p>\n","protected":false},"featured_media":20258,"comment_status":"open","ping_status":"open","template":"","meta":[],"product_cat":[364],"product_tag":[660,963],"class_list":["post-20257","product","type-product","status-publish","has-post-thumbnail","hentry","product_cat-con-vibracion","product_tag-calexotics","product_tag-optimum-power"],"bundled_by":[],"bundle_stock_status":"outofstock","bundle_stock_quantity":0,"bundle_virtual":false,"bundle_layout":"","bundle_add_to_cart_form_location":"","bundle_editable_in_cart":false,"bundle_sold_individually_context":"","bundle_item_grouping":"","bundle_min_size":"","bundle_max_size":"","bundled_items":[],"yoast_head":"<!-- This site is optimized with the Yoast SEO plugin v20.6 - https:\/\/yoast.com\/wordpress\/plugins\/seo\/ -->\n<title>ROTATOR MASTURBADOR - Tienda Er\u00f3tica<\/title>\n<meta name=\"robots\" content=\"noindex, follow, max-snippet:-1, max-image-preview:large, max-video-preview:-1\" \/>\n<meta property=\"og:locale\" content=\"es_ES\" \/>\n<meta property=\"og:type\" content=\"article\" \/>\n<meta property=\"og:title\" content=\"ROTATOR MASTURBADOR - Tienda Er\u00f3tica\" \/>\n<meta property=\"og:description\" content=\"ROTATOR MASTURBATOR Experimenta nuevos niveles de placer org\u00e1smico intensificado con el Optimum Power Rotator Masturbator. Este placentero de dise\u00f1o ergon\u00f3mico\" \/>\n<meta property=\"og:url\" content=\"https:\/\/demoweb.info\/sexshop001\/producto\/rotator-masturbador\/\" \/>\n<meta property=\"og:site_name\" content=\"Tienda Er\u00f3tica\" \/>\n<meta property=\"article:modified_time\" content=\"2022-01-22T10:08:12+00:00\" \/>\n<meta property=\"og:image\" content=\"https:\/\/demoweb.info\/sexshop001\/wp-content\/uploads\/2022\/01\/ROTATOR-MASTURBADOR.jpg\" \/>\n\t<meta property=\"og:image:width\" content=\"550\" \/>\n\t<meta property=\"og:image:height\" content=\"550\" \/>\n\t<meta property=\"og:image:type\" content=\"image\/jpeg\" \/>\n<meta name=\"twitter:card\" content=\"summary_large_image\" \/>\n<meta name=\"twitter:label1\" content=\"Tiempo de lectura\" \/>\n\t<meta name=\"twitter:data1\" content=\"1 minuto\" \/>\n<script type=\"application\/ld+json\" class=\"yoast-schema-graph\">{\"@context\":\"https:\/\/schema.org\",\"@graph\":[{\"@type\":\"WebPage\",\"@id\":\"https:\/\/demoweb.info\/sexshop001\/producto\/rotator-masturbador\/\",\"url\":\"https:\/\/demoweb.info\/sexshop001\/producto\/rotator-masturbador\/\",\"name\":\"ROTATOR MASTURBADOR - Tienda Er\u00f3tica\",\"isPartOf\":{\"@id\":\"https:\/\/demoweb.info\/sexshop001\/#website\"},\"datePublished\":\"2022-01-22T10:07:45+00:00\",\"dateModified\":\"2022-01-22T10:08:12+00:00\",\"breadcrumb\":{\"@id\":\"https:\/\/demoweb.info\/sexshop001\/producto\/rotator-masturbador\/#breadcrumb\"},\"inLanguage\":\"es\",\"potentialAction\":[{\"@type\":\"ReadAction\",\"target\":[\"https:\/\/demoweb.info\/sexshop001\/producto\/rotator-masturbador\/\"]}]},{\"@type\":\"BreadcrumbList\",\"@id\":\"https:\/\/demoweb.info\/sexshop001\/producto\/rotator-masturbador\/#breadcrumb\",\"itemListElement\":[{\"@type\":\"ListItem\",\"position\":1,\"name\":\"Portada\",\"item\":\"https:\/\/demoweb.info\/sexshop001\/\"},{\"@type\":\"ListItem\",\"position\":2,\"name\":\"Tienda\",\"item\":\"https:\/\/demoweb.info\/sexshop001\/tienda\/\"},{\"@type\":\"ListItem\",\"position\":3,\"name\":\"ROTATOR MASTURBADOR\"}]},{\"@type\":\"WebSite\",\"@id\":\"https:\/\/demoweb.info\/sexshop001\/#website\",\"url\":\"https:\/\/demoweb.info\/sexshop001\/\",\"name\":\"Tienda Er\u00f3tica\",\"description\":\"DEMOWEB SL\",\"potentialAction\":[{\"@type\":\"SearchAction\",\"target\":{\"@type\":\"EntryPoint\",\"urlTemplate\":\"https:\/\/demoweb.info\/sexshop001\/?s={search_term_string}\"},\"query-input\":\"required name=search_term_string\"}],\"inLanguage\":\"es\"}]}<\/script>\n<!-- \/ Yoast SEO plugin. -->","yoast_head_json":{"title":"ROTATOR MASTURBADOR - Tienda Er\u00f3tica","robots":{"index":"noindex","follow":"follow","max-snippet":"max-snippet:-1","max-image-preview":"max-image-preview:large","max-video-preview":"max-video-preview:-1"},"og_locale":"es_ES","og_type":"article","og_title":"ROTATOR MASTURBADOR - Tienda Er\u00f3tica","og_description":"ROTATOR MASTURBATOR Experimenta nuevos niveles de placer org\u00e1smico intensificado con el Optimum Power Rotator Masturbator. Este placentero de dise\u00f1o ergon\u00f3mico","og_url":"https:\/\/demoweb.info\/sexshop001\/producto\/rotator-masturbador\/","og_site_name":"Tienda Er\u00f3tica","article_modified_time":"2022-01-22T10:08:12+00:00","og_image":[{"width":550,"height":550,"url":"https:\/\/demoweb.info\/sexshop001\/wp-content\/uploads\/2022\/01\/ROTATOR-MASTURBADOR.jpg","type":"image\/jpeg"}],"twitter_card":"summary_large_image","twitter_misc":{"Tiempo de lectura":"1 minuto"},"schema":{"@context":"https:\/\/schema.org","@graph":[{"@type":"WebPage","@id":"https:\/\/demoweb.info\/sexshop001\/producto\/rotator-masturbador\/","url":"https:\/\/demoweb.info\/sexshop001\/producto\/rotator-masturbador\/","name":"ROTATOR MASTURBADOR - Tienda Er\u00f3tica","isPartOf":{"@id":"https:\/\/demoweb.info\/sexshop001\/#website"},"datePublished":"2022-01-22T10:07:45+00:00","dateModified":"2022-01-22T10:08:12+00:00","breadcrumb":{"@id":"https:\/\/demoweb.info\/sexshop001\/producto\/rotator-masturbador\/#breadcrumb"},"inLanguage":"es","potentialAction":[{"@type":"ReadAction","target":["https:\/\/demoweb.info\/sexshop001\/producto\/rotator-masturbador\/"]}]},{"@type":"BreadcrumbList","@id":"https:\/\/demoweb.info\/sexshop001\/producto\/rotator-masturbador\/#breadcrumb","itemListElement":[{"@type":"ListItem","position":1,"name":"Portada","item":"https:\/\/demoweb.info\/sexshop001\/"},{"@type":"ListItem","position":2,"name":"Tienda","item":"https:\/\/demoweb.info\/sexshop001\/tienda\/"},{"@type":"ListItem","position":3,"name":"ROTATOR MASTURBADOR"}]},{"@type":"WebSite","@id":"https:\/\/demoweb.info\/sexshop001\/#website","url":"https:\/\/demoweb.info\/sexshop001\/","name":"Tienda Er\u00f3tica","description":"DEMOWEB SL","potentialAction":[{"@type":"SearchAction","target":{"@type":"EntryPoint","urlTemplate":"https:\/\/demoweb.info\/sexshop001\/?s={search_term_string}"},"query-input":"required name=search_term_string"}],"inLanguage":"es"}]}},"_links":{"self":[{"href":"https:\/\/demoweb.info\/sexshop001\/wp-json\/wp\/v3\/product\/20257","targetHints":{"allow":["GET"]}}],"collection":[{"href":"https:\/\/demoweb.info\/sexshop001\/wp-json\/wp\/v3\/product"}],"about":[{"href":"https:\/\/demoweb.info\/sexshop001\/wp-json\/wp\/v2\/types\/product"}],"replies":[{"embeddable":true,"href":"https:\/\/demoweb.info\/sexshop001\/wp-json\/wp\/v2\/comments?post=20257"}],"wp:featuredmedia":[{"embeddable":true,"href":"https:\/\/demoweb.info\/sexshop001\/wp-json\/wp\/v2\/media\/20258"}],"wp:attachment":[{"href":"https:\/\/demoweb.info\/sexshop001\/wp-json\/wp\/v2\/media?parent=20257"}],"wp:term":[{"taxonomy":"product_cat","embeddable":true,"href":"https:\/\/demoweb.info\/sexshop001\/wp-json\/wp\/v2\/product_cat?post=20257"},{"taxonomy":"product_tag","embeddable":true,"href":"https:\/\/demoweb.info\/sexshop001\/wp-json\/wp\/v2\/product_tag?post=20257"}],"curies":[{"name":"wp","href":"https:\/\/api.w.org\/{rel}","templated":true}]}}