{"id":20229,"date":"2022-01-22T11:07:45","date_gmt":"2022-01-22T10:07:45","guid":{"rendered":"https:\/\/demoweb.info\/sexshop001\/producto\/lazo-silicona-amarillo\/"},"modified":"2022-01-22T11:08:00","modified_gmt":"2022-01-22T10:08:00","slug":"lazo-silicona-amarillo","status":"publish","type":"product","link":"https:\/\/demoweb.info\/sexshop001\/producto\/lazo-silicona-amarillo\/","title":{"rendered":"LAZO SILICONA &#8211; AMARILLO"},"content":{"rendered":"<p><strong>LASSO <\/strong><\/p>\n<p><span style=&quot;font-family:tahoma,geneva,sans-serif&quot;>Eleva tu sensualidad y satisfacci\u00f3n con el lazo.<br \/>\nEl potenciador de erecci\u00f3n totalmente ajustable y f\u00e1cil de usar est\u00e1 dise\u00f1ado para maximizar tu placer er\u00f3tico mientras mantiene una erecci\u00f3n dura como una roca.<\/p>\n<p>El potenciador suave y flexible en forma de lazo se desliza sobre el pene erecto para un apoyo instant\u00e1neo de excitaci\u00f3n y estimulaci\u00f3n. Regula el ajuste y prep\u00e1rate para disfrutar de un \u00e9xtasis ilimitado y explosiones alucinantes en todo momento. El potenciador est\u00e1 hecho de l\u00e1tex suave, flexible y se desliza discretamente sobre el pene erecto para un ajuste c\u00f3modo y placentero que brinda soporte adicional.<\/p>\n<p>Para ajustar el ajuste, afloja o aprieta el cord\u00f3n, para garantizar la excitaci\u00f3n personal perfecta, la estimulaci\u00f3n y el control del rendimiento.<br \/>\nPara aumentar la sensibilidad y maximizar a\u00fan m\u00e1s sus sensaciones er\u00f3ticas y hormigueos utiliza siempre un lubricante de calidad.<\/p>\n<p>Explora tus sue\u00f1os sensuales y deseos secretos con el potenciador que te asegura tener el viaje de tu vida. El potenciador de l\u00e1tex suave y el\u00e1stico es ideal para la experimentaci\u00f3n sensual espont\u00e1nea y para extender el coito.<br \/>\nAntes y despu\u00e9s de cada uso, recuerda limpiar el potenciador ajustable con un spray limpiador de juguetes o lavarlo con agua tibia y jab\u00f3n.<\/p>\n<p><strong>Longitud total :<\/strong> 12 cm (ajustable)<br \/>\n<strong>Di\u00e1metro<\/strong> : 12cm<br \/>\n<strong>Bodysafe: <\/strong>Si<br \/>\n<strong>Material <\/strong>Latex<\/span><\/p>\n","protected":false},"excerpt":{"rendered":"<p>LASSO Eleva tu sensualidad y satisfacci\u00f3n con el lazo. El potenciador de erecci\u00f3n totalmente ajustable y f\u00e1cil de usar est\u00e1<\/p>\n","protected":false},"featured_media":20230,"comment_status":"open","ping_status":"open","template":"","meta":[],"product_cat":[643],"product_tag":[660,806],"class_list":["post-20229","product","type-product","status-publish","has-post-thumbnail","hentry","product_cat-basicos-anillos","product_tag-calexotics","product_tag-rings"],"bundled_by":[],"bundle_stock_status":"instock","bundle_stock_quantity":2,"bundle_virtual":false,"bundle_layout":"","bundle_add_to_cart_form_location":"","bundle_editable_in_cart":false,"bundle_sold_individually_context":"","bundle_item_grouping":"","bundle_min_size":"","bundle_max_size":"","bundled_items":[],"yoast_head":"<!-- This site is optimized with the Yoast SEO plugin v20.6 - https:\/\/yoast.com\/wordpress\/plugins\/seo\/ -->\n<title>LAZO SILICONA - AMARILLO - Tienda Er\u00f3tica<\/title>\n<meta name=\"robots\" content=\"noindex, follow, max-snippet:-1, max-image-preview:large, max-video-preview:-1\" \/>\n<meta property=\"og:locale\" content=\"es_ES\" \/>\n<meta property=\"og:type\" content=\"article\" \/>\n<meta property=\"og:title\" content=\"LAZO SILICONA - AMARILLO - Tienda Er\u00f3tica\" \/>\n<meta property=\"og:description\" content=\"LASSO Eleva tu sensualidad y satisfacci\u00f3n con el lazo. El potenciador de erecci\u00f3n totalmente ajustable y f\u00e1cil de usar est\u00e1\" \/>\n<meta property=\"og:url\" content=\"https:\/\/demoweb.info\/sexshop001\/producto\/lazo-silicona-amarillo\/\" \/>\n<meta property=\"og:site_name\" content=\"Tienda Er\u00f3tica\" \/>\n<meta property=\"article:modified_time\" content=\"2022-01-22T10:08:00+00:00\" \/>\n<meta property=\"og:image\" content=\"https:\/\/demoweb.info\/sexshop001\/wp-content\/uploads\/2022\/01\/LAZO-SILICONA-AMARILLO.jpg\" \/>\n\t<meta property=\"og:image:width\" content=\"550\" \/>\n\t<meta property=\"og:image:height\" content=\"550\" \/>\n\t<meta property=\"og:image:type\" content=\"image\/jpeg\" \/>\n<meta name=\"twitter:card\" content=\"summary_large_image\" \/>\n<meta name=\"twitter:label1\" content=\"Tiempo de lectura\" \/>\n\t<meta name=\"twitter:data1\" content=\"1 minuto\" \/>\n<script type=\"application\/ld+json\" class=\"yoast-schema-graph\">{\"@context\":\"https:\/\/schema.org\",\"@graph\":[{\"@type\":\"WebPage\",\"@id\":\"https:\/\/demoweb.info\/sexshop001\/producto\/lazo-silicona-amarillo\/\",\"url\":\"https:\/\/demoweb.info\/sexshop001\/producto\/lazo-silicona-amarillo\/\",\"name\":\"LAZO SILICONA - AMARILLO - Tienda Er\u00f3tica\",\"isPartOf\":{\"@id\":\"https:\/\/demoweb.info\/sexshop001\/#website\"},\"datePublished\":\"2022-01-22T10:07:45+00:00\",\"dateModified\":\"2022-01-22T10:08:00+00:00\",\"breadcrumb\":{\"@id\":\"https:\/\/demoweb.info\/sexshop001\/producto\/lazo-silicona-amarillo\/#breadcrumb\"},\"inLanguage\":\"es\",\"potentialAction\":[{\"@type\":\"ReadAction\",\"target\":[\"https:\/\/demoweb.info\/sexshop001\/producto\/lazo-silicona-amarillo\/\"]}]},{\"@type\":\"BreadcrumbList\",\"@id\":\"https:\/\/demoweb.info\/sexshop001\/producto\/lazo-silicona-amarillo\/#breadcrumb\",\"itemListElement\":[{\"@type\":\"ListItem\",\"position\":1,\"name\":\"Portada\",\"item\":\"https:\/\/demoweb.info\/sexshop001\/\"},{\"@type\":\"ListItem\",\"position\":2,\"name\":\"Tienda\",\"item\":\"https:\/\/demoweb.info\/sexshop001\/tienda\/\"},{\"@type\":\"ListItem\",\"position\":3,\"name\":\"LAZO SILICONA &#8211; AMARILLO\"}]},{\"@type\":\"WebSite\",\"@id\":\"https:\/\/demoweb.info\/sexshop001\/#website\",\"url\":\"https:\/\/demoweb.info\/sexshop001\/\",\"name\":\"Tienda Er\u00f3tica\",\"description\":\"DEMOWEB SL\",\"potentialAction\":[{\"@type\":\"SearchAction\",\"target\":{\"@type\":\"EntryPoint\",\"urlTemplate\":\"https:\/\/demoweb.info\/sexshop001\/?s={search_term_string}\"},\"query-input\":\"required name=search_term_string\"}],\"inLanguage\":\"es\"}]}<\/script>\n<!-- \/ Yoast SEO plugin. -->","yoast_head_json":{"title":"LAZO SILICONA - AMARILLO - Tienda Er\u00f3tica","robots":{"index":"noindex","follow":"follow","max-snippet":"max-snippet:-1","max-image-preview":"max-image-preview:large","max-video-preview":"max-video-preview:-1"},"og_locale":"es_ES","og_type":"article","og_title":"LAZO SILICONA - AMARILLO - Tienda Er\u00f3tica","og_description":"LASSO Eleva tu sensualidad y satisfacci\u00f3n con el lazo. El potenciador de erecci\u00f3n totalmente ajustable y f\u00e1cil de usar est\u00e1","og_url":"https:\/\/demoweb.info\/sexshop001\/producto\/lazo-silicona-amarillo\/","og_site_name":"Tienda Er\u00f3tica","article_modified_time":"2022-01-22T10:08:00+00:00","og_image":[{"width":550,"height":550,"url":"https:\/\/demoweb.info\/sexshop001\/wp-content\/uploads\/2022\/01\/LAZO-SILICONA-AMARILLO.jpg","type":"image\/jpeg"}],"twitter_card":"summary_large_image","twitter_misc":{"Tiempo de lectura":"1 minuto"},"schema":{"@context":"https:\/\/schema.org","@graph":[{"@type":"WebPage","@id":"https:\/\/demoweb.info\/sexshop001\/producto\/lazo-silicona-amarillo\/","url":"https:\/\/demoweb.info\/sexshop001\/producto\/lazo-silicona-amarillo\/","name":"LAZO SILICONA - AMARILLO - Tienda Er\u00f3tica","isPartOf":{"@id":"https:\/\/demoweb.info\/sexshop001\/#website"},"datePublished":"2022-01-22T10:07:45+00:00","dateModified":"2022-01-22T10:08:00+00:00","breadcrumb":{"@id":"https:\/\/demoweb.info\/sexshop001\/producto\/lazo-silicona-amarillo\/#breadcrumb"},"inLanguage":"es","potentialAction":[{"@type":"ReadAction","target":["https:\/\/demoweb.info\/sexshop001\/producto\/lazo-silicona-amarillo\/"]}]},{"@type":"BreadcrumbList","@id":"https:\/\/demoweb.info\/sexshop001\/producto\/lazo-silicona-amarillo\/#breadcrumb","itemListElement":[{"@type":"ListItem","position":1,"name":"Portada","item":"https:\/\/demoweb.info\/sexshop001\/"},{"@type":"ListItem","position":2,"name":"Tienda","item":"https:\/\/demoweb.info\/sexshop001\/tienda\/"},{"@type":"ListItem","position":3,"name":"LAZO SILICONA &#8211; AMARILLO"}]},{"@type":"WebSite","@id":"https:\/\/demoweb.info\/sexshop001\/#website","url":"https:\/\/demoweb.info\/sexshop001\/","name":"Tienda Er\u00f3tica","description":"DEMOWEB SL","potentialAction":[{"@type":"SearchAction","target":{"@type":"EntryPoint","urlTemplate":"https:\/\/demoweb.info\/sexshop001\/?s={search_term_string}"},"query-input":"required name=search_term_string"}],"inLanguage":"es"}]}},"_links":{"self":[{"href":"https:\/\/demoweb.info\/sexshop001\/wp-json\/wp\/v3\/product\/20229","targetHints":{"allow":["GET"]}}],"collection":[{"href":"https:\/\/demoweb.info\/sexshop001\/wp-json\/wp\/v3\/product"}],"about":[{"href":"https:\/\/demoweb.info\/sexshop001\/wp-json\/wp\/v2\/types\/product"}],"replies":[{"embeddable":true,"href":"https:\/\/demoweb.info\/sexshop001\/wp-json\/wp\/v2\/comments?post=20229"}],"wp:featuredmedia":[{"embeddable":true,"href":"https:\/\/demoweb.info\/sexshop001\/wp-json\/wp\/v2\/media\/20230"}],"wp:attachment":[{"href":"https:\/\/demoweb.info\/sexshop001\/wp-json\/wp\/v2\/media?parent=20229"}],"wp:term":[{"taxonomy":"product_cat","embeddable":true,"href":"https:\/\/demoweb.info\/sexshop001\/wp-json\/wp\/v2\/product_cat?post=20229"},{"taxonomy":"product_tag","embeddable":true,"href":"https:\/\/demoweb.info\/sexshop001\/wp-json\/wp\/v2\/product_tag?post=20229"}],"curies":[{"name":"wp","href":"https:\/\/api.w.org\/{rel}","templated":true}]}}