{"id":20187,"date":"2022-01-22T11:07:09","date_gmt":"2022-01-22T10:07:09","guid":{"rendered":"https:\/\/demoweb.info\/sexshop001\/producto\/sue-johanson-head-honcho-vagina-transparente\/"},"modified":"2022-01-22T11:07:41","modified_gmt":"2022-01-22T10:07:41","slug":"sue-johanson-head-honcho-vagina-transparente","status":"publish","type":"product","link":"https:\/\/demoweb.info\/sexshop001\/producto\/sue-johanson-head-honcho-vagina-transparente\/","title":{"rendered":"SUE JOHANSON HEAD HONCHO &#8211; VAGINA TRANSPARENTE"},"content":{"rendered":"<pre>\n<span style=&quot;font-family:tahoma,geneva,sans-serif&quot;>Desl\u00edzate dentro del Head Honcho de Sue Johanson y experimenta el placer de un trazo largo y realista dise\u00f1ado para volverte loco.\nEl Head Honcho fue votado como Juguete del a\u00f1o por los espectadores de Sue Johanson, y est\u00e1 listo para proporcionar la succi\u00f3n y la tensi\u00f3n que necesitas.  El Head Honcho de Sue Johanson tiene un tama\u00f1o generoso de 12,7 cm  de largo y 7,62 cm de ancho para cobertura m\u00e1xima y sensaci\u00f3n superior en toda la superficie. El material Senso proporciona una sensaci\u00f3n suave, firme y flexible.\nLubrica tu pene  para una sensaci\u00f3n realista incre\u00edblemente buena. Empuja tan fuerte como quieras o bromea  yendo lento y profundo.  El Head Honcho cuenta con tres c\u00e1maras de succi\u00f3n para proporcionar un poderoso tir\u00f3n y presi\u00f3n contra su erecci\u00f3n.\n\n<strong>Longitud total<\/strong> : 12.75 cm x 7.5 cm\n<strong>Material:<\/strong>  TPR\n\n<\/span>\n<\/pre>\n","protected":false},"excerpt":{"rendered":"<p>Desl\u00edzate dentro del Head Honcho de Sue Johanson y experimenta el placer de un trazo largo y realista dise\u00f1ado para<\/p>\n","protected":false},"featured_media":20188,"comment_status":"open","ping_status":"open","template":"","meta":[],"product_cat":[541],"product_tag":[660,987],"class_list":["post-20187","product","type-product","status-publish","has-post-thumbnail","hentry","product_cat-vaginas","product_tag-calexotics","product_tag-sue-johanson"],"bundled_by":[],"bundle_stock_status":"instock","bundle_stock_quantity":2,"bundle_virtual":false,"bundle_layout":"","bundle_add_to_cart_form_location":"","bundle_editable_in_cart":false,"bundle_sold_individually_context":"","bundle_item_grouping":"","bundle_min_size":"","bundle_max_size":"","bundled_items":[],"yoast_head":"<!-- This site is optimized with the Yoast SEO plugin v20.6 - https:\/\/yoast.com\/wordpress\/plugins\/seo\/ -->\n<title>SUE JOHANSON HEAD HONCHO - VAGINA TRANSPARENTE - Tienda Er\u00f3tica<\/title>\n<meta name=\"robots\" content=\"noindex, follow, max-snippet:-1, max-image-preview:large, max-video-preview:-1\" \/>\n<meta property=\"og:locale\" content=\"es_ES\" \/>\n<meta property=\"og:type\" content=\"article\" \/>\n<meta property=\"og:title\" content=\"SUE JOHANSON HEAD HONCHO - VAGINA TRANSPARENTE - Tienda Er\u00f3tica\" \/>\n<meta property=\"og:description\" content=\"Desl\u00edzate dentro del Head Honcho de Sue Johanson y experimenta el placer de un trazo largo y realista dise\u00f1ado para\" \/>\n<meta property=\"og:url\" content=\"https:\/\/demoweb.info\/sexshop001\/producto\/sue-johanson-head-honcho-vagina-transparente\/\" \/>\n<meta property=\"og:site_name\" content=\"Tienda Er\u00f3tica\" \/>\n<meta property=\"article:modified_time\" content=\"2022-01-22T10:07:41+00:00\" \/>\n<meta property=\"og:image\" content=\"https:\/\/demoweb.info\/sexshop001\/wp-content\/uploads\/2022\/01\/SUE-JOHANSON-HEAD-HONCHO-VAGINA-TRANSPARENTE.jpg\" \/>\n\t<meta property=\"og:image:width\" content=\"550\" \/>\n\t<meta property=\"og:image:height\" content=\"550\" \/>\n\t<meta property=\"og:image:type\" content=\"image\/jpeg\" \/>\n<meta name=\"twitter:card\" content=\"summary_large_image\" \/>\n<meta name=\"twitter:label1\" content=\"Tiempo de lectura\" \/>\n\t<meta name=\"twitter:data1\" content=\"1 minuto\" \/>\n<script type=\"application\/ld+json\" class=\"yoast-schema-graph\">{\"@context\":\"https:\/\/schema.org\",\"@graph\":[{\"@type\":\"WebPage\",\"@id\":\"https:\/\/demoweb.info\/sexshop001\/producto\/sue-johanson-head-honcho-vagina-transparente\/\",\"url\":\"https:\/\/demoweb.info\/sexshop001\/producto\/sue-johanson-head-honcho-vagina-transparente\/\",\"name\":\"SUE JOHANSON HEAD HONCHO - VAGINA TRANSPARENTE - Tienda Er\u00f3tica\",\"isPartOf\":{\"@id\":\"https:\/\/demoweb.info\/sexshop001\/#website\"},\"datePublished\":\"2022-01-22T10:07:09+00:00\",\"dateModified\":\"2022-01-22T10:07:41+00:00\",\"breadcrumb\":{\"@id\":\"https:\/\/demoweb.info\/sexshop001\/producto\/sue-johanson-head-honcho-vagina-transparente\/#breadcrumb\"},\"inLanguage\":\"es\",\"potentialAction\":[{\"@type\":\"ReadAction\",\"target\":[\"https:\/\/demoweb.info\/sexshop001\/producto\/sue-johanson-head-honcho-vagina-transparente\/\"]}]},{\"@type\":\"BreadcrumbList\",\"@id\":\"https:\/\/demoweb.info\/sexshop001\/producto\/sue-johanson-head-honcho-vagina-transparente\/#breadcrumb\",\"itemListElement\":[{\"@type\":\"ListItem\",\"position\":1,\"name\":\"Portada\",\"item\":\"https:\/\/demoweb.info\/sexshop001\/\"},{\"@type\":\"ListItem\",\"position\":2,\"name\":\"Tienda\",\"item\":\"https:\/\/demoweb.info\/sexshop001\/tienda\/\"},{\"@type\":\"ListItem\",\"position\":3,\"name\":\"SUE JOHANSON HEAD HONCHO &#8211; VAGINA TRANSPARENTE\"}]},{\"@type\":\"WebSite\",\"@id\":\"https:\/\/demoweb.info\/sexshop001\/#website\",\"url\":\"https:\/\/demoweb.info\/sexshop001\/\",\"name\":\"Tienda Er\u00f3tica\",\"description\":\"DEMOWEB SL\",\"potentialAction\":[{\"@type\":\"SearchAction\",\"target\":{\"@type\":\"EntryPoint\",\"urlTemplate\":\"https:\/\/demoweb.info\/sexshop001\/?s={search_term_string}\"},\"query-input\":\"required name=search_term_string\"}],\"inLanguage\":\"es\"}]}<\/script>\n<!-- \/ Yoast SEO plugin. -->","yoast_head_json":{"title":"SUE JOHANSON HEAD HONCHO - VAGINA TRANSPARENTE - Tienda Er\u00f3tica","robots":{"index":"noindex","follow":"follow","max-snippet":"max-snippet:-1","max-image-preview":"max-image-preview:large","max-video-preview":"max-video-preview:-1"},"og_locale":"es_ES","og_type":"article","og_title":"SUE JOHANSON HEAD HONCHO - VAGINA TRANSPARENTE - Tienda Er\u00f3tica","og_description":"Desl\u00edzate dentro del Head Honcho de Sue Johanson y experimenta el placer de un trazo largo y realista dise\u00f1ado para","og_url":"https:\/\/demoweb.info\/sexshop001\/producto\/sue-johanson-head-honcho-vagina-transparente\/","og_site_name":"Tienda Er\u00f3tica","article_modified_time":"2022-01-22T10:07:41+00:00","og_image":[{"width":550,"height":550,"url":"https:\/\/demoweb.info\/sexshop001\/wp-content\/uploads\/2022\/01\/SUE-JOHANSON-HEAD-HONCHO-VAGINA-TRANSPARENTE.jpg","type":"image\/jpeg"}],"twitter_card":"summary_large_image","twitter_misc":{"Tiempo de lectura":"1 minuto"},"schema":{"@context":"https:\/\/schema.org","@graph":[{"@type":"WebPage","@id":"https:\/\/demoweb.info\/sexshop001\/producto\/sue-johanson-head-honcho-vagina-transparente\/","url":"https:\/\/demoweb.info\/sexshop001\/producto\/sue-johanson-head-honcho-vagina-transparente\/","name":"SUE JOHANSON HEAD HONCHO - VAGINA TRANSPARENTE - Tienda Er\u00f3tica","isPartOf":{"@id":"https:\/\/demoweb.info\/sexshop001\/#website"},"datePublished":"2022-01-22T10:07:09+00:00","dateModified":"2022-01-22T10:07:41+00:00","breadcrumb":{"@id":"https:\/\/demoweb.info\/sexshop001\/producto\/sue-johanson-head-honcho-vagina-transparente\/#breadcrumb"},"inLanguage":"es","potentialAction":[{"@type":"ReadAction","target":["https:\/\/demoweb.info\/sexshop001\/producto\/sue-johanson-head-honcho-vagina-transparente\/"]}]},{"@type":"BreadcrumbList","@id":"https:\/\/demoweb.info\/sexshop001\/producto\/sue-johanson-head-honcho-vagina-transparente\/#breadcrumb","itemListElement":[{"@type":"ListItem","position":1,"name":"Portada","item":"https:\/\/demoweb.info\/sexshop001\/"},{"@type":"ListItem","position":2,"name":"Tienda","item":"https:\/\/demoweb.info\/sexshop001\/tienda\/"},{"@type":"ListItem","position":3,"name":"SUE JOHANSON HEAD HONCHO &#8211; VAGINA TRANSPARENTE"}]},{"@type":"WebSite","@id":"https:\/\/demoweb.info\/sexshop001\/#website","url":"https:\/\/demoweb.info\/sexshop001\/","name":"Tienda Er\u00f3tica","description":"DEMOWEB SL","potentialAction":[{"@type":"SearchAction","target":{"@type":"EntryPoint","urlTemplate":"https:\/\/demoweb.info\/sexshop001\/?s={search_term_string}"},"query-input":"required name=search_term_string"}],"inLanguage":"es"}]}},"_links":{"self":[{"href":"https:\/\/demoweb.info\/sexshop001\/wp-json\/wp\/v3\/product\/20187","targetHints":{"allow":["GET"]}}],"collection":[{"href":"https:\/\/demoweb.info\/sexshop001\/wp-json\/wp\/v3\/product"}],"about":[{"href":"https:\/\/demoweb.info\/sexshop001\/wp-json\/wp\/v2\/types\/product"}],"replies":[{"embeddable":true,"href":"https:\/\/demoweb.info\/sexshop001\/wp-json\/wp\/v2\/comments?post=20187"}],"wp:featuredmedia":[{"embeddable":true,"href":"https:\/\/demoweb.info\/sexshop001\/wp-json\/wp\/v2\/media\/20188"}],"wp:attachment":[{"href":"https:\/\/demoweb.info\/sexshop001\/wp-json\/wp\/v2\/media?parent=20187"}],"wp:term":[{"taxonomy":"product_cat","embeddable":true,"href":"https:\/\/demoweb.info\/sexshop001\/wp-json\/wp\/v2\/product_cat?post=20187"},{"taxonomy":"product_tag","embeddable":true,"href":"https:\/\/demoweb.info\/sexshop001\/wp-json\/wp\/v2\/product_tag?post=20187"}],"curies":[{"name":"wp","href":"https:\/\/api.w.org\/{rel}","templated":true}]}}