{"id":20039,"date":"2022-01-22T11:06:31","date_gmt":"2022-01-22T10:06:31","guid":{"rendered":"https:\/\/demoweb.info\/sexshop001\/producto\/jock-strap-xxxl\/"},"modified":"2022-01-22T11:06:36","modified_gmt":"2022-01-22T10:06:36","slug":"jock-strap-xxxl","status":"publish","type":"product","link":"https:\/\/demoweb.info\/sexshop001\/producto\/jock-strap-xxxl\/","title":{"rendered":"JOCK STRAP &#8211; XXXL"},"content":{"rendered":"<\/p>\n<p>Packer Gear \u2122 Jock Strap la correa ultra suave en el arn\u00e9s dise\u00f1ada pensando en un rendimiento potente y una comodidad que se estira para ajustar. Este arn\u00e9s cl\u00e1sico tiene una pretina extra ancha de apoyo, material el\u00e1stico suave y correas de sonda internas para brindar el m\u00e1ximo apoyo. Disfruta del placer de la doble penetraci\u00f3n con el c\u00f3modo dise\u00f1o de 2 paneles y el exclusivo bolsillo de estimulaci\u00f3n del vibrador de bala. La junta t\u00f3rica reforzada y duradera se estira para adaptarse a su compresor, vibrador o consolador. <br \/>\nTanto los principiantes como los usuarios expertos adorar\u00e1n el placer con este arn\u00e9s f\u00e1cil de usar. Simplemente asegura su sonda favorita, desl\u00edcela en las correas extra el\u00e1sticas de la cintura y los muslos y sum\u00e9rjase en la penetraci\u00f3n apasionada o disfrute de un uso c\u00f3modo durante todo el d\u00eda. Disfruta de una limpieza f\u00e1cil lavando a mano y cuelgalo para secarlo.<\/p>\n<p><strong>Material    <\/strong>95% Cotton, 5% Spandex (fabric) 13% Polyester, 62% Nylon, 25% Spandex (waistband, straps)<\/p>\n","protected":false},"excerpt":{"rendered":"<p>Packer Gear \u2122 Jock Strap la correa ultra suave en el arn\u00e9s dise\u00f1ada pensando en un rendimiento potente y una<\/p>\n","protected":false},"featured_media":20040,"comment_status":"open","ping_status":"open","template":"","meta":[],"product_cat":[272],"product_tag":[660,980],"class_list":["post-20039","product","type-product","status-publish","has-post-thumbnail","hentry","product_cat-sin-sujecion","product_tag-calexotics","product_tag-packer-gear"],"bundled_by":[],"bundle_stock_status":"instock","bundle_stock_quantity":1,"bundle_virtual":false,"bundle_layout":"","bundle_add_to_cart_form_location":"","bundle_editable_in_cart":false,"bundle_sold_individually_context":"","bundle_item_grouping":"","bundle_min_size":"","bundle_max_size":"","bundled_items":[],"yoast_head":"<!-- This site is optimized with the Yoast SEO plugin v20.6 - https:\/\/yoast.com\/wordpress\/plugins\/seo\/ -->\n<title>JOCK STRAP - XXXL - Tienda Er\u00f3tica<\/title>\n<meta name=\"robots\" content=\"noindex, follow, max-snippet:-1, max-image-preview:large, max-video-preview:-1\" \/>\n<meta property=\"og:locale\" content=\"es_ES\" \/>\n<meta property=\"og:type\" content=\"article\" \/>\n<meta property=\"og:title\" content=\"JOCK STRAP - XXXL - Tienda Er\u00f3tica\" \/>\n<meta property=\"og:description\" content=\"Packer Gear \u2122 Jock Strap la correa ultra suave en el arn\u00e9s dise\u00f1ada pensando en un rendimiento potente y una\" \/>\n<meta property=\"og:url\" content=\"https:\/\/demoweb.info\/sexshop001\/producto\/jock-strap-xxxl\/\" \/>\n<meta property=\"og:site_name\" content=\"Tienda Er\u00f3tica\" \/>\n<meta property=\"article:modified_time\" content=\"2022-01-22T10:06:36+00:00\" \/>\n<meta property=\"og:image\" content=\"https:\/\/demoweb.info\/sexshop001\/wp-content\/uploads\/2022\/01\/JOCK-STRAP-XXXL.jpg\" \/>\n\t<meta property=\"og:image:width\" content=\"550\" \/>\n\t<meta property=\"og:image:height\" content=\"550\" \/>\n\t<meta property=\"og:image:type\" content=\"image\/jpeg\" \/>\n<meta name=\"twitter:card\" content=\"summary_large_image\" \/>\n<meta name=\"twitter:label1\" content=\"Tiempo de lectura\" \/>\n\t<meta name=\"twitter:data1\" content=\"1 minuto\" \/>\n<script type=\"application\/ld+json\" class=\"yoast-schema-graph\">{\"@context\":\"https:\/\/schema.org\",\"@graph\":[{\"@type\":\"WebPage\",\"@id\":\"https:\/\/demoweb.info\/sexshop001\/producto\/jock-strap-xxxl\/\",\"url\":\"https:\/\/demoweb.info\/sexshop001\/producto\/jock-strap-xxxl\/\",\"name\":\"JOCK STRAP - XXXL - Tienda Er\u00f3tica\",\"isPartOf\":{\"@id\":\"https:\/\/demoweb.info\/sexshop001\/#website\"},\"datePublished\":\"2022-01-22T10:06:31+00:00\",\"dateModified\":\"2022-01-22T10:06:36+00:00\",\"breadcrumb\":{\"@id\":\"https:\/\/demoweb.info\/sexshop001\/producto\/jock-strap-xxxl\/#breadcrumb\"},\"inLanguage\":\"es\",\"potentialAction\":[{\"@type\":\"ReadAction\",\"target\":[\"https:\/\/demoweb.info\/sexshop001\/producto\/jock-strap-xxxl\/\"]}]},{\"@type\":\"BreadcrumbList\",\"@id\":\"https:\/\/demoweb.info\/sexshop001\/producto\/jock-strap-xxxl\/#breadcrumb\",\"itemListElement\":[{\"@type\":\"ListItem\",\"position\":1,\"name\":\"Portada\",\"item\":\"https:\/\/demoweb.info\/sexshop001\/\"},{\"@type\":\"ListItem\",\"position\":2,\"name\":\"Tienda\",\"item\":\"https:\/\/demoweb.info\/sexshop001\/tienda\/\"},{\"@type\":\"ListItem\",\"position\":3,\"name\":\"JOCK STRAP &#8211; XXXL\"}]},{\"@type\":\"WebSite\",\"@id\":\"https:\/\/demoweb.info\/sexshop001\/#website\",\"url\":\"https:\/\/demoweb.info\/sexshop001\/\",\"name\":\"Tienda Er\u00f3tica\",\"description\":\"DEMOWEB SL\",\"potentialAction\":[{\"@type\":\"SearchAction\",\"target\":{\"@type\":\"EntryPoint\",\"urlTemplate\":\"https:\/\/demoweb.info\/sexshop001\/?s={search_term_string}\"},\"query-input\":\"required name=search_term_string\"}],\"inLanguage\":\"es\"}]}<\/script>\n<!-- \/ Yoast SEO plugin. -->","yoast_head_json":{"title":"JOCK STRAP - XXXL - Tienda Er\u00f3tica","robots":{"index":"noindex","follow":"follow","max-snippet":"max-snippet:-1","max-image-preview":"max-image-preview:large","max-video-preview":"max-video-preview:-1"},"og_locale":"es_ES","og_type":"article","og_title":"JOCK STRAP - XXXL - Tienda Er\u00f3tica","og_description":"Packer Gear \u2122 Jock Strap la correa ultra suave en el arn\u00e9s dise\u00f1ada pensando en un rendimiento potente y una","og_url":"https:\/\/demoweb.info\/sexshop001\/producto\/jock-strap-xxxl\/","og_site_name":"Tienda Er\u00f3tica","article_modified_time":"2022-01-22T10:06:36+00:00","og_image":[{"width":550,"height":550,"url":"https:\/\/demoweb.info\/sexshop001\/wp-content\/uploads\/2022\/01\/JOCK-STRAP-XXXL.jpg","type":"image\/jpeg"}],"twitter_card":"summary_large_image","twitter_misc":{"Tiempo de lectura":"1 minuto"},"schema":{"@context":"https:\/\/schema.org","@graph":[{"@type":"WebPage","@id":"https:\/\/demoweb.info\/sexshop001\/producto\/jock-strap-xxxl\/","url":"https:\/\/demoweb.info\/sexshop001\/producto\/jock-strap-xxxl\/","name":"JOCK STRAP - XXXL - Tienda Er\u00f3tica","isPartOf":{"@id":"https:\/\/demoweb.info\/sexshop001\/#website"},"datePublished":"2022-01-22T10:06:31+00:00","dateModified":"2022-01-22T10:06:36+00:00","breadcrumb":{"@id":"https:\/\/demoweb.info\/sexshop001\/producto\/jock-strap-xxxl\/#breadcrumb"},"inLanguage":"es","potentialAction":[{"@type":"ReadAction","target":["https:\/\/demoweb.info\/sexshop001\/producto\/jock-strap-xxxl\/"]}]},{"@type":"BreadcrumbList","@id":"https:\/\/demoweb.info\/sexshop001\/producto\/jock-strap-xxxl\/#breadcrumb","itemListElement":[{"@type":"ListItem","position":1,"name":"Portada","item":"https:\/\/demoweb.info\/sexshop001\/"},{"@type":"ListItem","position":2,"name":"Tienda","item":"https:\/\/demoweb.info\/sexshop001\/tienda\/"},{"@type":"ListItem","position":3,"name":"JOCK STRAP &#8211; XXXL"}]},{"@type":"WebSite","@id":"https:\/\/demoweb.info\/sexshop001\/#website","url":"https:\/\/demoweb.info\/sexshop001\/","name":"Tienda Er\u00f3tica","description":"DEMOWEB SL","potentialAction":[{"@type":"SearchAction","target":{"@type":"EntryPoint","urlTemplate":"https:\/\/demoweb.info\/sexshop001\/?s={search_term_string}"},"query-input":"required name=search_term_string"}],"inLanguage":"es"}]}},"_links":{"self":[{"href":"https:\/\/demoweb.info\/sexshop001\/wp-json\/wp\/v3\/product\/20039","targetHints":{"allow":["GET"]}}],"collection":[{"href":"https:\/\/demoweb.info\/sexshop001\/wp-json\/wp\/v3\/product"}],"about":[{"href":"https:\/\/demoweb.info\/sexshop001\/wp-json\/wp\/v2\/types\/product"}],"replies":[{"embeddable":true,"href":"https:\/\/demoweb.info\/sexshop001\/wp-json\/wp\/v2\/comments?post=20039"}],"wp:featuredmedia":[{"embeddable":true,"href":"https:\/\/demoweb.info\/sexshop001\/wp-json\/wp\/v2\/media\/20040"}],"wp:attachment":[{"href":"https:\/\/demoweb.info\/sexshop001\/wp-json\/wp\/v2\/media?parent=20039"}],"wp:term":[{"taxonomy":"product_cat","embeddable":true,"href":"https:\/\/demoweb.info\/sexshop001\/wp-json\/wp\/v2\/product_cat?post=20039"},{"taxonomy":"product_tag","embeddable":true,"href":"https:\/\/demoweb.info\/sexshop001\/wp-json\/wp\/v2\/product_tag?post=20039"}],"curies":[{"name":"wp","href":"https:\/\/api.w.org\/{rel}","templated":true}]}}