{"id":19854,"date":"2022-01-22T11:05:03","date_gmt":"2022-01-22T10:05:03","guid":{"rendered":"https:\/\/demoweb.info\/sexshop001\/producto\/dedal-estimulador-marvelous\/"},"modified":"2022-01-22T11:05:07","modified_gmt":"2022-01-22T10:05:07","slug":"dedal-estimulador-marvelous","status":"publish","type":"product","link":"https:\/\/demoweb.info\/sexshop001\/producto\/dedal-estimulador-marvelous\/","title":{"rendered":"DEDAL ESTIMULADOR MARVELOUS"},"content":{"rendered":"<p><strong>SILICONE MARVELOUS AROUSER<\/strong><\/p>\n<p><span style=&quot;font-family:tahoma,geneva,sans-serif&quot;>El vibrador de dedos totalmente aut\u00f3nomo te emocionar\u00e1 con estimulaci\u00f3n precisa y vibraciones de cobertura total. La vibraci\u00f3n de los dedos de tama\u00f1o grande a extra grande satisface todas tus fantas\u00edas con 10 funciones de vibraci\u00f3n y textura rugosa.<\/p>\n<p>La forma del dedo contorneada y la silicona ultra suave est\u00e1n hechas para explorar el punto m\u00e1s sensual. La superficie suavemente texturizada y el cuerpo contorneado te permiten ofrecer vibraciones emocionantes desde cualquier \u00e1ngulo que desees.<br \/>\nEncuentre tu configuraci\u00f3n favorita con solo tocar un bot\u00f3n mientras recorres 10 poderosas funciones de vibraci\u00f3n. Los botones de control f\u00e1ciles de tocar te permiten disfrutar de un control absoluto. Aprovecha hasta 55 minutos de placer vibratorio a baja velocidad o 75 minutos de estimulaci\u00f3n de alta intensidad.<\/p>\n<p>Carga tu pasi\u00f3n en tan solo 1 hora conectando el cable USB en el puerto de carga en la parte posterior del masajeador. El discreto masajeador delgado de 10,16 cm lo convierte en el compa\u00f1ero de viaje perfecto, permiti\u00e9ndote abrazar el placer que donde quiera que te lleven tus fantas\u00edas.<\/p>\n<p><strong>Longitud total :  <\/strong>10.25 x 3.75 cm<br \/>\n<strong>Modos de vibraci\u00f3n: <\/strong>  10<br \/>\n<strong>Impermeable:   <\/strong> SI<br \/>\n<strong>Bodysafe:  <\/strong>SI <br \/>\n<strong>Material:   <\/strong>Silicona<br \/>\n<strong>Recargable: <\/strong>   SI <br \/>\n<strong>Bater\u00edas requeridas<\/strong> :   USB Recargable<\/span>\n <\/p><\/p>\n","protected":false},"excerpt":{"rendered":"<p>SILICONE MARVELOUS AROUSER El vibrador de dedos totalmente aut\u00f3nomo te emocionar\u00e1 con estimulaci\u00f3n precisa y vibraciones de cobertura total. La<\/p>\n","protected":false},"featured_media":19855,"comment_status":"open","ping_status":"open","template":"","meta":[],"product_cat":[552],"product_tag":[660,974],"class_list":["post-19854","product","type-product","status-publish","has-post-thumbnail","hentry","product_cat-dedales","product_tag-calexotics","product_tag-mini-marvels"],"bundled_by":[],"bundle_stock_status":"outofstock","bundle_stock_quantity":0,"bundle_virtual":false,"bundle_layout":"","bundle_add_to_cart_form_location":"","bundle_editable_in_cart":false,"bundle_sold_individually_context":"","bundle_item_grouping":"","bundle_min_size":"","bundle_max_size":"","bundled_items":[],"yoast_head":"<!-- This site is optimized with the Yoast SEO plugin v20.6 - https:\/\/yoast.com\/wordpress\/plugins\/seo\/ -->\n<title>DEDAL ESTIMULADOR MARVELOUS - Tienda Er\u00f3tica<\/title>\n<meta name=\"robots\" content=\"noindex, follow, max-snippet:-1, max-image-preview:large, max-video-preview:-1\" \/>\n<meta property=\"og:locale\" content=\"es_ES\" \/>\n<meta property=\"og:type\" content=\"article\" \/>\n<meta property=\"og:title\" content=\"DEDAL ESTIMULADOR MARVELOUS - Tienda Er\u00f3tica\" \/>\n<meta property=\"og:description\" content=\"SILICONE MARVELOUS AROUSER El vibrador de dedos totalmente aut\u00f3nomo te emocionar\u00e1 con estimulaci\u00f3n precisa y vibraciones de cobertura total. La\" \/>\n<meta property=\"og:url\" content=\"https:\/\/demoweb.info\/sexshop001\/producto\/dedal-estimulador-marvelous\/\" \/>\n<meta property=\"og:site_name\" content=\"Tienda Er\u00f3tica\" \/>\n<meta property=\"article:modified_time\" content=\"2022-01-22T10:05:07+00:00\" \/>\n<meta property=\"og:image\" content=\"https:\/\/demoweb.info\/sexshop001\/wp-content\/uploads\/2022\/01\/DEDAL-ESTIMULADOR-MARVELOUS.jpg\" \/>\n\t<meta property=\"og:image:width\" content=\"550\" \/>\n\t<meta property=\"og:image:height\" content=\"550\" \/>\n\t<meta property=\"og:image:type\" content=\"image\/jpeg\" \/>\n<meta name=\"twitter:card\" content=\"summary_large_image\" \/>\n<meta name=\"twitter:label1\" content=\"Tiempo de lectura\" \/>\n\t<meta name=\"twitter:data1\" content=\"1 minuto\" \/>\n<script type=\"application\/ld+json\" class=\"yoast-schema-graph\">{\"@context\":\"https:\/\/schema.org\",\"@graph\":[{\"@type\":\"WebPage\",\"@id\":\"https:\/\/demoweb.info\/sexshop001\/producto\/dedal-estimulador-marvelous\/\",\"url\":\"https:\/\/demoweb.info\/sexshop001\/producto\/dedal-estimulador-marvelous\/\",\"name\":\"DEDAL ESTIMULADOR MARVELOUS - Tienda Er\u00f3tica\",\"isPartOf\":{\"@id\":\"https:\/\/demoweb.info\/sexshop001\/#website\"},\"datePublished\":\"2022-01-22T10:05:03+00:00\",\"dateModified\":\"2022-01-22T10:05:07+00:00\",\"breadcrumb\":{\"@id\":\"https:\/\/demoweb.info\/sexshop001\/producto\/dedal-estimulador-marvelous\/#breadcrumb\"},\"inLanguage\":\"es\",\"potentialAction\":[{\"@type\":\"ReadAction\",\"target\":[\"https:\/\/demoweb.info\/sexshop001\/producto\/dedal-estimulador-marvelous\/\"]}]},{\"@type\":\"BreadcrumbList\",\"@id\":\"https:\/\/demoweb.info\/sexshop001\/producto\/dedal-estimulador-marvelous\/#breadcrumb\",\"itemListElement\":[{\"@type\":\"ListItem\",\"position\":1,\"name\":\"Portada\",\"item\":\"https:\/\/demoweb.info\/sexshop001\/\"},{\"@type\":\"ListItem\",\"position\":2,\"name\":\"Tienda\",\"item\":\"https:\/\/demoweb.info\/sexshop001\/tienda\/\"},{\"@type\":\"ListItem\",\"position\":3,\"name\":\"DEDAL ESTIMULADOR MARVELOUS\"}]},{\"@type\":\"WebSite\",\"@id\":\"https:\/\/demoweb.info\/sexshop001\/#website\",\"url\":\"https:\/\/demoweb.info\/sexshop001\/\",\"name\":\"Tienda Er\u00f3tica\",\"description\":\"DEMOWEB SL\",\"potentialAction\":[{\"@type\":\"SearchAction\",\"target\":{\"@type\":\"EntryPoint\",\"urlTemplate\":\"https:\/\/demoweb.info\/sexshop001\/?s={search_term_string}\"},\"query-input\":\"required name=search_term_string\"}],\"inLanguage\":\"es\"}]}<\/script>\n<!-- \/ Yoast SEO plugin. -->","yoast_head_json":{"title":"DEDAL ESTIMULADOR MARVELOUS - Tienda Er\u00f3tica","robots":{"index":"noindex","follow":"follow","max-snippet":"max-snippet:-1","max-image-preview":"max-image-preview:large","max-video-preview":"max-video-preview:-1"},"og_locale":"es_ES","og_type":"article","og_title":"DEDAL ESTIMULADOR MARVELOUS - Tienda Er\u00f3tica","og_description":"SILICONE MARVELOUS AROUSER El vibrador de dedos totalmente aut\u00f3nomo te emocionar\u00e1 con estimulaci\u00f3n precisa y vibraciones de cobertura total. La","og_url":"https:\/\/demoweb.info\/sexshop001\/producto\/dedal-estimulador-marvelous\/","og_site_name":"Tienda Er\u00f3tica","article_modified_time":"2022-01-22T10:05:07+00:00","og_image":[{"width":550,"height":550,"url":"https:\/\/demoweb.info\/sexshop001\/wp-content\/uploads\/2022\/01\/DEDAL-ESTIMULADOR-MARVELOUS.jpg","type":"image\/jpeg"}],"twitter_card":"summary_large_image","twitter_misc":{"Tiempo de lectura":"1 minuto"},"schema":{"@context":"https:\/\/schema.org","@graph":[{"@type":"WebPage","@id":"https:\/\/demoweb.info\/sexshop001\/producto\/dedal-estimulador-marvelous\/","url":"https:\/\/demoweb.info\/sexshop001\/producto\/dedal-estimulador-marvelous\/","name":"DEDAL ESTIMULADOR MARVELOUS - Tienda Er\u00f3tica","isPartOf":{"@id":"https:\/\/demoweb.info\/sexshop001\/#website"},"datePublished":"2022-01-22T10:05:03+00:00","dateModified":"2022-01-22T10:05:07+00:00","breadcrumb":{"@id":"https:\/\/demoweb.info\/sexshop001\/producto\/dedal-estimulador-marvelous\/#breadcrumb"},"inLanguage":"es","potentialAction":[{"@type":"ReadAction","target":["https:\/\/demoweb.info\/sexshop001\/producto\/dedal-estimulador-marvelous\/"]}]},{"@type":"BreadcrumbList","@id":"https:\/\/demoweb.info\/sexshop001\/producto\/dedal-estimulador-marvelous\/#breadcrumb","itemListElement":[{"@type":"ListItem","position":1,"name":"Portada","item":"https:\/\/demoweb.info\/sexshop001\/"},{"@type":"ListItem","position":2,"name":"Tienda","item":"https:\/\/demoweb.info\/sexshop001\/tienda\/"},{"@type":"ListItem","position":3,"name":"DEDAL ESTIMULADOR MARVELOUS"}]},{"@type":"WebSite","@id":"https:\/\/demoweb.info\/sexshop001\/#website","url":"https:\/\/demoweb.info\/sexshop001\/","name":"Tienda Er\u00f3tica","description":"DEMOWEB SL","potentialAction":[{"@type":"SearchAction","target":{"@type":"EntryPoint","urlTemplate":"https:\/\/demoweb.info\/sexshop001\/?s={search_term_string}"},"query-input":"required name=search_term_string"}],"inLanguage":"es"}]}},"_links":{"self":[{"href":"https:\/\/demoweb.info\/sexshop001\/wp-json\/wp\/v3\/product\/19854","targetHints":{"allow":["GET"]}}],"collection":[{"href":"https:\/\/demoweb.info\/sexshop001\/wp-json\/wp\/v3\/product"}],"about":[{"href":"https:\/\/demoweb.info\/sexshop001\/wp-json\/wp\/v2\/types\/product"}],"replies":[{"embeddable":true,"href":"https:\/\/demoweb.info\/sexshop001\/wp-json\/wp\/v2\/comments?post=19854"}],"wp:featuredmedia":[{"embeddable":true,"href":"https:\/\/demoweb.info\/sexshop001\/wp-json\/wp\/v2\/media\/19855"}],"wp:attachment":[{"href":"https:\/\/demoweb.info\/sexshop001\/wp-json\/wp\/v2\/media?parent=19854"}],"wp:term":[{"taxonomy":"product_cat","embeddable":true,"href":"https:\/\/demoweb.info\/sexshop001\/wp-json\/wp\/v2\/product_cat?post=19854"},{"taxonomy":"product_tag","embeddable":true,"href":"https:\/\/demoweb.info\/sexshop001\/wp-json\/wp\/v2\/product_tag?post=19854"}],"curies":[{"name":"wp","href":"https:\/\/api.w.org\/{rel}","templated":true}]}}