{"id":19812,"date":"2022-01-22T11:04:06","date_gmt":"2022-01-22T10:04:06","guid":{"rendered":"https:\/\/demoweb.info\/sexshop001\/producto\/scandal-crotchless-set-s-m\/"},"modified":"2022-01-22T11:04:46","modified_gmt":"2022-01-22T10:04:46","slug":"scandal-crotchless-set-s-m","status":"publish","type":"product","link":"https:\/\/demoweb.info\/sexshop001\/producto\/scandal-crotchless-set-s-m\/","title":{"rendered":"SCANDAL CROTCHLESS SET S\/M"},"content":{"rendered":"<p><strong>SCANDAL CROTCHLESS SET S\/M<\/strong><\/p>\n<p>Disfruta del emocionante mundo de la inversi\u00f3n de roles con el juego de pantis con abertura de Scandal\u00ae con sonda de silicona.<br \/>\nEl conjunto de pantis de placer de dise\u00f1ador presenta un atrevido dise\u00f1o sin entrepierna, sonda ergon\u00f3micamente curvada y un tramo de apoyo para adaptarse a la cintura.<br \/>\nMientras que una pretina extra ancha se mover\u00e1 y flexionar\u00e1 con cada empuje, la junta t\u00f3rica reforzada y el\u00e1stica mantiene la sonda elegida en su lugar incluso durante el juego de placer m\u00e1s vigoroso.<br \/>\nUna vez que termina el tiempo de juego, estos panties son 100% lavables.<br \/>\nR\u00edndete a tus fantas\u00edas m\u00e1s er\u00f3ticas y sum\u00e9rgete en el placer mientras te pones los panties fetiche a la \u00faltima moda. La braguita de felpa tiene un forro de poli\u00e9ster suave, exterior de encaje de nailon, se ajusta a una cintura de 66 cm y se estira hasta 20,25 cm adicionales. La sonda de silicona hipoalerg\u00e9nica mide 12,75 cm x 3,25 cm.<\/p>\n<p><strong>Bodysafe <\/strong>Yes<br \/>\n<strong>Material<\/strong> Silicone (probe) 90% Nylon 10% Spandex (cord\u00f3n) 90% Polyester 10% Spandex (recubrimiento) 50% Nylon 50% Polyester (el\u00e1stico)<\/p>\n","protected":false},"excerpt":{"rendered":"<p>SCANDAL CROTCHLESS SET S\/M Disfruta del emocionante mundo de la inversi\u00f3n de roles con el juego de pantis con abertura<\/p>\n","protected":false},"featured_media":19813,"comment_status":"open","ping_status":"open","template":"","meta":[],"product_cat":[448],"product_tag":[660,662],"class_list":["post-19812","product","type-product","status-publish","has-post-thumbnail","hentry","product_cat-con-abertura","product_tag-calexotics","product_tag-scandal"],"bundled_by":[],"bundle_stock_status":"instock","bundle_stock_quantity":2,"bundle_virtual":false,"bundle_layout":"","bundle_add_to_cart_form_location":"","bundle_editable_in_cart":false,"bundle_sold_individually_context":"","bundle_item_grouping":"","bundle_min_size":"","bundle_max_size":"","bundled_items":[],"yoast_head":"<!-- This site is optimized with the Yoast SEO plugin v20.6 - https:\/\/yoast.com\/wordpress\/plugins\/seo\/ -->\n<title>SCANDAL CROTCHLESS SET S\/M - Tienda Er\u00f3tica<\/title>\n<meta name=\"robots\" content=\"noindex, follow, max-snippet:-1, max-image-preview:large, max-video-preview:-1\" \/>\n<meta property=\"og:locale\" content=\"es_ES\" \/>\n<meta property=\"og:type\" content=\"article\" \/>\n<meta property=\"og:title\" content=\"SCANDAL CROTCHLESS SET S\/M - Tienda Er\u00f3tica\" \/>\n<meta property=\"og:description\" content=\"SCANDAL CROTCHLESS SET S\/M Disfruta del emocionante mundo de la inversi\u00f3n de roles con el juego de pantis con abertura\" \/>\n<meta property=\"og:url\" content=\"https:\/\/demoweb.info\/sexshop001\/producto\/scandal-crotchless-set-s-m\/\" \/>\n<meta property=\"og:site_name\" content=\"Tienda Er\u00f3tica\" \/>\n<meta property=\"article:modified_time\" content=\"2022-01-22T10:04:46+00:00\" \/>\n<meta property=\"og:image\" content=\"https:\/\/demoweb.info\/sexshop001\/wp-content\/uploads\/2022\/01\/SCANDAL-CROTCHLESS-SET-SM.jpg\" \/>\n\t<meta property=\"og:image:width\" content=\"550\" \/>\n\t<meta property=\"og:image:height\" content=\"550\" \/>\n\t<meta property=\"og:image:type\" content=\"image\/jpeg\" \/>\n<meta name=\"twitter:card\" content=\"summary_large_image\" \/>\n<meta name=\"twitter:label1\" content=\"Tiempo de lectura\" \/>\n\t<meta name=\"twitter:data1\" content=\"1 minuto\" \/>\n<script type=\"application\/ld+json\" class=\"yoast-schema-graph\">{\"@context\":\"https:\/\/schema.org\",\"@graph\":[{\"@type\":\"WebPage\",\"@id\":\"https:\/\/demoweb.info\/sexshop001\/producto\/scandal-crotchless-set-s-m\/\",\"url\":\"https:\/\/demoweb.info\/sexshop001\/producto\/scandal-crotchless-set-s-m\/\",\"name\":\"SCANDAL CROTCHLESS SET S\/M - Tienda Er\u00f3tica\",\"isPartOf\":{\"@id\":\"https:\/\/demoweb.info\/sexshop001\/#website\"},\"datePublished\":\"2022-01-22T10:04:06+00:00\",\"dateModified\":\"2022-01-22T10:04:46+00:00\",\"breadcrumb\":{\"@id\":\"https:\/\/demoweb.info\/sexshop001\/producto\/scandal-crotchless-set-s-m\/#breadcrumb\"},\"inLanguage\":\"es\",\"potentialAction\":[{\"@type\":\"ReadAction\",\"target\":[\"https:\/\/demoweb.info\/sexshop001\/producto\/scandal-crotchless-set-s-m\/\"]}]},{\"@type\":\"BreadcrumbList\",\"@id\":\"https:\/\/demoweb.info\/sexshop001\/producto\/scandal-crotchless-set-s-m\/#breadcrumb\",\"itemListElement\":[{\"@type\":\"ListItem\",\"position\":1,\"name\":\"Portada\",\"item\":\"https:\/\/demoweb.info\/sexshop001\/\"},{\"@type\":\"ListItem\",\"position\":2,\"name\":\"Tienda\",\"item\":\"https:\/\/demoweb.info\/sexshop001\/tienda\/\"},{\"@type\":\"ListItem\",\"position\":3,\"name\":\"SCANDAL CROTCHLESS SET S\/M\"}]},{\"@type\":\"WebSite\",\"@id\":\"https:\/\/demoweb.info\/sexshop001\/#website\",\"url\":\"https:\/\/demoweb.info\/sexshop001\/\",\"name\":\"Tienda Er\u00f3tica\",\"description\":\"DEMOWEB SL\",\"potentialAction\":[{\"@type\":\"SearchAction\",\"target\":{\"@type\":\"EntryPoint\",\"urlTemplate\":\"https:\/\/demoweb.info\/sexshop001\/?s={search_term_string}\"},\"query-input\":\"required name=search_term_string\"}],\"inLanguage\":\"es\"}]}<\/script>\n<!-- \/ Yoast SEO plugin. -->","yoast_head_json":{"title":"SCANDAL CROTCHLESS SET S\/M - Tienda Er\u00f3tica","robots":{"index":"noindex","follow":"follow","max-snippet":"max-snippet:-1","max-image-preview":"max-image-preview:large","max-video-preview":"max-video-preview:-1"},"og_locale":"es_ES","og_type":"article","og_title":"SCANDAL CROTCHLESS SET S\/M - Tienda Er\u00f3tica","og_description":"SCANDAL CROTCHLESS SET S\/M Disfruta del emocionante mundo de la inversi\u00f3n de roles con el juego de pantis con abertura","og_url":"https:\/\/demoweb.info\/sexshop001\/producto\/scandal-crotchless-set-s-m\/","og_site_name":"Tienda Er\u00f3tica","article_modified_time":"2022-01-22T10:04:46+00:00","og_image":[{"width":550,"height":550,"url":"https:\/\/demoweb.info\/sexshop001\/wp-content\/uploads\/2022\/01\/SCANDAL-CROTCHLESS-SET-SM.jpg","type":"image\/jpeg"}],"twitter_card":"summary_large_image","twitter_misc":{"Tiempo de lectura":"1 minuto"},"schema":{"@context":"https:\/\/schema.org","@graph":[{"@type":"WebPage","@id":"https:\/\/demoweb.info\/sexshop001\/producto\/scandal-crotchless-set-s-m\/","url":"https:\/\/demoweb.info\/sexshop001\/producto\/scandal-crotchless-set-s-m\/","name":"SCANDAL CROTCHLESS SET S\/M - Tienda Er\u00f3tica","isPartOf":{"@id":"https:\/\/demoweb.info\/sexshop001\/#website"},"datePublished":"2022-01-22T10:04:06+00:00","dateModified":"2022-01-22T10:04:46+00:00","breadcrumb":{"@id":"https:\/\/demoweb.info\/sexshop001\/producto\/scandal-crotchless-set-s-m\/#breadcrumb"},"inLanguage":"es","potentialAction":[{"@type":"ReadAction","target":["https:\/\/demoweb.info\/sexshop001\/producto\/scandal-crotchless-set-s-m\/"]}]},{"@type":"BreadcrumbList","@id":"https:\/\/demoweb.info\/sexshop001\/producto\/scandal-crotchless-set-s-m\/#breadcrumb","itemListElement":[{"@type":"ListItem","position":1,"name":"Portada","item":"https:\/\/demoweb.info\/sexshop001\/"},{"@type":"ListItem","position":2,"name":"Tienda","item":"https:\/\/demoweb.info\/sexshop001\/tienda\/"},{"@type":"ListItem","position":3,"name":"SCANDAL CROTCHLESS SET S\/M"}]},{"@type":"WebSite","@id":"https:\/\/demoweb.info\/sexshop001\/#website","url":"https:\/\/demoweb.info\/sexshop001\/","name":"Tienda Er\u00f3tica","description":"DEMOWEB SL","potentialAction":[{"@type":"SearchAction","target":{"@type":"EntryPoint","urlTemplate":"https:\/\/demoweb.info\/sexshop001\/?s={search_term_string}"},"query-input":"required name=search_term_string"}],"inLanguage":"es"}]}},"_links":{"self":[{"href":"https:\/\/demoweb.info\/sexshop001\/wp-json\/wp\/v3\/product\/19812","targetHints":{"allow":["GET"]}}],"collection":[{"href":"https:\/\/demoweb.info\/sexshop001\/wp-json\/wp\/v3\/product"}],"about":[{"href":"https:\/\/demoweb.info\/sexshop001\/wp-json\/wp\/v2\/types\/product"}],"replies":[{"embeddable":true,"href":"https:\/\/demoweb.info\/sexshop001\/wp-json\/wp\/v2\/comments?post=19812"}],"wp:featuredmedia":[{"embeddable":true,"href":"https:\/\/demoweb.info\/sexshop001\/wp-json\/wp\/v2\/media\/19813"}],"wp:attachment":[{"href":"https:\/\/demoweb.info\/sexshop001\/wp-json\/wp\/v2\/media?parent=19812"}],"wp:term":[{"taxonomy":"product_cat","embeddable":true,"href":"https:\/\/demoweb.info\/sexshop001\/wp-json\/wp\/v2\/product_cat?post=19812"},{"taxonomy":"product_tag","embeddable":true,"href":"https:\/\/demoweb.info\/sexshop001\/wp-json\/wp\/v2\/product_tag?post=19812"}],"curies":[{"name":"wp","href":"https:\/\/api.w.org\/{rel}","templated":true}]}}