{"id":19792,"date":"2022-01-22T11:04:06","date_gmt":"2022-01-22T10:04:06","guid":{"rendered":"https:\/\/demoweb.info\/sexshop001\/producto\/mordaza-bj-scandal\/"},"modified":"2022-01-22T11:04:29","modified_gmt":"2022-01-22T10:04:29","slug":"mordaza-bj-scandal","status":"publish","type":"product","link":"https:\/\/demoweb.info\/sexshop001\/producto\/mordaza-bj-scandal\/","title":{"rendered":"MORDAZA BJ SCANDAL"},"content":{"rendered":"<p><strong>SCANDAL COME CLOSER BJ STRAP <\/strong><\/p>\n<p>Scandal\u00ae Hidden Pleasures Ball Gag es un lujoso accesorio er\u00f3tico perfecto para parejas que buscan experimentar con juegos er\u00f3ticos de restricci\u00f3n o fetichistas.<br \/>\nR\u00edndete a tus fantas\u00edas m\u00e1s traviesas. La bola de mordida flexible brinda pasi\u00f3n primordial a tu dormitorio, mientras que cada gemido amortiguado mejora el placer e intensifica la excitaci\u00f3n de todos los involucrados.<br \/>\nEl placer de jugar con lujo est\u00e1 a tu alcance con la felpa de silicona de grado m\u00e9dico y las correas de dise\u00f1o con doble acolchado. Sum\u00e9rgete en el deseo aventurero y disfruta de tus fantas\u00edas m\u00e1s er\u00f3ticas con esta mordaza de bola sensacionalmente c\u00f3moda.<\/p>\n<p><strong>Longitud total<\/strong> : 76.25 cm<br \/>\n<strong>Di\u00e1metro: <\/strong>\u00d8 4.5 cm<br \/>\n<strong>Bodysafe :<\/strong> Si<br \/>\n<strong>Material <\/strong>Silicone (bola) Polyester (forro de la tela) PU (correa bola ) Non-Tarnishing and Nickel-Free Copper (remaches) Non-Tarnishing and Nickel-Free Zinc Alloy (hebilla)<\/p>\n","protected":false},"excerpt":{"rendered":"<p>SCANDAL COME CLOSER BJ STRAP Scandal\u00ae Hidden Pleasures Ball Gag es un lujoso accesorio er\u00f3tico perfecto para parejas que buscan<\/p>\n","protected":false},"featured_media":19793,"comment_status":"open","ping_status":"open","template":"","meta":[],"product_cat":[288],"product_tag":[660,662],"class_list":["post-19792","product","type-product","status-publish","has-post-thumbnail","hentry","product_cat-mordazas","product_tag-calexotics","product_tag-scandal"],"bundled_by":[],"bundle_stock_status":"instock","bundle_stock_quantity":1,"bundle_virtual":false,"bundle_layout":"","bundle_add_to_cart_form_location":"","bundle_editable_in_cart":false,"bundle_sold_individually_context":"","bundle_item_grouping":"","bundle_min_size":"","bundle_max_size":"","bundled_items":[],"yoast_head":"<!-- This site is optimized with the Yoast SEO plugin v20.6 - https:\/\/yoast.com\/wordpress\/plugins\/seo\/ -->\n<title>MORDAZA BJ SCANDAL - Tienda Er\u00f3tica<\/title>\n<meta name=\"robots\" content=\"noindex, follow, max-snippet:-1, max-image-preview:large, max-video-preview:-1\" \/>\n<meta property=\"og:locale\" content=\"es_ES\" \/>\n<meta property=\"og:type\" content=\"article\" \/>\n<meta property=\"og:title\" content=\"MORDAZA BJ SCANDAL - Tienda Er\u00f3tica\" \/>\n<meta property=\"og:description\" content=\"SCANDAL COME CLOSER BJ STRAP Scandal\u00ae Hidden Pleasures Ball Gag es un lujoso accesorio er\u00f3tico perfecto para parejas que buscan\" \/>\n<meta property=\"og:url\" content=\"https:\/\/demoweb.info\/sexshop001\/producto\/mordaza-bj-scandal\/\" \/>\n<meta property=\"og:site_name\" content=\"Tienda Er\u00f3tica\" \/>\n<meta property=\"article:modified_time\" content=\"2022-01-22T10:04:29+00:00\" \/>\n<meta property=\"og:image\" content=\"https:\/\/demoweb.info\/sexshop001\/wp-content\/uploads\/2022\/01\/MORDAZA-BJ-SCANDAL.jpg\" \/>\n\t<meta property=\"og:image:width\" content=\"550\" \/>\n\t<meta property=\"og:image:height\" content=\"550\" \/>\n\t<meta property=\"og:image:type\" content=\"image\/jpeg\" \/>\n<meta name=\"twitter:card\" content=\"summary_large_image\" \/>\n<meta name=\"twitter:label1\" content=\"Tiempo de lectura\" \/>\n\t<meta name=\"twitter:data1\" content=\"1 minuto\" \/>\n<script type=\"application\/ld+json\" class=\"yoast-schema-graph\">{\"@context\":\"https:\/\/schema.org\",\"@graph\":[{\"@type\":\"WebPage\",\"@id\":\"https:\/\/demoweb.info\/sexshop001\/producto\/mordaza-bj-scandal\/\",\"url\":\"https:\/\/demoweb.info\/sexshop001\/producto\/mordaza-bj-scandal\/\",\"name\":\"MORDAZA BJ SCANDAL - Tienda Er\u00f3tica\",\"isPartOf\":{\"@id\":\"https:\/\/demoweb.info\/sexshop001\/#website\"},\"datePublished\":\"2022-01-22T10:04:06+00:00\",\"dateModified\":\"2022-01-22T10:04:29+00:00\",\"breadcrumb\":{\"@id\":\"https:\/\/demoweb.info\/sexshop001\/producto\/mordaza-bj-scandal\/#breadcrumb\"},\"inLanguage\":\"es\",\"potentialAction\":[{\"@type\":\"ReadAction\",\"target\":[\"https:\/\/demoweb.info\/sexshop001\/producto\/mordaza-bj-scandal\/\"]}]},{\"@type\":\"BreadcrumbList\",\"@id\":\"https:\/\/demoweb.info\/sexshop001\/producto\/mordaza-bj-scandal\/#breadcrumb\",\"itemListElement\":[{\"@type\":\"ListItem\",\"position\":1,\"name\":\"Portada\",\"item\":\"https:\/\/demoweb.info\/sexshop001\/\"},{\"@type\":\"ListItem\",\"position\":2,\"name\":\"Tienda\",\"item\":\"https:\/\/demoweb.info\/sexshop001\/tienda\/\"},{\"@type\":\"ListItem\",\"position\":3,\"name\":\"MORDAZA BJ SCANDAL\"}]},{\"@type\":\"WebSite\",\"@id\":\"https:\/\/demoweb.info\/sexshop001\/#website\",\"url\":\"https:\/\/demoweb.info\/sexshop001\/\",\"name\":\"Tienda Er\u00f3tica\",\"description\":\"DEMOWEB SL\",\"potentialAction\":[{\"@type\":\"SearchAction\",\"target\":{\"@type\":\"EntryPoint\",\"urlTemplate\":\"https:\/\/demoweb.info\/sexshop001\/?s={search_term_string}\"},\"query-input\":\"required name=search_term_string\"}],\"inLanguage\":\"es\"}]}<\/script>\n<!-- \/ Yoast SEO plugin. -->","yoast_head_json":{"title":"MORDAZA BJ SCANDAL - Tienda Er\u00f3tica","robots":{"index":"noindex","follow":"follow","max-snippet":"max-snippet:-1","max-image-preview":"max-image-preview:large","max-video-preview":"max-video-preview:-1"},"og_locale":"es_ES","og_type":"article","og_title":"MORDAZA BJ SCANDAL - Tienda Er\u00f3tica","og_description":"SCANDAL COME CLOSER BJ STRAP Scandal\u00ae Hidden Pleasures Ball Gag es un lujoso accesorio er\u00f3tico perfecto para parejas que buscan","og_url":"https:\/\/demoweb.info\/sexshop001\/producto\/mordaza-bj-scandal\/","og_site_name":"Tienda Er\u00f3tica","article_modified_time":"2022-01-22T10:04:29+00:00","og_image":[{"width":550,"height":550,"url":"https:\/\/demoweb.info\/sexshop001\/wp-content\/uploads\/2022\/01\/MORDAZA-BJ-SCANDAL.jpg","type":"image\/jpeg"}],"twitter_card":"summary_large_image","twitter_misc":{"Tiempo de lectura":"1 minuto"},"schema":{"@context":"https:\/\/schema.org","@graph":[{"@type":"WebPage","@id":"https:\/\/demoweb.info\/sexshop001\/producto\/mordaza-bj-scandal\/","url":"https:\/\/demoweb.info\/sexshop001\/producto\/mordaza-bj-scandal\/","name":"MORDAZA BJ SCANDAL - Tienda Er\u00f3tica","isPartOf":{"@id":"https:\/\/demoweb.info\/sexshop001\/#website"},"datePublished":"2022-01-22T10:04:06+00:00","dateModified":"2022-01-22T10:04:29+00:00","breadcrumb":{"@id":"https:\/\/demoweb.info\/sexshop001\/producto\/mordaza-bj-scandal\/#breadcrumb"},"inLanguage":"es","potentialAction":[{"@type":"ReadAction","target":["https:\/\/demoweb.info\/sexshop001\/producto\/mordaza-bj-scandal\/"]}]},{"@type":"BreadcrumbList","@id":"https:\/\/demoweb.info\/sexshop001\/producto\/mordaza-bj-scandal\/#breadcrumb","itemListElement":[{"@type":"ListItem","position":1,"name":"Portada","item":"https:\/\/demoweb.info\/sexshop001\/"},{"@type":"ListItem","position":2,"name":"Tienda","item":"https:\/\/demoweb.info\/sexshop001\/tienda\/"},{"@type":"ListItem","position":3,"name":"MORDAZA BJ SCANDAL"}]},{"@type":"WebSite","@id":"https:\/\/demoweb.info\/sexshop001\/#website","url":"https:\/\/demoweb.info\/sexshop001\/","name":"Tienda Er\u00f3tica","description":"DEMOWEB SL","potentialAction":[{"@type":"SearchAction","target":{"@type":"EntryPoint","urlTemplate":"https:\/\/demoweb.info\/sexshop001\/?s={search_term_string}"},"query-input":"required name=search_term_string"}],"inLanguage":"es"}]}},"_links":{"self":[{"href":"https:\/\/demoweb.info\/sexshop001\/wp-json\/wp\/v3\/product\/19792","targetHints":{"allow":["GET"]}}],"collection":[{"href":"https:\/\/demoweb.info\/sexshop001\/wp-json\/wp\/v3\/product"}],"about":[{"href":"https:\/\/demoweb.info\/sexshop001\/wp-json\/wp\/v2\/types\/product"}],"replies":[{"embeddable":true,"href":"https:\/\/demoweb.info\/sexshop001\/wp-json\/wp\/v2\/comments?post=19792"}],"wp:featuredmedia":[{"embeddable":true,"href":"https:\/\/demoweb.info\/sexshop001\/wp-json\/wp\/v2\/media\/19793"}],"wp:attachment":[{"href":"https:\/\/demoweb.info\/sexshop001\/wp-json\/wp\/v2\/media?parent=19792"}],"wp:term":[{"taxonomy":"product_cat","embeddable":true,"href":"https:\/\/demoweb.info\/sexshop001\/wp-json\/wp\/v2\/product_cat?post=19792"},{"taxonomy":"product_tag","embeddable":true,"href":"https:\/\/demoweb.info\/sexshop001\/wp-json\/wp\/v2\/product_tag?post=19792"}],"curies":[{"name":"wp","href":"https:\/\/api.w.org\/{rel}","templated":true}]}}