{"id":19415,"date":"2022-01-22T11:00:44","date_gmt":"2022-01-22T10:00:44","guid":{"rendered":"https:\/\/demoweb.info\/sexshop001\/producto\/dual-exciter-enhancer-anillo-estimulador-silicona\/"},"modified":"2022-01-22T11:01:14","modified_gmt":"2022-01-22T10:01:14","slug":"dual-exciter-enhancer-anillo-estimulador-silicona","status":"publish","type":"product","link":"https:\/\/demoweb.info\/sexshop001\/producto\/dual-exciter-enhancer-anillo-estimulador-silicona\/","title":{"rendered":"DUAL EXCITER ENHANCER &#8211; ANILLO ESTIMULADOR SILICONA"},"content":{"rendered":"<p><strong>DUAL EXCITER ENHANCER<\/strong><\/p>\n<p>El anillo DUAL EXCITER recargable de silicona combina 7 funciones intensas de vibraci\u00f3n con un exterior contorneado er\u00f3ticamente para duplicar el placer.<\/p>\n<p>Este anillo estimulador doble es ideal para principiantes que buscan darle vida a sus relaciones o expertos er\u00f3ticos que buscan agregar placer intenso a su arsenal de jueguetes.<\/p>\n<p>El lujoso anillo de silicona seguro para el cuerpo funciona para mejorar la resistencia y la circunferencia para que tu amante gima por m\u00e1s, m\u00e1s, m\u00e1s. El anillo apretado maximiza la sensibilidad y aumenta la sensaci\u00f3n en todo el pene, lo que permite que los hombres disfruten de un placer m\u00e1s prolongado y poderoso.<\/p>\n<p>Mientras alcanzas el siguiente nivel de placer, las 7 funciones de vibraci\u00f3n y el cosquilleo curvo dejar\u00e1n a tu pareja en un estado de felicidad org\u00e1smica.<\/p>\n<p>Se\u00f1oras, mientras su placer aumenta, \u00a1tambi\u00e9n lo har\u00e1 el suyo! El estimulador de forma ergon\u00f3mica y los teasers nubby brindan placer en tus puntos dulces m\u00e1s \u00edntimos.<\/p>\n<p>Aumenta la intensidad sin esfuerzo a trav\u00e9s de tu pr\u00f3xima sesi\u00f3n de vapor con o sin el control remoto f\u00e1cil de usar. Toma este anillo a prueba de agua para darte un chapuz\u00f3n y abraza esas poderosas vibraciones en el ba\u00f1o, la ducha o la ba\u00f1era de hidromasaje.<\/p>\n<p>Este anillo apasionado recuerda exactamente c\u00f3mo te gusta con el chip de memoria de \u00faltima generaci\u00f3n y puede detectar la \u00faltima funci\u00f3n utilizada. Usa los botones de silicona f\u00e1ciles de tocar o el control remoto para controlar sin esfuerzo el placer. Recarga tu placer en muy poco tiempo con un tiempo de carga de 1 hora.<\/p>\n<ul>\n<li>Medidas: 7,5 x 6,25 cm<\/li>\n<li>Material: Silicona y ABS<\/li>\n<li>Recargable con USB<\/li>\n<\/ul>\n","protected":false},"excerpt":{"rendered":"<p>DUAL EXCITER ENHANCER El anillo DUAL EXCITER recargable de silicona combina 7 funciones intensas de vibraci\u00f3n con un exterior contorneado<\/p>\n","protected":false},"featured_media":19416,"comment_status":"open","ping_status":"open","template":"","meta":[],"product_cat":[438],"product_tag":[660,809],"class_list":["post-19415","product","type-product","status-publish","has-post-thumbnail","hentry","product_cat-con-vibrador-anillos","product_tag-calexotics","product_tag-couples-enhancers"],"bundled_by":[],"bundle_stock_status":"instock","bundle_stock_quantity":2,"bundle_virtual":false,"bundle_layout":"","bundle_add_to_cart_form_location":"","bundle_editable_in_cart":false,"bundle_sold_individually_context":"","bundle_item_grouping":"","bundle_min_size":"","bundle_max_size":"","bundled_items":[],"yoast_head":"<!-- This site is optimized with the Yoast SEO plugin v20.6 - https:\/\/yoast.com\/wordpress\/plugins\/seo\/ -->\n<title>DUAL EXCITER ENHANCER - ANILLO ESTIMULADOR SILICONA - Tienda Er\u00f3tica<\/title>\n<meta name=\"robots\" content=\"noindex, follow, max-snippet:-1, max-image-preview:large, max-video-preview:-1\" \/>\n<meta property=\"og:locale\" content=\"es_ES\" \/>\n<meta property=\"og:type\" content=\"article\" \/>\n<meta property=\"og:title\" content=\"DUAL EXCITER ENHANCER - ANILLO ESTIMULADOR SILICONA - Tienda Er\u00f3tica\" \/>\n<meta property=\"og:description\" content=\"DUAL EXCITER ENHANCER El anillo DUAL EXCITER recargable de silicona combina 7 funciones intensas de vibraci\u00f3n con un exterior contorneado\" \/>\n<meta property=\"og:url\" content=\"https:\/\/demoweb.info\/sexshop001\/producto\/dual-exciter-enhancer-anillo-estimulador-silicona\/\" \/>\n<meta property=\"og:site_name\" content=\"Tienda Er\u00f3tica\" \/>\n<meta property=\"article:modified_time\" content=\"2022-01-22T10:01:14+00:00\" \/>\n<meta property=\"og:image\" content=\"https:\/\/demoweb.info\/sexshop001\/wp-content\/uploads\/2022\/01\/DUAL-EXCITER-ENHANCER-ANILLO-ESTIMULADOR-SILICONA.jpg\" \/>\n\t<meta property=\"og:image:width\" content=\"550\" \/>\n\t<meta property=\"og:image:height\" content=\"550\" \/>\n\t<meta property=\"og:image:type\" content=\"image\/jpeg\" \/>\n<meta name=\"twitter:card\" content=\"summary_large_image\" \/>\n<meta name=\"twitter:label1\" content=\"Tiempo de lectura\" \/>\n\t<meta name=\"twitter:data1\" content=\"1 minuto\" \/>\n<script type=\"application\/ld+json\" class=\"yoast-schema-graph\">{\"@context\":\"https:\/\/schema.org\",\"@graph\":[{\"@type\":\"WebPage\",\"@id\":\"https:\/\/demoweb.info\/sexshop001\/producto\/dual-exciter-enhancer-anillo-estimulador-silicona\/\",\"url\":\"https:\/\/demoweb.info\/sexshop001\/producto\/dual-exciter-enhancer-anillo-estimulador-silicona\/\",\"name\":\"DUAL EXCITER ENHANCER - ANILLO ESTIMULADOR SILICONA - Tienda Er\u00f3tica\",\"isPartOf\":{\"@id\":\"https:\/\/demoweb.info\/sexshop001\/#website\"},\"datePublished\":\"2022-01-22T10:00:44+00:00\",\"dateModified\":\"2022-01-22T10:01:14+00:00\",\"breadcrumb\":{\"@id\":\"https:\/\/demoweb.info\/sexshop001\/producto\/dual-exciter-enhancer-anillo-estimulador-silicona\/#breadcrumb\"},\"inLanguage\":\"es\",\"potentialAction\":[{\"@type\":\"ReadAction\",\"target\":[\"https:\/\/demoweb.info\/sexshop001\/producto\/dual-exciter-enhancer-anillo-estimulador-silicona\/\"]}]},{\"@type\":\"BreadcrumbList\",\"@id\":\"https:\/\/demoweb.info\/sexshop001\/producto\/dual-exciter-enhancer-anillo-estimulador-silicona\/#breadcrumb\",\"itemListElement\":[{\"@type\":\"ListItem\",\"position\":1,\"name\":\"Portada\",\"item\":\"https:\/\/demoweb.info\/sexshop001\/\"},{\"@type\":\"ListItem\",\"position\":2,\"name\":\"Tienda\",\"item\":\"https:\/\/demoweb.info\/sexshop001\/tienda\/\"},{\"@type\":\"ListItem\",\"position\":3,\"name\":\"DUAL EXCITER ENHANCER &#8211; ANILLO ESTIMULADOR SILICONA\"}]},{\"@type\":\"WebSite\",\"@id\":\"https:\/\/demoweb.info\/sexshop001\/#website\",\"url\":\"https:\/\/demoweb.info\/sexshop001\/\",\"name\":\"Tienda Er\u00f3tica\",\"description\":\"DEMOWEB SL\",\"potentialAction\":[{\"@type\":\"SearchAction\",\"target\":{\"@type\":\"EntryPoint\",\"urlTemplate\":\"https:\/\/demoweb.info\/sexshop001\/?s={search_term_string}\"},\"query-input\":\"required name=search_term_string\"}],\"inLanguage\":\"es\"}]}<\/script>\n<!-- \/ Yoast SEO plugin. -->","yoast_head_json":{"title":"DUAL EXCITER ENHANCER - ANILLO ESTIMULADOR SILICONA - Tienda Er\u00f3tica","robots":{"index":"noindex","follow":"follow","max-snippet":"max-snippet:-1","max-image-preview":"max-image-preview:large","max-video-preview":"max-video-preview:-1"},"og_locale":"es_ES","og_type":"article","og_title":"DUAL EXCITER ENHANCER - ANILLO ESTIMULADOR SILICONA - Tienda Er\u00f3tica","og_description":"DUAL EXCITER ENHANCER El anillo DUAL EXCITER recargable de silicona combina 7 funciones intensas de vibraci\u00f3n con un exterior contorneado","og_url":"https:\/\/demoweb.info\/sexshop001\/producto\/dual-exciter-enhancer-anillo-estimulador-silicona\/","og_site_name":"Tienda Er\u00f3tica","article_modified_time":"2022-01-22T10:01:14+00:00","og_image":[{"width":550,"height":550,"url":"https:\/\/demoweb.info\/sexshop001\/wp-content\/uploads\/2022\/01\/DUAL-EXCITER-ENHANCER-ANILLO-ESTIMULADOR-SILICONA.jpg","type":"image\/jpeg"}],"twitter_card":"summary_large_image","twitter_misc":{"Tiempo de lectura":"1 minuto"},"schema":{"@context":"https:\/\/schema.org","@graph":[{"@type":"WebPage","@id":"https:\/\/demoweb.info\/sexshop001\/producto\/dual-exciter-enhancer-anillo-estimulador-silicona\/","url":"https:\/\/demoweb.info\/sexshop001\/producto\/dual-exciter-enhancer-anillo-estimulador-silicona\/","name":"DUAL EXCITER ENHANCER - ANILLO ESTIMULADOR SILICONA - Tienda Er\u00f3tica","isPartOf":{"@id":"https:\/\/demoweb.info\/sexshop001\/#website"},"datePublished":"2022-01-22T10:00:44+00:00","dateModified":"2022-01-22T10:01:14+00:00","breadcrumb":{"@id":"https:\/\/demoweb.info\/sexshop001\/producto\/dual-exciter-enhancer-anillo-estimulador-silicona\/#breadcrumb"},"inLanguage":"es","potentialAction":[{"@type":"ReadAction","target":["https:\/\/demoweb.info\/sexshop001\/producto\/dual-exciter-enhancer-anillo-estimulador-silicona\/"]}]},{"@type":"BreadcrumbList","@id":"https:\/\/demoweb.info\/sexshop001\/producto\/dual-exciter-enhancer-anillo-estimulador-silicona\/#breadcrumb","itemListElement":[{"@type":"ListItem","position":1,"name":"Portada","item":"https:\/\/demoweb.info\/sexshop001\/"},{"@type":"ListItem","position":2,"name":"Tienda","item":"https:\/\/demoweb.info\/sexshop001\/tienda\/"},{"@type":"ListItem","position":3,"name":"DUAL EXCITER ENHANCER &#8211; ANILLO ESTIMULADOR SILICONA"}]},{"@type":"WebSite","@id":"https:\/\/demoweb.info\/sexshop001\/#website","url":"https:\/\/demoweb.info\/sexshop001\/","name":"Tienda Er\u00f3tica","description":"DEMOWEB SL","potentialAction":[{"@type":"SearchAction","target":{"@type":"EntryPoint","urlTemplate":"https:\/\/demoweb.info\/sexshop001\/?s={search_term_string}"},"query-input":"required name=search_term_string"}],"inLanguage":"es"}]}},"_links":{"self":[{"href":"https:\/\/demoweb.info\/sexshop001\/wp-json\/wp\/v3\/product\/19415","targetHints":{"allow":["GET"]}}],"collection":[{"href":"https:\/\/demoweb.info\/sexshop001\/wp-json\/wp\/v3\/product"}],"about":[{"href":"https:\/\/demoweb.info\/sexshop001\/wp-json\/wp\/v2\/types\/product"}],"replies":[{"embeddable":true,"href":"https:\/\/demoweb.info\/sexshop001\/wp-json\/wp\/v2\/comments?post=19415"}],"wp:featuredmedia":[{"embeddable":true,"href":"https:\/\/demoweb.info\/sexshop001\/wp-json\/wp\/v2\/media\/19416"}],"wp:attachment":[{"href":"https:\/\/demoweb.info\/sexshop001\/wp-json\/wp\/v2\/media?parent=19415"}],"wp:term":[{"taxonomy":"product_cat","embeddable":true,"href":"https:\/\/demoweb.info\/sexshop001\/wp-json\/wp\/v2\/product_cat?post=19415"},{"taxonomy":"product_tag","embeddable":true,"href":"https:\/\/demoweb.info\/sexshop001\/wp-json\/wp\/v2\/product_tag?post=19415"}],"curies":[{"name":"wp","href":"https:\/\/api.w.org\/{rel}","templated":true}]}}