{"id":19264,"date":"2022-01-22T10:59:27","date_gmt":"2022-01-22T09:59:27","guid":{"rendered":"https:\/\/demoweb.info\/sexshop001\/producto\/back-end-chubby-pene-realistico-negro\/"},"modified":"2022-01-22T10:59:58","modified_gmt":"2022-01-22T09:59:58","slug":"back-end-chubby-pene-realistico-negro","status":"publish","type":"product","link":"https:\/\/demoweb.info\/sexshop001\/producto\/back-end-chubby-pene-realistico-negro\/","title":{"rendered":"BACK END CHUBBY &#8211; PENE REAL\u00cdSTICO NEGRO"},"content":{"rendered":"<p><strong>BACK END CHUBBY<\/strong><\/p>\n<p>Desde el principiante t\u00edmido hasta el experto er\u00f3tico, el Back End Chubby fue creado para cualquiera que busque una experiencia de placer sensualmente realista.<\/p>\n<p>El dong realista est\u00e1 hecho de un material flexible con una base de ventosa para una estimulaci\u00f3n sensacionalmente realista. El eje flexible, pero r\u00edgido, y el montaje compatible con el arn\u00e9s est\u00e1n dise\u00f1ados para ofrecer una experiencia de penetraci\u00f3n verdaderamente realista.<\/p>\n<p>La base tiene una ventosa resistente que puede usarse en un arn\u00e9s o colocarse en una superficie plana para una sensaci\u00f3n de diversi\u00f3n sin manos.<\/p>\n<ul>\n<li>Longitud total: 14 cm<\/li>\n<li>Impermeable<\/li>\n<li>Material: PVC sin phalatos<\/li>\n<\/ul>\n","protected":false},"excerpt":{"rendered":"<p>BACK END CHUBBY Desde el principiante t\u00edmido hasta el experto er\u00f3tico, el Back End Chubby fue creado para cualquiera que<\/p>\n","protected":false},"featured_media":19265,"comment_status":"open","ping_status":"open","template":"","meta":[],"product_cat":[386],"product_tag":[878,660],"class_list":["post-19264","product","type-product","status-publish","has-post-thumbnail","hentry","product_cat-realisticos","product_tag-anal","product_tag-calexotics"],"bundled_by":[],"bundle_stock_status":"outofstock","bundle_stock_quantity":0,"bundle_virtual":false,"bundle_layout":"","bundle_add_to_cart_form_location":"","bundle_editable_in_cart":false,"bundle_sold_individually_context":"","bundle_item_grouping":"","bundle_min_size":"","bundle_max_size":"","bundled_items":[],"yoast_head":"<!-- This site is optimized with the Yoast SEO plugin v20.6 - https:\/\/yoast.com\/wordpress\/plugins\/seo\/ -->\n<title>BACK END CHUBBY - PENE REAL\u00cdSTICO NEGRO - Tienda Er\u00f3tica<\/title>\n<meta name=\"robots\" content=\"noindex, follow, max-snippet:-1, max-image-preview:large, max-video-preview:-1\" \/>\n<meta property=\"og:locale\" content=\"es_ES\" \/>\n<meta property=\"og:type\" content=\"article\" \/>\n<meta property=\"og:title\" content=\"BACK END CHUBBY - PENE REAL\u00cdSTICO NEGRO - Tienda Er\u00f3tica\" \/>\n<meta property=\"og:description\" content=\"BACK END CHUBBY Desde el principiante t\u00edmido hasta el experto er\u00f3tico, el Back End Chubby fue creado para cualquiera que\" \/>\n<meta property=\"og:url\" content=\"https:\/\/demoweb.info\/sexshop001\/producto\/back-end-chubby-pene-realistico-negro\/\" \/>\n<meta property=\"og:site_name\" content=\"Tienda Er\u00f3tica\" \/>\n<meta property=\"article:modified_time\" content=\"2022-01-22T09:59:58+00:00\" \/>\n<meta property=\"og:image\" content=\"https:\/\/demoweb.info\/sexshop001\/wp-content\/uploads\/2022\/01\/BACK-END-CHUBBY-PENE-REALISTICO-NEGRO.jpg\" \/>\n\t<meta property=\"og:image:width\" content=\"550\" \/>\n\t<meta property=\"og:image:height\" content=\"550\" \/>\n\t<meta property=\"og:image:type\" content=\"image\/jpeg\" \/>\n<meta name=\"twitter:card\" content=\"summary_large_image\" \/>\n<meta name=\"twitter:label1\" content=\"Tiempo de lectura\" \/>\n\t<meta name=\"twitter:data1\" content=\"1 minuto\" \/>\n<script type=\"application\/ld+json\" class=\"yoast-schema-graph\">{\"@context\":\"https:\/\/schema.org\",\"@graph\":[{\"@type\":\"WebPage\",\"@id\":\"https:\/\/demoweb.info\/sexshop001\/producto\/back-end-chubby-pene-realistico-negro\/\",\"url\":\"https:\/\/demoweb.info\/sexshop001\/producto\/back-end-chubby-pene-realistico-negro\/\",\"name\":\"BACK END CHUBBY - PENE REAL\u00cdSTICO NEGRO - Tienda Er\u00f3tica\",\"isPartOf\":{\"@id\":\"https:\/\/demoweb.info\/sexshop001\/#website\"},\"datePublished\":\"2022-01-22T09:59:27+00:00\",\"dateModified\":\"2022-01-22T09:59:58+00:00\",\"breadcrumb\":{\"@id\":\"https:\/\/demoweb.info\/sexshop001\/producto\/back-end-chubby-pene-realistico-negro\/#breadcrumb\"},\"inLanguage\":\"es\",\"potentialAction\":[{\"@type\":\"ReadAction\",\"target\":[\"https:\/\/demoweb.info\/sexshop001\/producto\/back-end-chubby-pene-realistico-negro\/\"]}]},{\"@type\":\"BreadcrumbList\",\"@id\":\"https:\/\/demoweb.info\/sexshop001\/producto\/back-end-chubby-pene-realistico-negro\/#breadcrumb\",\"itemListElement\":[{\"@type\":\"ListItem\",\"position\":1,\"name\":\"Portada\",\"item\":\"https:\/\/demoweb.info\/sexshop001\/\"},{\"@type\":\"ListItem\",\"position\":2,\"name\":\"Tienda\",\"item\":\"https:\/\/demoweb.info\/sexshop001\/tienda\/\"},{\"@type\":\"ListItem\",\"position\":3,\"name\":\"BACK END CHUBBY &#8211; PENE REAL\u00cdSTICO NEGRO\"}]},{\"@type\":\"WebSite\",\"@id\":\"https:\/\/demoweb.info\/sexshop001\/#website\",\"url\":\"https:\/\/demoweb.info\/sexshop001\/\",\"name\":\"Tienda Er\u00f3tica\",\"description\":\"DEMOWEB SL\",\"potentialAction\":[{\"@type\":\"SearchAction\",\"target\":{\"@type\":\"EntryPoint\",\"urlTemplate\":\"https:\/\/demoweb.info\/sexshop001\/?s={search_term_string}\"},\"query-input\":\"required name=search_term_string\"}],\"inLanguage\":\"es\"}]}<\/script>\n<!-- \/ Yoast SEO plugin. -->","yoast_head_json":{"title":"BACK END CHUBBY - PENE REAL\u00cdSTICO NEGRO - Tienda Er\u00f3tica","robots":{"index":"noindex","follow":"follow","max-snippet":"max-snippet:-1","max-image-preview":"max-image-preview:large","max-video-preview":"max-video-preview:-1"},"og_locale":"es_ES","og_type":"article","og_title":"BACK END CHUBBY - PENE REAL\u00cdSTICO NEGRO - Tienda Er\u00f3tica","og_description":"BACK END CHUBBY Desde el principiante t\u00edmido hasta el experto er\u00f3tico, el Back End Chubby fue creado para cualquiera que","og_url":"https:\/\/demoweb.info\/sexshop001\/producto\/back-end-chubby-pene-realistico-negro\/","og_site_name":"Tienda Er\u00f3tica","article_modified_time":"2022-01-22T09:59:58+00:00","og_image":[{"width":550,"height":550,"url":"https:\/\/demoweb.info\/sexshop001\/wp-content\/uploads\/2022\/01\/BACK-END-CHUBBY-PENE-REALISTICO-NEGRO.jpg","type":"image\/jpeg"}],"twitter_card":"summary_large_image","twitter_misc":{"Tiempo de lectura":"1 minuto"},"schema":{"@context":"https:\/\/schema.org","@graph":[{"@type":"WebPage","@id":"https:\/\/demoweb.info\/sexshop001\/producto\/back-end-chubby-pene-realistico-negro\/","url":"https:\/\/demoweb.info\/sexshop001\/producto\/back-end-chubby-pene-realistico-negro\/","name":"BACK END CHUBBY - PENE REAL\u00cdSTICO NEGRO - Tienda Er\u00f3tica","isPartOf":{"@id":"https:\/\/demoweb.info\/sexshop001\/#website"},"datePublished":"2022-01-22T09:59:27+00:00","dateModified":"2022-01-22T09:59:58+00:00","breadcrumb":{"@id":"https:\/\/demoweb.info\/sexshop001\/producto\/back-end-chubby-pene-realistico-negro\/#breadcrumb"},"inLanguage":"es","potentialAction":[{"@type":"ReadAction","target":["https:\/\/demoweb.info\/sexshop001\/producto\/back-end-chubby-pene-realistico-negro\/"]}]},{"@type":"BreadcrumbList","@id":"https:\/\/demoweb.info\/sexshop001\/producto\/back-end-chubby-pene-realistico-negro\/#breadcrumb","itemListElement":[{"@type":"ListItem","position":1,"name":"Portada","item":"https:\/\/demoweb.info\/sexshop001\/"},{"@type":"ListItem","position":2,"name":"Tienda","item":"https:\/\/demoweb.info\/sexshop001\/tienda\/"},{"@type":"ListItem","position":3,"name":"BACK END CHUBBY &#8211; PENE REAL\u00cdSTICO NEGRO"}]},{"@type":"WebSite","@id":"https:\/\/demoweb.info\/sexshop001\/#website","url":"https:\/\/demoweb.info\/sexshop001\/","name":"Tienda Er\u00f3tica","description":"DEMOWEB SL","potentialAction":[{"@type":"SearchAction","target":{"@type":"EntryPoint","urlTemplate":"https:\/\/demoweb.info\/sexshop001\/?s={search_term_string}"},"query-input":"required name=search_term_string"}],"inLanguage":"es"}]}},"_links":{"self":[{"href":"https:\/\/demoweb.info\/sexshop001\/wp-json\/wp\/v3\/product\/19264","targetHints":{"allow":["GET"]}}],"collection":[{"href":"https:\/\/demoweb.info\/sexshop001\/wp-json\/wp\/v3\/product"}],"about":[{"href":"https:\/\/demoweb.info\/sexshop001\/wp-json\/wp\/v2\/types\/product"}],"replies":[{"embeddable":true,"href":"https:\/\/demoweb.info\/sexshop001\/wp-json\/wp\/v2\/comments?post=19264"}],"wp:featuredmedia":[{"embeddable":true,"href":"https:\/\/demoweb.info\/sexshop001\/wp-json\/wp\/v2\/media\/19265"}],"wp:attachment":[{"href":"https:\/\/demoweb.info\/sexshop001\/wp-json\/wp\/v2\/media?parent=19264"}],"wp:term":[{"taxonomy":"product_cat","embeddable":true,"href":"https:\/\/demoweb.info\/sexshop001\/wp-json\/wp\/v2\/product_cat?post=19264"},{"taxonomy":"product_tag","embeddable":true,"href":"https:\/\/demoweb.info\/sexshop001\/wp-json\/wp\/v2\/product_tag?post=19264"}],"curies":[{"name":"wp","href":"https:\/\/api.w.org\/{rel}","templated":true}]}}