{"id":19261,"date":"2022-01-22T10:59:27","date_gmt":"2022-01-22T09:59:27","guid":{"rendered":"https:\/\/demoweb.info\/sexshop001\/producto\/pene-realistico-uncut-emperor\/"},"modified":"2022-01-22T10:59:57","modified_gmt":"2022-01-22T09:59:57","slug":"pene-realistico-uncut-emperor","status":"publish","type":"product","link":"https:\/\/demoweb.info\/sexshop001\/producto\/pene-realistico-uncut-emperor\/","title":{"rendered":"PENE REALISTICO &#8211; UNCUT EMPEROR"},"content":{"rendered":"<p><strong>UNCUT EMPEROR<\/strong><\/p>\n<p>Obtenga una verdadera satisfacci\u00f3n con nuestro Emperador sin cortes.<br \/>\nSi buscas la experiencia m\u00e1s natural, este incre\u00edble dong lo tiene todo. Esculpido a mano para brindar un aspecto y textura natural y dise\u00f1ado con un prepucio realista que se mueve y se despega, es tan realista como placentero.<br \/>\nTu imaginaci\u00f3n es el \u00fanico l\u00edmite con este dong PureSkin.<\/p>\n<p>Con m\u00e1s de 15,24cm, este excitante eje satisfar\u00e1 cualquier deseo. Con una estructura robusta y succi\u00f3n que permite el uso de manos libres, puede explorar cualquier fantas\u00eda, ya sea a solas o en compa\u00f1ia.<br \/>\nFabricado con TPR de alta calidad que est\u00e1 dise\u00f1ado para sentirse como si fuera real, este incre\u00edble dong ses suave y realista y es tan seguro como satisfactorio.<br \/>\nPara la aventura de dormitorio m\u00e1s emocionante y realista, este es el viaje perfecto. Satisface cada antojo con este dong sensual y bellamente elaborado. Tendr\u00e1s lo que necesita para obtener justo lo que desea.<\/p>\n<p><strong>Tama\u00f1o:  <\/strong>17.25 x 4.5 cm \n <\/p>\n","protected":false},"excerpt":{"rendered":"<p>UNCUT EMPEROR Obtenga una verdadera satisfacci\u00f3n con nuestro Emperador sin cortes. Si buscas la experiencia m\u00e1s natural, este incre\u00edble dong<\/p>\n","protected":false},"featured_media":19262,"comment_status":"open","ping_status":"open","template":"","meta":[],"product_cat":[386],"product_tag":[660,955],"class_list":["post-19261","product","type-product","status-publish","has-post-thumbnail","hentry","product_cat-realisticos","product_tag-calexotics","product_tag-emperor"],"bundled_by":[],"bundle_stock_status":"instock","bundle_stock_quantity":2,"bundle_virtual":false,"bundle_layout":"","bundle_add_to_cart_form_location":"","bundle_editable_in_cart":false,"bundle_sold_individually_context":"","bundle_item_grouping":"","bundle_min_size":"","bundle_max_size":"","bundled_items":[],"yoast_head":"<!-- This site is optimized with the Yoast SEO plugin v20.6 - https:\/\/yoast.com\/wordpress\/plugins\/seo\/ -->\n<title>PENE REALISTICO - UNCUT EMPEROR - Tienda Er\u00f3tica<\/title>\n<meta name=\"robots\" content=\"noindex, follow, max-snippet:-1, max-image-preview:large, max-video-preview:-1\" \/>\n<meta property=\"og:locale\" content=\"es_ES\" \/>\n<meta property=\"og:type\" content=\"article\" \/>\n<meta property=\"og:title\" content=\"PENE REALISTICO - UNCUT EMPEROR - Tienda Er\u00f3tica\" \/>\n<meta property=\"og:description\" content=\"UNCUT EMPEROR Obtenga una verdadera satisfacci\u00f3n con nuestro Emperador sin cortes. Si buscas la experiencia m\u00e1s natural, este incre\u00edble dong\" \/>\n<meta property=\"og:url\" content=\"https:\/\/demoweb.info\/sexshop001\/producto\/pene-realistico-uncut-emperor\/\" \/>\n<meta property=\"og:site_name\" content=\"Tienda Er\u00f3tica\" \/>\n<meta property=\"article:modified_time\" content=\"2022-01-22T09:59:57+00:00\" \/>\n<meta property=\"og:image\" content=\"https:\/\/demoweb.info\/sexshop001\/wp-content\/uploads\/2022\/01\/PENE-REALISTICO-UNCUT-EMPEROR.jpg\" \/>\n\t<meta property=\"og:image:width\" content=\"550\" \/>\n\t<meta property=\"og:image:height\" content=\"550\" \/>\n\t<meta property=\"og:image:type\" content=\"image\/jpeg\" \/>\n<meta name=\"twitter:card\" content=\"summary_large_image\" \/>\n<meta name=\"twitter:label1\" content=\"Tiempo de lectura\" \/>\n\t<meta name=\"twitter:data1\" content=\"1 minuto\" \/>\n<script type=\"application\/ld+json\" class=\"yoast-schema-graph\">{\"@context\":\"https:\/\/schema.org\",\"@graph\":[{\"@type\":\"WebPage\",\"@id\":\"https:\/\/demoweb.info\/sexshop001\/producto\/pene-realistico-uncut-emperor\/\",\"url\":\"https:\/\/demoweb.info\/sexshop001\/producto\/pene-realistico-uncut-emperor\/\",\"name\":\"PENE REALISTICO - UNCUT EMPEROR - Tienda Er\u00f3tica\",\"isPartOf\":{\"@id\":\"https:\/\/demoweb.info\/sexshop001\/#website\"},\"datePublished\":\"2022-01-22T09:59:27+00:00\",\"dateModified\":\"2022-01-22T09:59:57+00:00\",\"breadcrumb\":{\"@id\":\"https:\/\/demoweb.info\/sexshop001\/producto\/pene-realistico-uncut-emperor\/#breadcrumb\"},\"inLanguage\":\"es\",\"potentialAction\":[{\"@type\":\"ReadAction\",\"target\":[\"https:\/\/demoweb.info\/sexshop001\/producto\/pene-realistico-uncut-emperor\/\"]}]},{\"@type\":\"BreadcrumbList\",\"@id\":\"https:\/\/demoweb.info\/sexshop001\/producto\/pene-realistico-uncut-emperor\/#breadcrumb\",\"itemListElement\":[{\"@type\":\"ListItem\",\"position\":1,\"name\":\"Portada\",\"item\":\"https:\/\/demoweb.info\/sexshop001\/\"},{\"@type\":\"ListItem\",\"position\":2,\"name\":\"Tienda\",\"item\":\"https:\/\/demoweb.info\/sexshop001\/tienda\/\"},{\"@type\":\"ListItem\",\"position\":3,\"name\":\"PENE REALISTICO &#8211; UNCUT EMPEROR\"}]},{\"@type\":\"WebSite\",\"@id\":\"https:\/\/demoweb.info\/sexshop001\/#website\",\"url\":\"https:\/\/demoweb.info\/sexshop001\/\",\"name\":\"Tienda Er\u00f3tica\",\"description\":\"DEMOWEB SL\",\"potentialAction\":[{\"@type\":\"SearchAction\",\"target\":{\"@type\":\"EntryPoint\",\"urlTemplate\":\"https:\/\/demoweb.info\/sexshop001\/?s={search_term_string}\"},\"query-input\":\"required name=search_term_string\"}],\"inLanguage\":\"es\"}]}<\/script>\n<!-- \/ Yoast SEO plugin. -->","yoast_head_json":{"title":"PENE REALISTICO - UNCUT EMPEROR - Tienda Er\u00f3tica","robots":{"index":"noindex","follow":"follow","max-snippet":"max-snippet:-1","max-image-preview":"max-image-preview:large","max-video-preview":"max-video-preview:-1"},"og_locale":"es_ES","og_type":"article","og_title":"PENE REALISTICO - UNCUT EMPEROR - Tienda Er\u00f3tica","og_description":"UNCUT EMPEROR Obtenga una verdadera satisfacci\u00f3n con nuestro Emperador sin cortes. Si buscas la experiencia m\u00e1s natural, este incre\u00edble dong","og_url":"https:\/\/demoweb.info\/sexshop001\/producto\/pene-realistico-uncut-emperor\/","og_site_name":"Tienda Er\u00f3tica","article_modified_time":"2022-01-22T09:59:57+00:00","og_image":[{"width":550,"height":550,"url":"https:\/\/demoweb.info\/sexshop001\/wp-content\/uploads\/2022\/01\/PENE-REALISTICO-UNCUT-EMPEROR.jpg","type":"image\/jpeg"}],"twitter_card":"summary_large_image","twitter_misc":{"Tiempo de lectura":"1 minuto"},"schema":{"@context":"https:\/\/schema.org","@graph":[{"@type":"WebPage","@id":"https:\/\/demoweb.info\/sexshop001\/producto\/pene-realistico-uncut-emperor\/","url":"https:\/\/demoweb.info\/sexshop001\/producto\/pene-realistico-uncut-emperor\/","name":"PENE REALISTICO - UNCUT EMPEROR - Tienda Er\u00f3tica","isPartOf":{"@id":"https:\/\/demoweb.info\/sexshop001\/#website"},"datePublished":"2022-01-22T09:59:27+00:00","dateModified":"2022-01-22T09:59:57+00:00","breadcrumb":{"@id":"https:\/\/demoweb.info\/sexshop001\/producto\/pene-realistico-uncut-emperor\/#breadcrumb"},"inLanguage":"es","potentialAction":[{"@type":"ReadAction","target":["https:\/\/demoweb.info\/sexshop001\/producto\/pene-realistico-uncut-emperor\/"]}]},{"@type":"BreadcrumbList","@id":"https:\/\/demoweb.info\/sexshop001\/producto\/pene-realistico-uncut-emperor\/#breadcrumb","itemListElement":[{"@type":"ListItem","position":1,"name":"Portada","item":"https:\/\/demoweb.info\/sexshop001\/"},{"@type":"ListItem","position":2,"name":"Tienda","item":"https:\/\/demoweb.info\/sexshop001\/tienda\/"},{"@type":"ListItem","position":3,"name":"PENE REALISTICO &#8211; UNCUT EMPEROR"}]},{"@type":"WebSite","@id":"https:\/\/demoweb.info\/sexshop001\/#website","url":"https:\/\/demoweb.info\/sexshop001\/","name":"Tienda Er\u00f3tica","description":"DEMOWEB SL","potentialAction":[{"@type":"SearchAction","target":{"@type":"EntryPoint","urlTemplate":"https:\/\/demoweb.info\/sexshop001\/?s={search_term_string}"},"query-input":"required name=search_term_string"}],"inLanguage":"es"}]}},"_links":{"self":[{"href":"https:\/\/demoweb.info\/sexshop001\/wp-json\/wp\/v3\/product\/19261","targetHints":{"allow":["GET"]}}],"collection":[{"href":"https:\/\/demoweb.info\/sexshop001\/wp-json\/wp\/v3\/product"}],"about":[{"href":"https:\/\/demoweb.info\/sexshop001\/wp-json\/wp\/v2\/types\/product"}],"replies":[{"embeddable":true,"href":"https:\/\/demoweb.info\/sexshop001\/wp-json\/wp\/v2\/comments?post=19261"}],"wp:featuredmedia":[{"embeddable":true,"href":"https:\/\/demoweb.info\/sexshop001\/wp-json\/wp\/v2\/media\/19262"}],"wp:attachment":[{"href":"https:\/\/demoweb.info\/sexshop001\/wp-json\/wp\/v2\/media?parent=19261"}],"wp:term":[{"taxonomy":"product_cat","embeddable":true,"href":"https:\/\/demoweb.info\/sexshop001\/wp-json\/wp\/v2\/product_cat?post=19261"},{"taxonomy":"product_tag","embeddable":true,"href":"https:\/\/demoweb.info\/sexshop001\/wp-json\/wp\/v2\/product_tag?post=19261"}],"curies":[{"name":"wp","href":"https:\/\/api.w.org\/{rel}","templated":true}]}}