{"id":19240,"date":"2022-01-22T10:59:27","date_gmt":"2022-01-22T09:59:27","guid":{"rendered":"https:\/\/demoweb.info\/sexshop001\/producto\/bolas-kegel-de-silicona-con-control-remoto-negro\/"},"modified":"2022-01-22T10:59:48","modified_gmt":"2022-01-22T09:59:48","slug":"bolas-kegel-de-silicona-con-control-remoto-negro","status":"publish","type":"product","link":"https:\/\/demoweb.info\/sexshop001\/producto\/bolas-kegel-de-silicona-con-control-remoto-negro\/","title":{"rendered":"BOLAS KEGEL DE SILICONA CON CONTROL REMOTO &#8211; NEGRO"},"content":{"rendered":"<p><strong>WRISTBAND REMOTE SOFT KEGEL <\/strong><\/p>\n<p>Preparado y listo para tu pr\u00f3ximo entrenamiento en el suelo p\u00e9lvico, el Sistema de Kegel Wristband Remote Ultra-Soft \u2122 est\u00e1 aqu\u00ed para intensificar tu rutina de ejercicios.<\/p>\n<p>El equipo de desarrollo de productos para mujeres de CalExotics lo ha logrado nuevamente al dise\u00f1ar un vibrador de doble kegel ultra suave \u2122 tan c\u00f3modo como emocionante con 12 funciones de vibraci\u00f3n intensa, superficie de silicona lujosa y casi 10 metrosde rango de control remoto.<\/p>\n<p>Mientras que el bot\u00f3n f\u00e1cil controla la intensidad y el peso de Kegel te brinda la estimulaci\u00f3n que deseas, el chip de memoria integrado de \u00faltima generaci\u00f3n recuerda exactamente c\u00f3mo te gusta al comenzar con la \u00faltima funci\u00f3n utilizada.<\/p>\n<p>Recarga el masajeador de silicona premium en menos de 1 hora con el cable de carga USB proporcionado para disfrutar de 80 minutos de vibraciones. El cable de recuperaci\u00f3n de doble acci\u00f3n tambi\u00e9n act\u00faa como un control de un solo bot\u00f3n con una funci\u00f3n de bloqueo de viaje.<\/p>\n<p>El puerto de carga autosellante y el cuerpo pr\u00e1cticamente sin costuras te permiten entrar y salir del agua con este peso impermeable. La silicona l\u00edquida premium Ultra-Soft \u2122 es segura para el cuerpo, sin perfume y sin ftalatos para mantener los puntos m\u00e1s sensibles, felices y saludables.<\/p>\n<p>Caracter\u00edsticas:<\/p>\n<ul>\n<li>Longitud total: 7,5 cm<\/li>\n<li>Di\u00e1metro: 3,75 cm<\/li>\n<li>12 modos de vibraci\u00f3n<\/li>\n<li>Impermeable<\/li>\n<li>De silicona<\/li>\n<li>Recargable con USB<\/li>\n<li>Con control remoto<\/li>\n<\/ul>\n","protected":false},"excerpt":{"rendered":"<p>WRISTBAND REMOTE SOFT KEGEL Preparado y listo para tu pr\u00f3ximo entrenamiento en el suelo p\u00e9lvico, el Sistema de Kegel Wristband<\/p>\n","protected":false},"featured_media":19241,"comment_status":"open","ping_status":"open","template":"","meta":[],"product_cat":[322],"product_tag":[660,879],"class_list":["post-19240","product","type-product","status-publish","has-post-thumbnail","hentry","product_cat-con-mando","product_tag-calexotics","product_tag-remote-controlled-vibes"],"bundled_by":[],"bundle_stock_status":"outofstock","bundle_stock_quantity":0,"bundle_virtual":false,"bundle_layout":"","bundle_add_to_cart_form_location":"","bundle_editable_in_cart":false,"bundle_sold_individually_context":"","bundle_item_grouping":"","bundle_min_size":"","bundle_max_size":"","bundled_items":[],"yoast_head":"<!-- This site is optimized with the Yoast SEO plugin v20.6 - https:\/\/yoast.com\/wordpress\/plugins\/seo\/ -->\n<title>BOLAS KEGEL DE SILICONA CON CONTROL REMOTO - NEGRO - Tienda Er\u00f3tica<\/title>\n<meta name=\"robots\" content=\"noindex, follow, max-snippet:-1, max-image-preview:large, max-video-preview:-1\" \/>\n<meta property=\"og:locale\" content=\"es_ES\" \/>\n<meta property=\"og:type\" content=\"article\" \/>\n<meta property=\"og:title\" content=\"BOLAS KEGEL DE SILICONA CON CONTROL REMOTO - NEGRO - Tienda Er\u00f3tica\" \/>\n<meta property=\"og:description\" content=\"WRISTBAND REMOTE SOFT KEGEL Preparado y listo para tu pr\u00f3ximo entrenamiento en el suelo p\u00e9lvico, el Sistema de Kegel Wristband\" \/>\n<meta property=\"og:url\" content=\"https:\/\/demoweb.info\/sexshop001\/producto\/bolas-kegel-de-silicona-con-control-remoto-negro\/\" \/>\n<meta property=\"og:site_name\" content=\"Tienda Er\u00f3tica\" \/>\n<meta property=\"article:modified_time\" content=\"2022-01-22T09:59:48+00:00\" \/>\n<meta property=\"og:image\" content=\"https:\/\/demoweb.info\/sexshop001\/wp-content\/uploads\/2022\/01\/BOLAS-KEGEL-DE-SILICONA-CON-CONTROL-REMOTO-NEGRO.jpg\" \/>\n\t<meta property=\"og:image:width\" content=\"550\" \/>\n\t<meta property=\"og:image:height\" content=\"550\" \/>\n\t<meta property=\"og:image:type\" content=\"image\/jpeg\" \/>\n<meta name=\"twitter:card\" content=\"summary_large_image\" \/>\n<meta name=\"twitter:label1\" content=\"Tiempo de lectura\" \/>\n\t<meta name=\"twitter:data1\" content=\"1 minuto\" \/>\n<script type=\"application\/ld+json\" class=\"yoast-schema-graph\">{\"@context\":\"https:\/\/schema.org\",\"@graph\":[{\"@type\":\"WebPage\",\"@id\":\"https:\/\/demoweb.info\/sexshop001\/producto\/bolas-kegel-de-silicona-con-control-remoto-negro\/\",\"url\":\"https:\/\/demoweb.info\/sexshop001\/producto\/bolas-kegel-de-silicona-con-control-remoto-negro\/\",\"name\":\"BOLAS KEGEL DE SILICONA CON CONTROL REMOTO - NEGRO - Tienda Er\u00f3tica\",\"isPartOf\":{\"@id\":\"https:\/\/demoweb.info\/sexshop001\/#website\"},\"datePublished\":\"2022-01-22T09:59:27+00:00\",\"dateModified\":\"2022-01-22T09:59:48+00:00\",\"breadcrumb\":{\"@id\":\"https:\/\/demoweb.info\/sexshop001\/producto\/bolas-kegel-de-silicona-con-control-remoto-negro\/#breadcrumb\"},\"inLanguage\":\"es\",\"potentialAction\":[{\"@type\":\"ReadAction\",\"target\":[\"https:\/\/demoweb.info\/sexshop001\/producto\/bolas-kegel-de-silicona-con-control-remoto-negro\/\"]}]},{\"@type\":\"BreadcrumbList\",\"@id\":\"https:\/\/demoweb.info\/sexshop001\/producto\/bolas-kegel-de-silicona-con-control-remoto-negro\/#breadcrumb\",\"itemListElement\":[{\"@type\":\"ListItem\",\"position\":1,\"name\":\"Portada\",\"item\":\"https:\/\/demoweb.info\/sexshop001\/\"},{\"@type\":\"ListItem\",\"position\":2,\"name\":\"Tienda\",\"item\":\"https:\/\/demoweb.info\/sexshop001\/tienda\/\"},{\"@type\":\"ListItem\",\"position\":3,\"name\":\"BOLAS KEGEL DE SILICONA CON CONTROL REMOTO &#8211; NEGRO\"}]},{\"@type\":\"WebSite\",\"@id\":\"https:\/\/demoweb.info\/sexshop001\/#website\",\"url\":\"https:\/\/demoweb.info\/sexshop001\/\",\"name\":\"Tienda Er\u00f3tica\",\"description\":\"DEMOWEB SL\",\"potentialAction\":[{\"@type\":\"SearchAction\",\"target\":{\"@type\":\"EntryPoint\",\"urlTemplate\":\"https:\/\/demoweb.info\/sexshop001\/?s={search_term_string}\"},\"query-input\":\"required name=search_term_string\"}],\"inLanguage\":\"es\"}]}<\/script>\n<!-- \/ Yoast SEO plugin. -->","yoast_head_json":{"title":"BOLAS KEGEL DE SILICONA CON CONTROL REMOTO - NEGRO - Tienda Er\u00f3tica","robots":{"index":"noindex","follow":"follow","max-snippet":"max-snippet:-1","max-image-preview":"max-image-preview:large","max-video-preview":"max-video-preview:-1"},"og_locale":"es_ES","og_type":"article","og_title":"BOLAS KEGEL DE SILICONA CON CONTROL REMOTO - NEGRO - Tienda Er\u00f3tica","og_description":"WRISTBAND REMOTE SOFT KEGEL Preparado y listo para tu pr\u00f3ximo entrenamiento en el suelo p\u00e9lvico, el Sistema de Kegel Wristband","og_url":"https:\/\/demoweb.info\/sexshop001\/producto\/bolas-kegel-de-silicona-con-control-remoto-negro\/","og_site_name":"Tienda Er\u00f3tica","article_modified_time":"2022-01-22T09:59:48+00:00","og_image":[{"width":550,"height":550,"url":"https:\/\/demoweb.info\/sexshop001\/wp-content\/uploads\/2022\/01\/BOLAS-KEGEL-DE-SILICONA-CON-CONTROL-REMOTO-NEGRO.jpg","type":"image\/jpeg"}],"twitter_card":"summary_large_image","twitter_misc":{"Tiempo de lectura":"1 minuto"},"schema":{"@context":"https:\/\/schema.org","@graph":[{"@type":"WebPage","@id":"https:\/\/demoweb.info\/sexshop001\/producto\/bolas-kegel-de-silicona-con-control-remoto-negro\/","url":"https:\/\/demoweb.info\/sexshop001\/producto\/bolas-kegel-de-silicona-con-control-remoto-negro\/","name":"BOLAS KEGEL DE SILICONA CON CONTROL REMOTO - NEGRO - Tienda Er\u00f3tica","isPartOf":{"@id":"https:\/\/demoweb.info\/sexshop001\/#website"},"datePublished":"2022-01-22T09:59:27+00:00","dateModified":"2022-01-22T09:59:48+00:00","breadcrumb":{"@id":"https:\/\/demoweb.info\/sexshop001\/producto\/bolas-kegel-de-silicona-con-control-remoto-negro\/#breadcrumb"},"inLanguage":"es","potentialAction":[{"@type":"ReadAction","target":["https:\/\/demoweb.info\/sexshop001\/producto\/bolas-kegel-de-silicona-con-control-remoto-negro\/"]}]},{"@type":"BreadcrumbList","@id":"https:\/\/demoweb.info\/sexshop001\/producto\/bolas-kegel-de-silicona-con-control-remoto-negro\/#breadcrumb","itemListElement":[{"@type":"ListItem","position":1,"name":"Portada","item":"https:\/\/demoweb.info\/sexshop001\/"},{"@type":"ListItem","position":2,"name":"Tienda","item":"https:\/\/demoweb.info\/sexshop001\/tienda\/"},{"@type":"ListItem","position":3,"name":"BOLAS KEGEL DE SILICONA CON CONTROL REMOTO &#8211; NEGRO"}]},{"@type":"WebSite","@id":"https:\/\/demoweb.info\/sexshop001\/#website","url":"https:\/\/demoweb.info\/sexshop001\/","name":"Tienda Er\u00f3tica","description":"DEMOWEB SL","potentialAction":[{"@type":"SearchAction","target":{"@type":"EntryPoint","urlTemplate":"https:\/\/demoweb.info\/sexshop001\/?s={search_term_string}"},"query-input":"required name=search_term_string"}],"inLanguage":"es"}]}},"_links":{"self":[{"href":"https:\/\/demoweb.info\/sexshop001\/wp-json\/wp\/v3\/product\/19240","targetHints":{"allow":["GET"]}}],"collection":[{"href":"https:\/\/demoweb.info\/sexshop001\/wp-json\/wp\/v3\/product"}],"about":[{"href":"https:\/\/demoweb.info\/sexshop001\/wp-json\/wp\/v2\/types\/product"}],"replies":[{"embeddable":true,"href":"https:\/\/demoweb.info\/sexshop001\/wp-json\/wp\/v2\/comments?post=19240"}],"wp:featuredmedia":[{"embeddable":true,"href":"https:\/\/demoweb.info\/sexshop001\/wp-json\/wp\/v2\/media\/19241"}],"wp:attachment":[{"href":"https:\/\/demoweb.info\/sexshop001\/wp-json\/wp\/v2\/media?parent=19240"}],"wp:term":[{"taxonomy":"product_cat","embeddable":true,"href":"https:\/\/demoweb.info\/sexshop001\/wp-json\/wp\/v2\/product_cat?post=19240"},{"taxonomy":"product_tag","embeddable":true,"href":"https:\/\/demoweb.info\/sexshop001\/wp-json\/wp\/v2\/product_tag?post=19240"}],"curies":[{"name":"wp","href":"https:\/\/api.w.org\/{rel}","templated":true}]}}