{"id":19084,"date":"2022-01-22T10:58:21","date_gmt":"2022-01-22T09:58:21","guid":{"rendered":"https:\/\/demoweb.info\/sexshop001\/producto\/pene-realistico-control-remoto-con-rotacion-18cm\/"},"modified":"2022-01-22T10:58:38","modified_gmt":"2022-01-22T09:58:38","slug":"pene-realistico-control-remoto-con-rotacion-18cm","status":"publish","type":"product","link":"https:\/\/demoweb.info\/sexshop001\/producto\/pene-realistico-control-remoto-con-rotacion-18cm\/","title":{"rendered":"PENE REAL\u00cdSTICO CONTROL REMOTO CON ROTACI\u00d3N 18CM"},"content":{"rendered":"<p><strong>ROTATING VIBRATING REMOTE 7 IN<\/strong><\/p>\n<p>Presentamos la colecci\u00f3n Naked Addiction.<\/p>\n<p>Con la tecnolog\u00eda IncrediFeel, esta silicona superior tiene una sensaci\u00f3n ultra realista. Incre\u00edblemente suave al tacto, pero firme cuando sea necesario, te obsesionar\u00e1 con la sensaci\u00f3n que ofrece.<\/p>\n<p>El dong Naked Addiction Rotating and Vibrating es un consolador de lujo con texturas y venas hiperrealistas en el material. Con una rotaci\u00f3n completa de 360 grados y fuertes vibraciones penetrantes, este dong es resistente al agua y compatible con arneses.<\/p>\n<p>Medidas:<\/p>\n<ul>\n<li>Longitud total: 17,8 cm<\/li>\n<li>Longitud insertable: 12 cm<\/li>\n<li>7 modos de vibraci\u00f3n<\/li>\n<li>De silicona<\/li>\n<li>Recargable con USB<\/li>\n<li>Con mando control remoto<\/li>\n<li>Con ventosa<\/li>\n<\/ul>\n<p>La colecci\u00f3n Naked Addiction. Con la tecnolog\u00eda IncrediFeel, esta silicona superior tiene una sensaci\u00f3n ultra realista. Incre\u00edblemente suave al tacto, pero firme cuando sea necesario, estar\u00e1s obsesionado con la sensaci\u00f3n que transmite. Con una estructura de doble densidad, el dong Naked Addiction tiene un n\u00facleo s\u00f3lido y una capa externa flexible para mayor realismo.<\/p>\n","protected":false},"excerpt":{"rendered":"<p>ROTATING VIBRATING REMOTE 7 IN Presentamos la colecci\u00f3n Naked Addiction. Con la tecnolog\u00eda IncrediFeel, esta silicona superior tiene una sensaci\u00f3n<\/p>\n","protected":false},"featured_media":19085,"comment_status":"open","ping_status":"open","template":"","meta":[],"product_cat":[475],"product_tag":[905],"class_list":["post-19084","product","type-product","status-publish","has-post-thumbnail","hentry","product_cat-con-rotacion","product_tag-naked-addiction"],"bundled_by":[],"bundle_stock_status":"instock","bundle_stock_quantity":3,"bundle_virtual":false,"bundle_layout":"","bundle_add_to_cart_form_location":"","bundle_editable_in_cart":false,"bundle_sold_individually_context":"","bundle_item_grouping":"","bundle_min_size":"","bundle_max_size":"","bundled_items":[],"yoast_head":"<!-- This site is optimized with the Yoast SEO plugin v20.6 - https:\/\/yoast.com\/wordpress\/plugins\/seo\/ -->\n<title>PENE REAL\u00cdSTICO CONTROL REMOTO CON ROTACI\u00d3N 18CM - Tienda Er\u00f3tica<\/title>\n<meta name=\"robots\" content=\"noindex, follow, max-snippet:-1, max-image-preview:large, max-video-preview:-1\" \/>\n<meta property=\"og:locale\" content=\"es_ES\" \/>\n<meta property=\"og:type\" content=\"article\" \/>\n<meta property=\"og:title\" content=\"PENE REAL\u00cdSTICO CONTROL REMOTO CON ROTACI\u00d3N 18CM - Tienda Er\u00f3tica\" \/>\n<meta property=\"og:description\" content=\"ROTATING VIBRATING REMOTE 7 IN Presentamos la colecci\u00f3n Naked Addiction. Con la tecnolog\u00eda IncrediFeel, esta silicona superior tiene una sensaci\u00f3n\" \/>\n<meta property=\"og:url\" content=\"https:\/\/demoweb.info\/sexshop001\/producto\/pene-realistico-control-remoto-con-rotacion-18cm\/\" \/>\n<meta property=\"og:site_name\" content=\"Tienda Er\u00f3tica\" \/>\n<meta property=\"article:modified_time\" content=\"2022-01-22T09:58:38+00:00\" \/>\n<meta property=\"og:image\" content=\"https:\/\/demoweb.info\/sexshop001\/wp-content\/uploads\/2022\/01\/PENE-REALISTICO-CONTROL-REMOTO-CON-ROTACION-18CM.jpg\" \/>\n\t<meta property=\"og:image:width\" content=\"550\" \/>\n\t<meta property=\"og:image:height\" content=\"550\" \/>\n\t<meta property=\"og:image:type\" content=\"image\/jpeg\" \/>\n<meta name=\"twitter:card\" content=\"summary_large_image\" \/>\n<meta name=\"twitter:label1\" content=\"Tiempo de lectura\" \/>\n\t<meta name=\"twitter:data1\" content=\"1 minuto\" \/>\n<script type=\"application\/ld+json\" class=\"yoast-schema-graph\">{\"@context\":\"https:\/\/schema.org\",\"@graph\":[{\"@type\":\"WebPage\",\"@id\":\"https:\/\/demoweb.info\/sexshop001\/producto\/pene-realistico-control-remoto-con-rotacion-18cm\/\",\"url\":\"https:\/\/demoweb.info\/sexshop001\/producto\/pene-realistico-control-remoto-con-rotacion-18cm\/\",\"name\":\"PENE REAL\u00cdSTICO CONTROL REMOTO CON ROTACI\u00d3N 18CM - Tienda Er\u00f3tica\",\"isPartOf\":{\"@id\":\"https:\/\/demoweb.info\/sexshop001\/#website\"},\"datePublished\":\"2022-01-22T09:58:21+00:00\",\"dateModified\":\"2022-01-22T09:58:38+00:00\",\"breadcrumb\":{\"@id\":\"https:\/\/demoweb.info\/sexshop001\/producto\/pene-realistico-control-remoto-con-rotacion-18cm\/#breadcrumb\"},\"inLanguage\":\"es\",\"potentialAction\":[{\"@type\":\"ReadAction\",\"target\":[\"https:\/\/demoweb.info\/sexshop001\/producto\/pene-realistico-control-remoto-con-rotacion-18cm\/\"]}]},{\"@type\":\"BreadcrumbList\",\"@id\":\"https:\/\/demoweb.info\/sexshop001\/producto\/pene-realistico-control-remoto-con-rotacion-18cm\/#breadcrumb\",\"itemListElement\":[{\"@type\":\"ListItem\",\"position\":1,\"name\":\"Portada\",\"item\":\"https:\/\/demoweb.info\/sexshop001\/\"},{\"@type\":\"ListItem\",\"position\":2,\"name\":\"Tienda\",\"item\":\"https:\/\/demoweb.info\/sexshop001\/tienda\/\"},{\"@type\":\"ListItem\",\"position\":3,\"name\":\"PENE REAL\u00cdSTICO CONTROL REMOTO CON ROTACI\u00d3N 18CM\"}]},{\"@type\":\"WebSite\",\"@id\":\"https:\/\/demoweb.info\/sexshop001\/#website\",\"url\":\"https:\/\/demoweb.info\/sexshop001\/\",\"name\":\"Tienda Er\u00f3tica\",\"description\":\"DEMOWEB SL\",\"potentialAction\":[{\"@type\":\"SearchAction\",\"target\":{\"@type\":\"EntryPoint\",\"urlTemplate\":\"https:\/\/demoweb.info\/sexshop001\/?s={search_term_string}\"},\"query-input\":\"required name=search_term_string\"}],\"inLanguage\":\"es\"}]}<\/script>\n<!-- \/ Yoast SEO plugin. -->","yoast_head_json":{"title":"PENE REAL\u00cdSTICO CONTROL REMOTO CON ROTACI\u00d3N 18CM - Tienda Er\u00f3tica","robots":{"index":"noindex","follow":"follow","max-snippet":"max-snippet:-1","max-image-preview":"max-image-preview:large","max-video-preview":"max-video-preview:-1"},"og_locale":"es_ES","og_type":"article","og_title":"PENE REAL\u00cdSTICO CONTROL REMOTO CON ROTACI\u00d3N 18CM - Tienda Er\u00f3tica","og_description":"ROTATING VIBRATING REMOTE 7 IN Presentamos la colecci\u00f3n Naked Addiction. Con la tecnolog\u00eda IncrediFeel, esta silicona superior tiene una sensaci\u00f3n","og_url":"https:\/\/demoweb.info\/sexshop001\/producto\/pene-realistico-control-remoto-con-rotacion-18cm\/","og_site_name":"Tienda Er\u00f3tica","article_modified_time":"2022-01-22T09:58:38+00:00","og_image":[{"width":550,"height":550,"url":"https:\/\/demoweb.info\/sexshop001\/wp-content\/uploads\/2022\/01\/PENE-REALISTICO-CONTROL-REMOTO-CON-ROTACION-18CM.jpg","type":"image\/jpeg"}],"twitter_card":"summary_large_image","twitter_misc":{"Tiempo de lectura":"1 minuto"},"schema":{"@context":"https:\/\/schema.org","@graph":[{"@type":"WebPage","@id":"https:\/\/demoweb.info\/sexshop001\/producto\/pene-realistico-control-remoto-con-rotacion-18cm\/","url":"https:\/\/demoweb.info\/sexshop001\/producto\/pene-realistico-control-remoto-con-rotacion-18cm\/","name":"PENE REAL\u00cdSTICO CONTROL REMOTO CON ROTACI\u00d3N 18CM - Tienda Er\u00f3tica","isPartOf":{"@id":"https:\/\/demoweb.info\/sexshop001\/#website"},"datePublished":"2022-01-22T09:58:21+00:00","dateModified":"2022-01-22T09:58:38+00:00","breadcrumb":{"@id":"https:\/\/demoweb.info\/sexshop001\/producto\/pene-realistico-control-remoto-con-rotacion-18cm\/#breadcrumb"},"inLanguage":"es","potentialAction":[{"@type":"ReadAction","target":["https:\/\/demoweb.info\/sexshop001\/producto\/pene-realistico-control-remoto-con-rotacion-18cm\/"]}]},{"@type":"BreadcrumbList","@id":"https:\/\/demoweb.info\/sexshop001\/producto\/pene-realistico-control-remoto-con-rotacion-18cm\/#breadcrumb","itemListElement":[{"@type":"ListItem","position":1,"name":"Portada","item":"https:\/\/demoweb.info\/sexshop001\/"},{"@type":"ListItem","position":2,"name":"Tienda","item":"https:\/\/demoweb.info\/sexshop001\/tienda\/"},{"@type":"ListItem","position":3,"name":"PENE REAL\u00cdSTICO CONTROL REMOTO CON ROTACI\u00d3N 18CM"}]},{"@type":"WebSite","@id":"https:\/\/demoweb.info\/sexshop001\/#website","url":"https:\/\/demoweb.info\/sexshop001\/","name":"Tienda Er\u00f3tica","description":"DEMOWEB SL","potentialAction":[{"@type":"SearchAction","target":{"@type":"EntryPoint","urlTemplate":"https:\/\/demoweb.info\/sexshop001\/?s={search_term_string}"},"query-input":"required name=search_term_string"}],"inLanguage":"es"}]}},"_links":{"self":[{"href":"https:\/\/demoweb.info\/sexshop001\/wp-json\/wp\/v3\/product\/19084","targetHints":{"allow":["GET"]}}],"collection":[{"href":"https:\/\/demoweb.info\/sexshop001\/wp-json\/wp\/v3\/product"}],"about":[{"href":"https:\/\/demoweb.info\/sexshop001\/wp-json\/wp\/v2\/types\/product"}],"replies":[{"embeddable":true,"href":"https:\/\/demoweb.info\/sexshop001\/wp-json\/wp\/v2\/comments?post=19084"}],"wp:featuredmedia":[{"embeddable":true,"href":"https:\/\/demoweb.info\/sexshop001\/wp-json\/wp\/v2\/media\/19085"}],"wp:attachment":[{"href":"https:\/\/demoweb.info\/sexshop001\/wp-json\/wp\/v2\/media?parent=19084"}],"wp:term":[{"taxonomy":"product_cat","embeddable":true,"href":"https:\/\/demoweb.info\/sexshop001\/wp-json\/wp\/v2\/product_cat?post=19084"},{"taxonomy":"product_tag","embeddable":true,"href":"https:\/\/demoweb.info\/sexshop001\/wp-json\/wp\/v2\/product_tag?post=19084"}],"curies":[{"name":"wp","href":"https:\/\/api.w.org\/{rel}","templated":true}]}}