{"id":19051,"date":"2022-01-22T10:58:21","date_gmt":"2022-01-22T09:58:21","guid":{"rendered":"https:\/\/demoweb.info\/sexshop001\/producto\/urban-girls\/"},"modified":"2022-01-22T10:58:25","modified_gmt":"2022-01-22T09:58:25","slug":"urban-girls","status":"publish","type":"product","link":"https:\/\/demoweb.info\/sexshop001\/producto\/urban-girls\/","title":{"rendered":"URBAN GIRLS"},"content":{"rendered":"<p><strong>URBAN GIRLS<\/strong><\/p>\n<p>Howard Huang<\/p>\n<p>Cuando en 2002 el fot\u00f3grafo Howard Huang comenz\u00f3 a ofrecer su book de moda por Nueva York, no ten\u00eda idea de que estaba por convertirse en el maestro de la fotograf\u00eda urbana. En ese entonces, el inmigrante taiwan\u00e9s pensaba que las chicas urbanas eran s\u00f3lo mujeres que viv\u00edan en la ciudad.<\/p>\n<p>Seg\u00fan explica, el ingl\u00e9s es mi segundo idioma, todav\u00eda lo estaba aprendiendo. Sin embargo, cuando el director de la revista Black Men le pregunt\u00f3 si sab\u00eda fotografiar mujeres sexy, respondi\u00f3: \u00a1Claro!, y emprendi\u00f3 las escenificaciones para las voluptuosas cantantes, modelos y actrices de la revista con fantas\u00edas inspiradas en su pasi\u00f3n por los c\u00f3mics y el anime. Sus composiciones fotogr\u00e1ficas muestran locales ex\u00f3ticos, lujosos interiores o las calles nocturnas de Manhattan ba\u00f1adas en luz de ne\u00f3n.<\/p>\n<p>Sus turgentes hero\u00ednas, incluidas la cantante Jacki-O, la actriz Vida Guerra y las estrellas de los reality shows televisivos Hoopz, Deelishis y Risky Jones, escapan en lustrosas motos, roban bancos con las armas desenfundadas y maletines Halliburton desbordantes de dinero, blanden espadas como asesinos japoneses, hacen aparecer fuego, persiguen caza mayor y en general salen disparando mientras exhiben sus generosos traseros en fotos que recuerdan a los videojuegos.<\/p>\n<p>El truco est\u00e1 en rehacer una imagen para realzar mi visi\u00f3n, sin llamar la atenci\u00f3n sobre los pastelosos efectos especiales de Photoshop, dice Huang, que estudi\u00f3 con el maestro de los efectos digitales Michel Tcherevkoff.<\/p>\n<p>El resultado es un matrimonio \u00fanico del nuevo pictorialismo con la fotograf\u00eda de glamour cl\u00e1sica, y un look en el poco conocido nicho de mercado de las modelos de bikini afroamericanas y latinas, llamadas colectivamente chicas urbanas.<\/p>\n<p>N&ordm; de p\u00e1ginas: 256<br \/>\nEditorial: TASCHEN BENEDIKT<br \/>\nA\u00f1o de edici\u00f3n: 2010<br \/>\nEncuadernaci\u00f3n: Tapa dura<\/p><\/p>\n","protected":false},"excerpt":{"rendered":"<p>URBAN GIRLS Howard Huang Cuando en 2002 el fot\u00f3grafo Howard Huang comenz\u00f3 a ofrecer su book de moda por Nueva<\/p>\n","protected":false},"featured_media":19052,"comment_status":"open","ping_status":"open","template":"","meta":[],"product_cat":[414],"product_tag":[950],"class_list":["post-19051","product","type-product","status-publish","has-post-thumbnail","hentry","product_cat-libros","product_tag-taschen"],"bundled_by":[],"bundle_stock_status":"outofstock","bundle_stock_quantity":0,"bundle_virtual":false,"bundle_layout":"","bundle_add_to_cart_form_location":"","bundle_editable_in_cart":false,"bundle_sold_individually_context":"","bundle_item_grouping":"","bundle_min_size":"","bundle_max_size":"","bundled_items":[],"yoast_head":"<!-- This site is optimized with the Yoast SEO plugin v20.6 - https:\/\/yoast.com\/wordpress\/plugins\/seo\/ -->\n<title>URBAN GIRLS - Tienda Er\u00f3tica<\/title>\n<meta name=\"robots\" content=\"noindex, follow, max-snippet:-1, max-image-preview:large, max-video-preview:-1\" \/>\n<meta property=\"og:locale\" content=\"es_ES\" \/>\n<meta property=\"og:type\" content=\"article\" \/>\n<meta property=\"og:title\" content=\"URBAN GIRLS - Tienda Er\u00f3tica\" \/>\n<meta property=\"og:description\" content=\"URBAN GIRLS Howard Huang Cuando en 2002 el fot\u00f3grafo Howard Huang comenz\u00f3 a ofrecer su book de moda por Nueva\" \/>\n<meta property=\"og:url\" content=\"https:\/\/demoweb.info\/sexshop001\/producto\/urban-girls\/\" \/>\n<meta property=\"og:site_name\" content=\"Tienda Er\u00f3tica\" \/>\n<meta property=\"article:modified_time\" content=\"2022-01-22T09:58:25+00:00\" \/>\n<meta property=\"og:image\" content=\"https:\/\/demoweb.info\/sexshop001\/wp-content\/uploads\/2022\/01\/URBAN-GIRLS.jpg\" \/>\n\t<meta property=\"og:image:width\" content=\"550\" \/>\n\t<meta property=\"og:image:height\" content=\"550\" \/>\n\t<meta property=\"og:image:type\" content=\"image\/jpeg\" \/>\n<meta name=\"twitter:card\" content=\"summary_large_image\" \/>\n<meta name=\"twitter:label1\" content=\"Tiempo de lectura\" \/>\n\t<meta name=\"twitter:data1\" content=\"2 minutos\" \/>\n<script type=\"application\/ld+json\" class=\"yoast-schema-graph\">{\"@context\":\"https:\/\/schema.org\",\"@graph\":[{\"@type\":\"WebPage\",\"@id\":\"https:\/\/demoweb.info\/sexshop001\/producto\/urban-girls\/\",\"url\":\"https:\/\/demoweb.info\/sexshop001\/producto\/urban-girls\/\",\"name\":\"URBAN GIRLS - Tienda Er\u00f3tica\",\"isPartOf\":{\"@id\":\"https:\/\/demoweb.info\/sexshop001\/#website\"},\"datePublished\":\"2022-01-22T09:58:21+00:00\",\"dateModified\":\"2022-01-22T09:58:25+00:00\",\"breadcrumb\":{\"@id\":\"https:\/\/demoweb.info\/sexshop001\/producto\/urban-girls\/#breadcrumb\"},\"inLanguage\":\"es\",\"potentialAction\":[{\"@type\":\"ReadAction\",\"target\":[\"https:\/\/demoweb.info\/sexshop001\/producto\/urban-girls\/\"]}]},{\"@type\":\"BreadcrumbList\",\"@id\":\"https:\/\/demoweb.info\/sexshop001\/producto\/urban-girls\/#breadcrumb\",\"itemListElement\":[{\"@type\":\"ListItem\",\"position\":1,\"name\":\"Portada\",\"item\":\"https:\/\/demoweb.info\/sexshop001\/\"},{\"@type\":\"ListItem\",\"position\":2,\"name\":\"Tienda\",\"item\":\"https:\/\/demoweb.info\/sexshop001\/tienda\/\"},{\"@type\":\"ListItem\",\"position\":3,\"name\":\"URBAN GIRLS\"}]},{\"@type\":\"WebSite\",\"@id\":\"https:\/\/demoweb.info\/sexshop001\/#website\",\"url\":\"https:\/\/demoweb.info\/sexshop001\/\",\"name\":\"Tienda Er\u00f3tica\",\"description\":\"DEMOWEB SL\",\"potentialAction\":[{\"@type\":\"SearchAction\",\"target\":{\"@type\":\"EntryPoint\",\"urlTemplate\":\"https:\/\/demoweb.info\/sexshop001\/?s={search_term_string}\"},\"query-input\":\"required name=search_term_string\"}],\"inLanguage\":\"es\"}]}<\/script>\n<!-- \/ Yoast SEO plugin. -->","yoast_head_json":{"title":"URBAN GIRLS - Tienda Er\u00f3tica","robots":{"index":"noindex","follow":"follow","max-snippet":"max-snippet:-1","max-image-preview":"max-image-preview:large","max-video-preview":"max-video-preview:-1"},"og_locale":"es_ES","og_type":"article","og_title":"URBAN GIRLS - Tienda Er\u00f3tica","og_description":"URBAN GIRLS Howard Huang Cuando en 2002 el fot\u00f3grafo Howard Huang comenz\u00f3 a ofrecer su book de moda por Nueva","og_url":"https:\/\/demoweb.info\/sexshop001\/producto\/urban-girls\/","og_site_name":"Tienda Er\u00f3tica","article_modified_time":"2022-01-22T09:58:25+00:00","og_image":[{"width":550,"height":550,"url":"https:\/\/demoweb.info\/sexshop001\/wp-content\/uploads\/2022\/01\/URBAN-GIRLS.jpg","type":"image\/jpeg"}],"twitter_card":"summary_large_image","twitter_misc":{"Tiempo de lectura":"2 minutos"},"schema":{"@context":"https:\/\/schema.org","@graph":[{"@type":"WebPage","@id":"https:\/\/demoweb.info\/sexshop001\/producto\/urban-girls\/","url":"https:\/\/demoweb.info\/sexshop001\/producto\/urban-girls\/","name":"URBAN GIRLS - Tienda Er\u00f3tica","isPartOf":{"@id":"https:\/\/demoweb.info\/sexshop001\/#website"},"datePublished":"2022-01-22T09:58:21+00:00","dateModified":"2022-01-22T09:58:25+00:00","breadcrumb":{"@id":"https:\/\/demoweb.info\/sexshop001\/producto\/urban-girls\/#breadcrumb"},"inLanguage":"es","potentialAction":[{"@type":"ReadAction","target":["https:\/\/demoweb.info\/sexshop001\/producto\/urban-girls\/"]}]},{"@type":"BreadcrumbList","@id":"https:\/\/demoweb.info\/sexshop001\/producto\/urban-girls\/#breadcrumb","itemListElement":[{"@type":"ListItem","position":1,"name":"Portada","item":"https:\/\/demoweb.info\/sexshop001\/"},{"@type":"ListItem","position":2,"name":"Tienda","item":"https:\/\/demoweb.info\/sexshop001\/tienda\/"},{"@type":"ListItem","position":3,"name":"URBAN GIRLS"}]},{"@type":"WebSite","@id":"https:\/\/demoweb.info\/sexshop001\/#website","url":"https:\/\/demoweb.info\/sexshop001\/","name":"Tienda Er\u00f3tica","description":"DEMOWEB SL","potentialAction":[{"@type":"SearchAction","target":{"@type":"EntryPoint","urlTemplate":"https:\/\/demoweb.info\/sexshop001\/?s={search_term_string}"},"query-input":"required name=search_term_string"}],"inLanguage":"es"}]}},"_links":{"self":[{"href":"https:\/\/demoweb.info\/sexshop001\/wp-json\/wp\/v3\/product\/19051","targetHints":{"allow":["GET"]}}],"collection":[{"href":"https:\/\/demoweb.info\/sexshop001\/wp-json\/wp\/v3\/product"}],"about":[{"href":"https:\/\/demoweb.info\/sexshop001\/wp-json\/wp\/v2\/types\/product"}],"replies":[{"embeddable":true,"href":"https:\/\/demoweb.info\/sexshop001\/wp-json\/wp\/v2\/comments?post=19051"}],"wp:featuredmedia":[{"embeddable":true,"href":"https:\/\/demoweb.info\/sexshop001\/wp-json\/wp\/v2\/media\/19052"}],"wp:attachment":[{"href":"https:\/\/demoweb.info\/sexshop001\/wp-json\/wp\/v2\/media?parent=19051"}],"wp:term":[{"taxonomy":"product_cat","embeddable":true,"href":"https:\/\/demoweb.info\/sexshop001\/wp-json\/wp\/v2\/product_cat?post=19051"},{"taxonomy":"product_tag","embeddable":true,"href":"https:\/\/demoweb.info\/sexshop001\/wp-json\/wp\/v2\/product_tag?post=19051"}],"curies":[{"name":"wp","href":"https:\/\/api.w.org\/{rel}","templated":true}]}}