{"id":18958,"date":"2022-01-22T10:57:31","date_gmt":"2022-01-22T09:57:31","guid":{"rendered":"https:\/\/demoweb.info\/sexshop001\/producto\/key-stella-2-bolas-chinas-lila\/"},"modified":"2022-01-22T10:57:43","modified_gmt":"2022-01-22T09:57:43","slug":"key-stella-2-bolas-chinas-lila","status":"publish","type":"product","link":"https:\/\/demoweb.info\/sexshop001\/producto\/key-stella-2-bolas-chinas-lila\/","title":{"rendered":"KEY STELLA 2 BOLAS CHINAS LILA"},"content":{"rendered":"<p><font size=&quot;1&quot;><\/p>\n<p align=&quot;justify&quot;><B>KEY STELLA 2 KEGEL BALLS SET PURPLE<\/B>.<\/p>\n<p>Alcanza orgasmos m\u00e1s intensos con el set de bolas <b>Stella 2 Key<\/b> de <b>Jopen<\/b>. Viene con el soporte doble que mantiene dos de las tres bolas intercambiables de distinto peso (una bola de 30 gr y dos de 40 gr). Para obtener mejores resultados, empieza con la combinaci\u00f3n m\u00e1s ligera (la bola de 30 junto con la de 40) y seg\u00fan sientas tus m\u00fasculos m\u00e1s fortalecidos, cambia la bola m\u00e1s ligera por la de mayor peso (la de 40 gr).<\/p>\n<p>Las bolas <b>Stella 2 Key by Jopen<\/b> tienen un di\u00e1metro de 3,75 cm. cada una y una longitud total de 15,25 cm. incluida la cuerda para retirar la bola china.<br \/>\nLas bolas chinas son muy f\u00e1ciles de utilizar, para que el ejercicio sea efectivo deberemos de caminar durante 15 o 20 minutos para que la vibraci\u00f3n provoque un efecto reflejo, el tener que caminar para que la bola sea efectiva nos va aportar un doble beneficio que es mantener a raya el colesterol y tener un suelo p\u00e9lvico en forma.<\/p>\n<p>Caracter\u00edsticas:<br \/>\n&#8211; Silicona suave y lujosa, respetuosa con tu cuerpo.<br \/>\n&#8211; 3 bolas intercambiables: una de 30 gr y  dos de 40 gr.<br \/>\n&#8211; Impermeables.<br \/>\n&#8211; Bolsa suave para guardar las bolas mientras no las uses.<br \/>\n&#8211; Garant\u00eda de 1 a\u00f1o.<br \/>\n<\/font><\/p>\n","protected":false},"excerpt":{"rendered":"<p>KEY STELLA 2 KEGEL BALLS SET PURPLE. Alcanza orgasmos m\u00e1s intensos con el set de bolas Stella 2 Key de<\/p>\n","protected":false},"featured_media":18959,"comment_status":"open","ping_status":"open","template":"","meta":[],"product_cat":[320],"product_tag":[728,729],"class_list":["post-18958","product","type-product","status-publish","has-post-thumbnail","hentry","product_cat-silicona-bolas-y-huevos","product_tag-jopen","product_tag-key"],"bundled_by":[],"bundle_stock_status":"instock","bundle_stock_quantity":1,"bundle_virtual":false,"bundle_layout":"","bundle_add_to_cart_form_location":"","bundle_editable_in_cart":false,"bundle_sold_individually_context":"","bundle_item_grouping":"","bundle_min_size":"","bundle_max_size":"","bundled_items":[],"yoast_head":"<!-- This site is optimized with the Yoast SEO plugin v20.6 - https:\/\/yoast.com\/wordpress\/plugins\/seo\/ -->\n<title>KEY STELLA 2 BOLAS CHINAS LILA - Tienda Er\u00f3tica<\/title>\n<meta name=\"robots\" content=\"noindex, follow, max-snippet:-1, max-image-preview:large, max-video-preview:-1\" \/>\n<meta property=\"og:locale\" content=\"es_ES\" \/>\n<meta property=\"og:type\" content=\"article\" \/>\n<meta property=\"og:title\" content=\"KEY STELLA 2 BOLAS CHINAS LILA - Tienda Er\u00f3tica\" \/>\n<meta property=\"og:description\" content=\"KEY STELLA 2 KEGEL BALLS SET PURPLE. Alcanza orgasmos m\u00e1s intensos con el set de bolas Stella 2 Key de\" \/>\n<meta property=\"og:url\" content=\"https:\/\/demoweb.info\/sexshop001\/producto\/key-stella-2-bolas-chinas-lila\/\" \/>\n<meta property=\"og:site_name\" content=\"Tienda Er\u00f3tica\" \/>\n<meta property=\"article:modified_time\" content=\"2022-01-22T09:57:43+00:00\" \/>\n<meta property=\"og:image\" content=\"https:\/\/demoweb.info\/sexshop001\/wp-content\/uploads\/2022\/01\/KEY-STELLA-2-BOLAS-CHINAS-LILA.jpg\" \/>\n\t<meta property=\"og:image:width\" content=\"550\" \/>\n\t<meta property=\"og:image:height\" content=\"550\" \/>\n\t<meta property=\"og:image:type\" content=\"image\/jpeg\" \/>\n<meta name=\"twitter:card\" content=\"summary_large_image\" \/>\n<meta name=\"twitter:label1\" content=\"Tiempo de lectura\" \/>\n\t<meta name=\"twitter:data1\" content=\"1 minuto\" \/>\n<script type=\"application\/ld+json\" class=\"yoast-schema-graph\">{\"@context\":\"https:\/\/schema.org\",\"@graph\":[{\"@type\":\"WebPage\",\"@id\":\"https:\/\/demoweb.info\/sexshop001\/producto\/key-stella-2-bolas-chinas-lila\/\",\"url\":\"https:\/\/demoweb.info\/sexshop001\/producto\/key-stella-2-bolas-chinas-lila\/\",\"name\":\"KEY STELLA 2 BOLAS CHINAS LILA - Tienda Er\u00f3tica\",\"isPartOf\":{\"@id\":\"https:\/\/demoweb.info\/sexshop001\/#website\"},\"datePublished\":\"2022-01-22T09:57:31+00:00\",\"dateModified\":\"2022-01-22T09:57:43+00:00\",\"breadcrumb\":{\"@id\":\"https:\/\/demoweb.info\/sexshop001\/producto\/key-stella-2-bolas-chinas-lila\/#breadcrumb\"},\"inLanguage\":\"es\",\"potentialAction\":[{\"@type\":\"ReadAction\",\"target\":[\"https:\/\/demoweb.info\/sexshop001\/producto\/key-stella-2-bolas-chinas-lila\/\"]}]},{\"@type\":\"BreadcrumbList\",\"@id\":\"https:\/\/demoweb.info\/sexshop001\/producto\/key-stella-2-bolas-chinas-lila\/#breadcrumb\",\"itemListElement\":[{\"@type\":\"ListItem\",\"position\":1,\"name\":\"Portada\",\"item\":\"https:\/\/demoweb.info\/sexshop001\/\"},{\"@type\":\"ListItem\",\"position\":2,\"name\":\"Tienda\",\"item\":\"https:\/\/demoweb.info\/sexshop001\/tienda\/\"},{\"@type\":\"ListItem\",\"position\":3,\"name\":\"KEY STELLA 2 BOLAS CHINAS LILA\"}]},{\"@type\":\"WebSite\",\"@id\":\"https:\/\/demoweb.info\/sexshop001\/#website\",\"url\":\"https:\/\/demoweb.info\/sexshop001\/\",\"name\":\"Tienda Er\u00f3tica\",\"description\":\"DEMOWEB SL\",\"potentialAction\":[{\"@type\":\"SearchAction\",\"target\":{\"@type\":\"EntryPoint\",\"urlTemplate\":\"https:\/\/demoweb.info\/sexshop001\/?s={search_term_string}\"},\"query-input\":\"required name=search_term_string\"}],\"inLanguage\":\"es\"}]}<\/script>\n<!-- \/ Yoast SEO plugin. -->","yoast_head_json":{"title":"KEY STELLA 2 BOLAS CHINAS LILA - Tienda Er\u00f3tica","robots":{"index":"noindex","follow":"follow","max-snippet":"max-snippet:-1","max-image-preview":"max-image-preview:large","max-video-preview":"max-video-preview:-1"},"og_locale":"es_ES","og_type":"article","og_title":"KEY STELLA 2 BOLAS CHINAS LILA - Tienda Er\u00f3tica","og_description":"KEY STELLA 2 KEGEL BALLS SET PURPLE. Alcanza orgasmos m\u00e1s intensos con el set de bolas Stella 2 Key de","og_url":"https:\/\/demoweb.info\/sexshop001\/producto\/key-stella-2-bolas-chinas-lila\/","og_site_name":"Tienda Er\u00f3tica","article_modified_time":"2022-01-22T09:57:43+00:00","og_image":[{"width":550,"height":550,"url":"https:\/\/demoweb.info\/sexshop001\/wp-content\/uploads\/2022\/01\/KEY-STELLA-2-BOLAS-CHINAS-LILA.jpg","type":"image\/jpeg"}],"twitter_card":"summary_large_image","twitter_misc":{"Tiempo de lectura":"1 minuto"},"schema":{"@context":"https:\/\/schema.org","@graph":[{"@type":"WebPage","@id":"https:\/\/demoweb.info\/sexshop001\/producto\/key-stella-2-bolas-chinas-lila\/","url":"https:\/\/demoweb.info\/sexshop001\/producto\/key-stella-2-bolas-chinas-lila\/","name":"KEY STELLA 2 BOLAS CHINAS LILA - Tienda Er\u00f3tica","isPartOf":{"@id":"https:\/\/demoweb.info\/sexshop001\/#website"},"datePublished":"2022-01-22T09:57:31+00:00","dateModified":"2022-01-22T09:57:43+00:00","breadcrumb":{"@id":"https:\/\/demoweb.info\/sexshop001\/producto\/key-stella-2-bolas-chinas-lila\/#breadcrumb"},"inLanguage":"es","potentialAction":[{"@type":"ReadAction","target":["https:\/\/demoweb.info\/sexshop001\/producto\/key-stella-2-bolas-chinas-lila\/"]}]},{"@type":"BreadcrumbList","@id":"https:\/\/demoweb.info\/sexshop001\/producto\/key-stella-2-bolas-chinas-lila\/#breadcrumb","itemListElement":[{"@type":"ListItem","position":1,"name":"Portada","item":"https:\/\/demoweb.info\/sexshop001\/"},{"@type":"ListItem","position":2,"name":"Tienda","item":"https:\/\/demoweb.info\/sexshop001\/tienda\/"},{"@type":"ListItem","position":3,"name":"KEY STELLA 2 BOLAS CHINAS LILA"}]},{"@type":"WebSite","@id":"https:\/\/demoweb.info\/sexshop001\/#website","url":"https:\/\/demoweb.info\/sexshop001\/","name":"Tienda Er\u00f3tica","description":"DEMOWEB SL","potentialAction":[{"@type":"SearchAction","target":{"@type":"EntryPoint","urlTemplate":"https:\/\/demoweb.info\/sexshop001\/?s={search_term_string}"},"query-input":"required name=search_term_string"}],"inLanguage":"es"}]}},"_links":{"self":[{"href":"https:\/\/demoweb.info\/sexshop001\/wp-json\/wp\/v3\/product\/18958","targetHints":{"allow":["GET"]}}],"collection":[{"href":"https:\/\/demoweb.info\/sexshop001\/wp-json\/wp\/v3\/product"}],"about":[{"href":"https:\/\/demoweb.info\/sexshop001\/wp-json\/wp\/v2\/types\/product"}],"replies":[{"embeddable":true,"href":"https:\/\/demoweb.info\/sexshop001\/wp-json\/wp\/v2\/comments?post=18958"}],"wp:featuredmedia":[{"embeddable":true,"href":"https:\/\/demoweb.info\/sexshop001\/wp-json\/wp\/v2\/media\/18959"}],"wp:attachment":[{"href":"https:\/\/demoweb.info\/sexshop001\/wp-json\/wp\/v2\/media?parent=18958"}],"wp:term":[{"taxonomy":"product_cat","embeddable":true,"href":"https:\/\/demoweb.info\/sexshop001\/wp-json\/wp\/v2\/product_cat?post=18958"},{"taxonomy":"product_tag","embeddable":true,"href":"https:\/\/demoweb.info\/sexshop001\/wp-json\/wp\/v2\/product_tag?post=18958"}],"curies":[{"name":"wp","href":"https:\/\/api.w.org\/{rel}","templated":true}]}}