{"id":18698,"date":"2022-01-22T10:55:19","date_gmt":"2022-01-22T09:55:19","guid":{"rendered":"https:\/\/demoweb.info\/sexshop001\/producto\/travel-cleaner-15-ml\/"},"modified":"2022-01-22T10:55:30","modified_gmt":"2022-01-22T09:55:30","slug":"travel-cleaner-15-ml","status":"publish","type":"product","link":"https:\/\/demoweb.info\/sexshop001\/producto\/travel-cleaner-15-ml\/","title":{"rendered":"TRAVEL CLEANER -15 ML"},"content":{"rendered":"<p><strong>TRAVEL CLEANER -15 ML<\/strong><\/p>\n<p>El agente es un l\u00edquido listo para usar que debe usarse sin diluir.<br \/>\nDesinfecci\u00f3n de superficies duras.<\/p>\n<p>Utiliza el producto \u00fanicamente en superficies peque\u00f1as (m\u00e1ximo 0,5 m2). Limpia las superficies y materiales a tratar antes de usar. Enjuaga cualquier agente de limpieza con agua limpia y elimina el exceso de agua. Seca la superficie.<\/p>\n<p>Desinfectante 80S, debe aplicarse a la superficie o al material sin diluir. Al desinfectar, usa suficiente desinfectante 80S para asegurarte de que la superficie permanezca h\u00fameda durante al menos 5 minutos. Despu\u00e9s deja secar el producto al aire.<\/p>\n<p>Consumo: 40-50 ml por m&sup2; de superficie.<br \/>\nTiempo m\u00ednimo de contacto: 5 minutos.<br \/>\nContiene: 15 ml<\/p>\n","protected":false},"excerpt":{"rendered":"<p>TRAVEL CLEANER -15 ML El agente es un l\u00edquido listo para usar que debe usarse sin diluir. Desinfecci\u00f3n de superficies<\/p>\n","protected":false},"featured_media":18699,"comment_status":"open","ping_status":"open","template":"","meta":[],"product_cat":[329],"product_tag":[328],"class_list":["post-18698","product","type-product","status-publish","has-post-thumbnail","hentry","product_cat-limpieza-y-conserv","product_tag-pharmquests"],"bundled_by":[],"bundle_stock_status":"instock","bundle_stock_quantity":2,"bundle_virtual":false,"bundle_layout":"","bundle_add_to_cart_form_location":"","bundle_editable_in_cart":false,"bundle_sold_individually_context":"","bundle_item_grouping":"","bundle_min_size":"","bundle_max_size":"","bundled_items":[],"yoast_head":"<!-- This site is optimized with the Yoast SEO plugin v20.6 - https:\/\/yoast.com\/wordpress\/plugins\/seo\/ -->\n<title>TRAVEL CLEANER -15 ML - Tienda Er\u00f3tica<\/title>\n<meta name=\"robots\" content=\"noindex, follow, max-snippet:-1, max-image-preview:large, max-video-preview:-1\" \/>\n<meta property=\"og:locale\" content=\"es_ES\" \/>\n<meta property=\"og:type\" content=\"article\" \/>\n<meta property=\"og:title\" content=\"TRAVEL CLEANER -15 ML - Tienda Er\u00f3tica\" \/>\n<meta property=\"og:description\" content=\"TRAVEL CLEANER -15 ML El agente es un l\u00edquido listo para usar que debe usarse sin diluir. Desinfecci\u00f3n de superficies\" \/>\n<meta property=\"og:url\" content=\"https:\/\/demoweb.info\/sexshop001\/producto\/travel-cleaner-15-ml\/\" \/>\n<meta property=\"og:site_name\" content=\"Tienda Er\u00f3tica\" \/>\n<meta property=\"article:modified_time\" content=\"2022-01-22T09:55:30+00:00\" \/>\n<meta property=\"og:image\" content=\"https:\/\/demoweb.info\/sexshop001\/wp-content\/uploads\/2022\/01\/TRAVEL-CLEANER-15-ML.jpg\" \/>\n\t<meta property=\"og:image:width\" content=\"550\" \/>\n\t<meta property=\"og:image:height\" content=\"550\" \/>\n\t<meta property=\"og:image:type\" content=\"image\/jpeg\" \/>\n<meta name=\"twitter:card\" content=\"summary_large_image\" \/>\n<meta name=\"twitter:label1\" content=\"Tiempo de lectura\" \/>\n\t<meta name=\"twitter:data1\" content=\"1 minuto\" \/>\n<script type=\"application\/ld+json\" class=\"yoast-schema-graph\">{\"@context\":\"https:\/\/schema.org\",\"@graph\":[{\"@type\":\"WebPage\",\"@id\":\"https:\/\/demoweb.info\/sexshop001\/producto\/travel-cleaner-15-ml\/\",\"url\":\"https:\/\/demoweb.info\/sexshop001\/producto\/travel-cleaner-15-ml\/\",\"name\":\"TRAVEL CLEANER -15 ML - Tienda Er\u00f3tica\",\"isPartOf\":{\"@id\":\"https:\/\/demoweb.info\/sexshop001\/#website\"},\"datePublished\":\"2022-01-22T09:55:19+00:00\",\"dateModified\":\"2022-01-22T09:55:30+00:00\",\"breadcrumb\":{\"@id\":\"https:\/\/demoweb.info\/sexshop001\/producto\/travel-cleaner-15-ml\/#breadcrumb\"},\"inLanguage\":\"es\",\"potentialAction\":[{\"@type\":\"ReadAction\",\"target\":[\"https:\/\/demoweb.info\/sexshop001\/producto\/travel-cleaner-15-ml\/\"]}]},{\"@type\":\"BreadcrumbList\",\"@id\":\"https:\/\/demoweb.info\/sexshop001\/producto\/travel-cleaner-15-ml\/#breadcrumb\",\"itemListElement\":[{\"@type\":\"ListItem\",\"position\":1,\"name\":\"Portada\",\"item\":\"https:\/\/demoweb.info\/sexshop001\/\"},{\"@type\":\"ListItem\",\"position\":2,\"name\":\"Tienda\",\"item\":\"https:\/\/demoweb.info\/sexshop001\/tienda\/\"},{\"@type\":\"ListItem\",\"position\":3,\"name\":\"TRAVEL CLEANER -15 ML\"}]},{\"@type\":\"WebSite\",\"@id\":\"https:\/\/demoweb.info\/sexshop001\/#website\",\"url\":\"https:\/\/demoweb.info\/sexshop001\/\",\"name\":\"Tienda Er\u00f3tica\",\"description\":\"DEMOWEB SL\",\"potentialAction\":[{\"@type\":\"SearchAction\",\"target\":{\"@type\":\"EntryPoint\",\"urlTemplate\":\"https:\/\/demoweb.info\/sexshop001\/?s={search_term_string}\"},\"query-input\":\"required name=search_term_string\"}],\"inLanguage\":\"es\"}]}<\/script>\n<!-- \/ Yoast SEO plugin. -->","yoast_head_json":{"title":"TRAVEL CLEANER -15 ML - Tienda Er\u00f3tica","robots":{"index":"noindex","follow":"follow","max-snippet":"max-snippet:-1","max-image-preview":"max-image-preview:large","max-video-preview":"max-video-preview:-1"},"og_locale":"es_ES","og_type":"article","og_title":"TRAVEL CLEANER -15 ML - Tienda Er\u00f3tica","og_description":"TRAVEL CLEANER -15 ML El agente es un l\u00edquido listo para usar que debe usarse sin diluir. Desinfecci\u00f3n de superficies","og_url":"https:\/\/demoweb.info\/sexshop001\/producto\/travel-cleaner-15-ml\/","og_site_name":"Tienda Er\u00f3tica","article_modified_time":"2022-01-22T09:55:30+00:00","og_image":[{"width":550,"height":550,"url":"https:\/\/demoweb.info\/sexshop001\/wp-content\/uploads\/2022\/01\/TRAVEL-CLEANER-15-ML.jpg","type":"image\/jpeg"}],"twitter_card":"summary_large_image","twitter_misc":{"Tiempo de lectura":"1 minuto"},"schema":{"@context":"https:\/\/schema.org","@graph":[{"@type":"WebPage","@id":"https:\/\/demoweb.info\/sexshop001\/producto\/travel-cleaner-15-ml\/","url":"https:\/\/demoweb.info\/sexshop001\/producto\/travel-cleaner-15-ml\/","name":"TRAVEL CLEANER -15 ML - Tienda Er\u00f3tica","isPartOf":{"@id":"https:\/\/demoweb.info\/sexshop001\/#website"},"datePublished":"2022-01-22T09:55:19+00:00","dateModified":"2022-01-22T09:55:30+00:00","breadcrumb":{"@id":"https:\/\/demoweb.info\/sexshop001\/producto\/travel-cleaner-15-ml\/#breadcrumb"},"inLanguage":"es","potentialAction":[{"@type":"ReadAction","target":["https:\/\/demoweb.info\/sexshop001\/producto\/travel-cleaner-15-ml\/"]}]},{"@type":"BreadcrumbList","@id":"https:\/\/demoweb.info\/sexshop001\/producto\/travel-cleaner-15-ml\/#breadcrumb","itemListElement":[{"@type":"ListItem","position":1,"name":"Portada","item":"https:\/\/demoweb.info\/sexshop001\/"},{"@type":"ListItem","position":2,"name":"Tienda","item":"https:\/\/demoweb.info\/sexshop001\/tienda\/"},{"@type":"ListItem","position":3,"name":"TRAVEL CLEANER -15 ML"}]},{"@type":"WebSite","@id":"https:\/\/demoweb.info\/sexshop001\/#website","url":"https:\/\/demoweb.info\/sexshop001\/","name":"Tienda Er\u00f3tica","description":"DEMOWEB SL","potentialAction":[{"@type":"SearchAction","target":{"@type":"EntryPoint","urlTemplate":"https:\/\/demoweb.info\/sexshop001\/?s={search_term_string}"},"query-input":"required name=search_term_string"}],"inLanguage":"es"}]}},"_links":{"self":[{"href":"https:\/\/demoweb.info\/sexshop001\/wp-json\/wp\/v3\/product\/18698","targetHints":{"allow":["GET"]}}],"collection":[{"href":"https:\/\/demoweb.info\/sexshop001\/wp-json\/wp\/v3\/product"}],"about":[{"href":"https:\/\/demoweb.info\/sexshop001\/wp-json\/wp\/v2\/types\/product"}],"replies":[{"embeddable":true,"href":"https:\/\/demoweb.info\/sexshop001\/wp-json\/wp\/v2\/comments?post=18698"}],"wp:featuredmedia":[{"embeddable":true,"href":"https:\/\/demoweb.info\/sexshop001\/wp-json\/wp\/v2\/media\/18699"}],"wp:attachment":[{"href":"https:\/\/demoweb.info\/sexshop001\/wp-json\/wp\/v2\/media?parent=18698"}],"wp:term":[{"taxonomy":"product_cat","embeddable":true,"href":"https:\/\/demoweb.info\/sexshop001\/wp-json\/wp\/v2\/product_cat?post=18698"},{"taxonomy":"product_tag","embeddable":true,"href":"https:\/\/demoweb.info\/sexshop001\/wp-json\/wp\/v2\/product_tag?post=18698"}],"curies":[{"name":"wp","href":"https:\/\/api.w.org\/{rel}","templated":true}]}}