{"id":18684,"date":"2022-01-22T10:55:19","date_gmt":"2022-01-22T09:55:19","guid":{"rendered":"https:\/\/demoweb.info\/sexshop001\/producto\/high-on-love-aceite-estimulador-del-orgasmo-30-ml\/"},"modified":"2022-01-22T10:55:20","modified_gmt":"2022-01-22T09:55:20","slug":"high-on-love-aceite-estimulador-del-orgasmo-30-ml","status":"publish","type":"product","link":"https:\/\/demoweb.info\/sexshop001\/producto\/high-on-love-aceite-estimulador-del-orgasmo-30-ml\/","title":{"rendered":"HIGH ON LOVE &#8211; ACEITE ESTIMULADOR DEL ORGASMO &#8211; 30 ML"},"content":{"rendered":"<p><strong>HIGH ON LOVE &#8211; STIMULATING ORGASM OIL &#8211; 30 ML<\/strong><\/p>\n<p>Una fusi\u00f3n sensual de aceites totalmente naturales y aceite de semillas de c\u00e1\u00f1amo de primera calidad hecho para revolucionar tu forma de amar al encender una experiencia org\u00e1smica m\u00e1s intensa y profunda.<\/p>\n<p>Esta estimulante mezcla puede aumentar el flujo sangu\u00edneo, promover la producci\u00f3n de lubricantes naturales y, en \u00faltima instancia, despertar los sentidos que lo llevar\u00e1n a territorios inexplorados.<\/p>\n<p>El Aceite Estimulante HighOnLove \u2122 fue dise\u00f1ado para ser transformador para aquellos que experimentan sequedad vaginal, incomodidad y disminuci\u00f3n de la libido. Cuidadosamente creado para mujeres y felizmente apreciado por las parejas. 100% natural. Hecho en peque\u00f1os lotes para garantizar la m\u00e1s alta calidad.<\/p>\n<p><strong>Modo de empleo:<\/strong><br \/>\nEl uso recomendado es de 1-2 gotas (aprox. 1 ml). Cada botella viene con un gotero f\u00e1cil de usar. Aplica en la regi\u00f3n del cl\u00edtoris tomando tiempo para masajear el tejido blando debajo del cl\u00edtoris. El aceite puede usarse para jugar en solitario o como lubricante sensibilizante.<\/p>\n<p>Este producto no se recomienda para mujeres embarazadas. s\u00ed se produce irritaci\u00f3n, interrumpa el uso. Este producto no est\u00e1 destinado a diagnosticar, tratar, curar o prevenir enfermedades.<\/p>\n","protected":false},"excerpt":{"rendered":"<p>HIGH ON LOVE &#8211; STIMULATING ORGASM OIL &#8211; 30 ML Una fusi\u00f3n sensual de aceites totalmente naturales y aceite de<\/p>\n","protected":false},"featured_media":18685,"comment_status":"open","ping_status":"open","template":"","meta":[],"product_cat":[517],"product_tag":[938],"class_list":["post-18684","product","type-product","status-publish","has-post-thumbnail","hentry","product_cat-de-masaje","product_tag-high-on-love"],"bundled_by":[],"bundle_stock_status":"instock","bundle_stock_quantity":1,"bundle_virtual":false,"bundle_layout":"","bundle_add_to_cart_form_location":"","bundle_editable_in_cart":false,"bundle_sold_individually_context":"","bundle_item_grouping":"","bundle_min_size":"","bundle_max_size":"","bundled_items":[],"yoast_head":"<!-- This site is optimized with the Yoast SEO plugin v20.6 - https:\/\/yoast.com\/wordpress\/plugins\/seo\/ -->\n<title>HIGH ON LOVE - ACEITE ESTIMULADOR DEL ORGASMO - 30 ML - Tienda Er\u00f3tica<\/title>\n<meta name=\"robots\" content=\"noindex, follow, max-snippet:-1, max-image-preview:large, max-video-preview:-1\" \/>\n<meta property=\"og:locale\" content=\"es_ES\" \/>\n<meta property=\"og:type\" content=\"article\" \/>\n<meta property=\"og:title\" content=\"HIGH ON LOVE - ACEITE ESTIMULADOR DEL ORGASMO - 30 ML - Tienda Er\u00f3tica\" \/>\n<meta property=\"og:description\" content=\"HIGH ON LOVE &#8211; STIMULATING ORGASM OIL &#8211; 30 ML Una fusi\u00f3n sensual de aceites totalmente naturales y aceite de\" \/>\n<meta property=\"og:url\" content=\"https:\/\/demoweb.info\/sexshop001\/producto\/high-on-love-aceite-estimulador-del-orgasmo-30-ml\/\" \/>\n<meta property=\"og:site_name\" content=\"Tienda Er\u00f3tica\" \/>\n<meta property=\"article:modified_time\" content=\"2022-01-22T09:55:20+00:00\" \/>\n<meta property=\"og:image\" content=\"https:\/\/demoweb.info\/sexshop001\/wp-content\/uploads\/2022\/01\/HIGH-ON-LOVE-ACEITE-ESTIMULADOR-DEL-ORGASMO-30-ML.jpg\" \/>\n\t<meta property=\"og:image:width\" content=\"550\" \/>\n\t<meta property=\"og:image:height\" content=\"550\" \/>\n\t<meta property=\"og:image:type\" content=\"image\/jpeg\" \/>\n<meta name=\"twitter:card\" content=\"summary_large_image\" \/>\n<meta name=\"twitter:label1\" content=\"Tiempo de lectura\" \/>\n\t<meta name=\"twitter:data1\" content=\"1 minuto\" \/>\n<script type=\"application\/ld+json\" class=\"yoast-schema-graph\">{\"@context\":\"https:\/\/schema.org\",\"@graph\":[{\"@type\":\"WebPage\",\"@id\":\"https:\/\/demoweb.info\/sexshop001\/producto\/high-on-love-aceite-estimulador-del-orgasmo-30-ml\/\",\"url\":\"https:\/\/demoweb.info\/sexshop001\/producto\/high-on-love-aceite-estimulador-del-orgasmo-30-ml\/\",\"name\":\"HIGH ON LOVE - ACEITE ESTIMULADOR DEL ORGASMO - 30 ML - Tienda Er\u00f3tica\",\"isPartOf\":{\"@id\":\"https:\/\/demoweb.info\/sexshop001\/#website\"},\"datePublished\":\"2022-01-22T09:55:19+00:00\",\"dateModified\":\"2022-01-22T09:55:20+00:00\",\"breadcrumb\":{\"@id\":\"https:\/\/demoweb.info\/sexshop001\/producto\/high-on-love-aceite-estimulador-del-orgasmo-30-ml\/#breadcrumb\"},\"inLanguage\":\"es\",\"potentialAction\":[{\"@type\":\"ReadAction\",\"target\":[\"https:\/\/demoweb.info\/sexshop001\/producto\/high-on-love-aceite-estimulador-del-orgasmo-30-ml\/\"]}]},{\"@type\":\"BreadcrumbList\",\"@id\":\"https:\/\/demoweb.info\/sexshop001\/producto\/high-on-love-aceite-estimulador-del-orgasmo-30-ml\/#breadcrumb\",\"itemListElement\":[{\"@type\":\"ListItem\",\"position\":1,\"name\":\"Portada\",\"item\":\"https:\/\/demoweb.info\/sexshop001\/\"},{\"@type\":\"ListItem\",\"position\":2,\"name\":\"Tienda\",\"item\":\"https:\/\/demoweb.info\/sexshop001\/tienda\/\"},{\"@type\":\"ListItem\",\"position\":3,\"name\":\"HIGH ON LOVE &#8211; ACEITE ESTIMULADOR DEL ORGASMO &#8211; 30 ML\"}]},{\"@type\":\"WebSite\",\"@id\":\"https:\/\/demoweb.info\/sexshop001\/#website\",\"url\":\"https:\/\/demoweb.info\/sexshop001\/\",\"name\":\"Tienda Er\u00f3tica\",\"description\":\"DEMOWEB SL\",\"potentialAction\":[{\"@type\":\"SearchAction\",\"target\":{\"@type\":\"EntryPoint\",\"urlTemplate\":\"https:\/\/demoweb.info\/sexshop001\/?s={search_term_string}\"},\"query-input\":\"required name=search_term_string\"}],\"inLanguage\":\"es\"}]}<\/script>\n<!-- \/ Yoast SEO plugin. -->","yoast_head_json":{"title":"HIGH ON LOVE - ACEITE ESTIMULADOR DEL ORGASMO - 30 ML - Tienda Er\u00f3tica","robots":{"index":"noindex","follow":"follow","max-snippet":"max-snippet:-1","max-image-preview":"max-image-preview:large","max-video-preview":"max-video-preview:-1"},"og_locale":"es_ES","og_type":"article","og_title":"HIGH ON LOVE - ACEITE ESTIMULADOR DEL ORGASMO - 30 ML - Tienda Er\u00f3tica","og_description":"HIGH ON LOVE &#8211; STIMULATING ORGASM OIL &#8211; 30 ML Una fusi\u00f3n sensual de aceites totalmente naturales y aceite de","og_url":"https:\/\/demoweb.info\/sexshop001\/producto\/high-on-love-aceite-estimulador-del-orgasmo-30-ml\/","og_site_name":"Tienda Er\u00f3tica","article_modified_time":"2022-01-22T09:55:20+00:00","og_image":[{"width":550,"height":550,"url":"https:\/\/demoweb.info\/sexshop001\/wp-content\/uploads\/2022\/01\/HIGH-ON-LOVE-ACEITE-ESTIMULADOR-DEL-ORGASMO-30-ML.jpg","type":"image\/jpeg"}],"twitter_card":"summary_large_image","twitter_misc":{"Tiempo de lectura":"1 minuto"},"schema":{"@context":"https:\/\/schema.org","@graph":[{"@type":"WebPage","@id":"https:\/\/demoweb.info\/sexshop001\/producto\/high-on-love-aceite-estimulador-del-orgasmo-30-ml\/","url":"https:\/\/demoweb.info\/sexshop001\/producto\/high-on-love-aceite-estimulador-del-orgasmo-30-ml\/","name":"HIGH ON LOVE - ACEITE ESTIMULADOR DEL ORGASMO - 30 ML - Tienda Er\u00f3tica","isPartOf":{"@id":"https:\/\/demoweb.info\/sexshop001\/#website"},"datePublished":"2022-01-22T09:55:19+00:00","dateModified":"2022-01-22T09:55:20+00:00","breadcrumb":{"@id":"https:\/\/demoweb.info\/sexshop001\/producto\/high-on-love-aceite-estimulador-del-orgasmo-30-ml\/#breadcrumb"},"inLanguage":"es","potentialAction":[{"@type":"ReadAction","target":["https:\/\/demoweb.info\/sexshop001\/producto\/high-on-love-aceite-estimulador-del-orgasmo-30-ml\/"]}]},{"@type":"BreadcrumbList","@id":"https:\/\/demoweb.info\/sexshop001\/producto\/high-on-love-aceite-estimulador-del-orgasmo-30-ml\/#breadcrumb","itemListElement":[{"@type":"ListItem","position":1,"name":"Portada","item":"https:\/\/demoweb.info\/sexshop001\/"},{"@type":"ListItem","position":2,"name":"Tienda","item":"https:\/\/demoweb.info\/sexshop001\/tienda\/"},{"@type":"ListItem","position":3,"name":"HIGH ON LOVE &#8211; ACEITE ESTIMULADOR DEL ORGASMO &#8211; 30 ML"}]},{"@type":"WebSite","@id":"https:\/\/demoweb.info\/sexshop001\/#website","url":"https:\/\/demoweb.info\/sexshop001\/","name":"Tienda Er\u00f3tica","description":"DEMOWEB SL","potentialAction":[{"@type":"SearchAction","target":{"@type":"EntryPoint","urlTemplate":"https:\/\/demoweb.info\/sexshop001\/?s={search_term_string}"},"query-input":"required name=search_term_string"}],"inLanguage":"es"}]}},"_links":{"self":[{"href":"https:\/\/demoweb.info\/sexshop001\/wp-json\/wp\/v3\/product\/18684","targetHints":{"allow":["GET"]}}],"collection":[{"href":"https:\/\/demoweb.info\/sexshop001\/wp-json\/wp\/v3\/product"}],"about":[{"href":"https:\/\/demoweb.info\/sexshop001\/wp-json\/wp\/v2\/types\/product"}],"replies":[{"embeddable":true,"href":"https:\/\/demoweb.info\/sexshop001\/wp-json\/wp\/v2\/comments?post=18684"}],"wp:featuredmedia":[{"embeddable":true,"href":"https:\/\/demoweb.info\/sexshop001\/wp-json\/wp\/v2\/media\/18685"}],"wp:attachment":[{"href":"https:\/\/demoweb.info\/sexshop001\/wp-json\/wp\/v2\/media?parent=18684"}],"wp:term":[{"taxonomy":"product_cat","embeddable":true,"href":"https:\/\/demoweb.info\/sexshop001\/wp-json\/wp\/v2\/product_cat?post=18684"},{"taxonomy":"product_tag","embeddable":true,"href":"https:\/\/demoweb.info\/sexshop001\/wp-json\/wp\/v2\/product_tag?post=18684"}],"curies":[{"name":"wp","href":"https:\/\/api.w.org\/{rel}","templated":true}]}}