{"id":18645,"date":"2022-01-22T10:54:56","date_gmt":"2022-01-22T09:54:56","guid":{"rendered":"https:\/\/demoweb.info\/sexshop001\/producto\/feelztoys-motion-love-balls-foxy\/"},"modified":"2022-01-22T10:55:00","modified_gmt":"2022-01-22T09:55:00","slug":"feelztoys-motion-love-balls-foxy","status":"publish","type":"product","link":"https:\/\/demoweb.info\/sexshop001\/producto\/feelztoys-motion-love-balls-foxy\/","title":{"rendered":"FEELZTOYS &#8211; MOTION LOVE BALLS FOXY"},"content":{"rendered":"<p><strong>FEELZTOYS &#8211; REMOTE CONTROLLED MOTION LOVE BALLS FOXY<\/strong><\/p>\n<p>Las bolas de amor Motion de Feelztoys te dan una sensaci\u00f3n muy buena por dentro. Son juguetonas y emocionantes, se mueven y giran para darle buenas vibraciones. Y como son silenciosos e impermeables, \u00a1puedes usarlos en todas partes! Incluso en p\u00fablico. Debido a que el control remoto tiene un alcance de 15 metros, tambi\u00e9n puedes buscar la tentaci\u00f3n y la emoci\u00f3n con tu pareja fuera de la casa. Y tambi\u00e9n puedes usar las bolas de amor para jugar en solitario. \u00a1Con los 7 patrones de vibraci\u00f3n y un tiempo de uso de 1.5 horas, puedes encontrar emoci\u00f3n en cualquier direcci\u00f3n!<\/p>\n<p>Tambi\u00e9n puede usar bolas c\u00f3nicas para fortalecer los m\u00fasculos del piso p\u00e9lvico. Estas Motion Love Balls de Feelztoys son, por lo tanto, multifuncionales.<\/p>\n<p>Especificaciones del producto:<br \/>\n&#8211; Tama\u00f1o: 32 x 83 mm.<br \/>\n&#8211; Peso: 44 g<br \/>\n&#8211; Material: silicona 100% segura para el cuerpo<br \/>\n&#8211; Susurro tranquilo<br \/>\n&#8211; Impermeable (IPX7)<br \/>\n&#8211; Tiempo de usuario: 1h \/ Tiempo en espera: 8h<br \/>\n&#8211; Usb recargable<br \/>\n&#8211; 7 patrones de vibraci\u00f3n<br \/>\n&#8211; Rango de control remoto: 15 m<br \/>\n&#8211; Inodoro<\/p>\n","protected":false},"excerpt":{"rendered":"<p>FEELZTOYS &#8211; REMOTE CONTROLLED MOTION LOVE BALLS FOXY Las bolas de amor Motion de Feelztoys te dan una sensaci\u00f3n muy<\/p>\n","protected":false},"featured_media":18646,"comment_status":"open","ping_status":"open","template":"","meta":[],"product_cat":[322],"product_tag":[373],"class_list":["post-18645","product","type-product","status-publish","has-post-thumbnail","hentry","product_cat-con-mando","product_tag-feelztoys"],"bundled_by":[],"bundle_stock_status":"instock","bundle_stock_quantity":5,"bundle_virtual":false,"bundle_layout":"","bundle_add_to_cart_form_location":"","bundle_editable_in_cart":false,"bundle_sold_individually_context":"","bundle_item_grouping":"","bundle_min_size":"","bundle_max_size":"","bundled_items":[],"yoast_head":"<!-- This site is optimized with the Yoast SEO plugin v20.6 - https:\/\/yoast.com\/wordpress\/plugins\/seo\/ -->\n<title>FEELZTOYS - MOTION LOVE BALLS FOXY - Tienda Er\u00f3tica<\/title>\n<meta name=\"robots\" content=\"noindex, follow, max-snippet:-1, max-image-preview:large, max-video-preview:-1\" \/>\n<meta property=\"og:locale\" content=\"es_ES\" \/>\n<meta property=\"og:type\" content=\"article\" \/>\n<meta property=\"og:title\" content=\"FEELZTOYS - MOTION LOVE BALLS FOXY - Tienda Er\u00f3tica\" \/>\n<meta property=\"og:description\" content=\"FEELZTOYS &#8211; REMOTE CONTROLLED MOTION LOVE BALLS FOXY Las bolas de amor Motion de Feelztoys te dan una sensaci\u00f3n muy\" \/>\n<meta property=\"og:url\" content=\"https:\/\/demoweb.info\/sexshop001\/producto\/feelztoys-motion-love-balls-foxy\/\" \/>\n<meta property=\"og:site_name\" content=\"Tienda Er\u00f3tica\" \/>\n<meta property=\"article:modified_time\" content=\"2022-01-22T09:55:00+00:00\" \/>\n<meta property=\"og:image\" content=\"https:\/\/demoweb.info\/sexshop001\/wp-content\/uploads\/2022\/01\/FEELZTOYS-MOTION-LOVE-BALLS-FOXY.jpg\" \/>\n\t<meta property=\"og:image:width\" content=\"550\" \/>\n\t<meta property=\"og:image:height\" content=\"550\" \/>\n\t<meta property=\"og:image:type\" content=\"image\/jpeg\" \/>\n<meta name=\"twitter:card\" content=\"summary_large_image\" \/>\n<meta name=\"twitter:label1\" content=\"Tiempo de lectura\" \/>\n\t<meta name=\"twitter:data1\" content=\"1 minuto\" \/>\n<script type=\"application\/ld+json\" class=\"yoast-schema-graph\">{\"@context\":\"https:\/\/schema.org\",\"@graph\":[{\"@type\":\"WebPage\",\"@id\":\"https:\/\/demoweb.info\/sexshop001\/producto\/feelztoys-motion-love-balls-foxy\/\",\"url\":\"https:\/\/demoweb.info\/sexshop001\/producto\/feelztoys-motion-love-balls-foxy\/\",\"name\":\"FEELZTOYS - MOTION LOVE BALLS FOXY - Tienda Er\u00f3tica\",\"isPartOf\":{\"@id\":\"https:\/\/demoweb.info\/sexshop001\/#website\"},\"datePublished\":\"2022-01-22T09:54:56+00:00\",\"dateModified\":\"2022-01-22T09:55:00+00:00\",\"breadcrumb\":{\"@id\":\"https:\/\/demoweb.info\/sexshop001\/producto\/feelztoys-motion-love-balls-foxy\/#breadcrumb\"},\"inLanguage\":\"es\",\"potentialAction\":[{\"@type\":\"ReadAction\",\"target\":[\"https:\/\/demoweb.info\/sexshop001\/producto\/feelztoys-motion-love-balls-foxy\/\"]}]},{\"@type\":\"BreadcrumbList\",\"@id\":\"https:\/\/demoweb.info\/sexshop001\/producto\/feelztoys-motion-love-balls-foxy\/#breadcrumb\",\"itemListElement\":[{\"@type\":\"ListItem\",\"position\":1,\"name\":\"Portada\",\"item\":\"https:\/\/demoweb.info\/sexshop001\/\"},{\"@type\":\"ListItem\",\"position\":2,\"name\":\"Tienda\",\"item\":\"https:\/\/demoweb.info\/sexshop001\/tienda\/\"},{\"@type\":\"ListItem\",\"position\":3,\"name\":\"FEELZTOYS &#8211; MOTION LOVE BALLS FOXY\"}]},{\"@type\":\"WebSite\",\"@id\":\"https:\/\/demoweb.info\/sexshop001\/#website\",\"url\":\"https:\/\/demoweb.info\/sexshop001\/\",\"name\":\"Tienda Er\u00f3tica\",\"description\":\"DEMOWEB SL\",\"potentialAction\":[{\"@type\":\"SearchAction\",\"target\":{\"@type\":\"EntryPoint\",\"urlTemplate\":\"https:\/\/demoweb.info\/sexshop001\/?s={search_term_string}\"},\"query-input\":\"required name=search_term_string\"}],\"inLanguage\":\"es\"}]}<\/script>\n<!-- \/ Yoast SEO plugin. -->","yoast_head_json":{"title":"FEELZTOYS - MOTION LOVE BALLS FOXY - Tienda Er\u00f3tica","robots":{"index":"noindex","follow":"follow","max-snippet":"max-snippet:-1","max-image-preview":"max-image-preview:large","max-video-preview":"max-video-preview:-1"},"og_locale":"es_ES","og_type":"article","og_title":"FEELZTOYS - MOTION LOVE BALLS FOXY - Tienda Er\u00f3tica","og_description":"FEELZTOYS &#8211; REMOTE CONTROLLED MOTION LOVE BALLS FOXY Las bolas de amor Motion de Feelztoys te dan una sensaci\u00f3n muy","og_url":"https:\/\/demoweb.info\/sexshop001\/producto\/feelztoys-motion-love-balls-foxy\/","og_site_name":"Tienda Er\u00f3tica","article_modified_time":"2022-01-22T09:55:00+00:00","og_image":[{"width":550,"height":550,"url":"https:\/\/demoweb.info\/sexshop001\/wp-content\/uploads\/2022\/01\/FEELZTOYS-MOTION-LOVE-BALLS-FOXY.jpg","type":"image\/jpeg"}],"twitter_card":"summary_large_image","twitter_misc":{"Tiempo de lectura":"1 minuto"},"schema":{"@context":"https:\/\/schema.org","@graph":[{"@type":"WebPage","@id":"https:\/\/demoweb.info\/sexshop001\/producto\/feelztoys-motion-love-balls-foxy\/","url":"https:\/\/demoweb.info\/sexshop001\/producto\/feelztoys-motion-love-balls-foxy\/","name":"FEELZTOYS - MOTION LOVE BALLS FOXY - Tienda Er\u00f3tica","isPartOf":{"@id":"https:\/\/demoweb.info\/sexshop001\/#website"},"datePublished":"2022-01-22T09:54:56+00:00","dateModified":"2022-01-22T09:55:00+00:00","breadcrumb":{"@id":"https:\/\/demoweb.info\/sexshop001\/producto\/feelztoys-motion-love-balls-foxy\/#breadcrumb"},"inLanguage":"es","potentialAction":[{"@type":"ReadAction","target":["https:\/\/demoweb.info\/sexshop001\/producto\/feelztoys-motion-love-balls-foxy\/"]}]},{"@type":"BreadcrumbList","@id":"https:\/\/demoweb.info\/sexshop001\/producto\/feelztoys-motion-love-balls-foxy\/#breadcrumb","itemListElement":[{"@type":"ListItem","position":1,"name":"Portada","item":"https:\/\/demoweb.info\/sexshop001\/"},{"@type":"ListItem","position":2,"name":"Tienda","item":"https:\/\/demoweb.info\/sexshop001\/tienda\/"},{"@type":"ListItem","position":3,"name":"FEELZTOYS &#8211; MOTION LOVE BALLS FOXY"}]},{"@type":"WebSite","@id":"https:\/\/demoweb.info\/sexshop001\/#website","url":"https:\/\/demoweb.info\/sexshop001\/","name":"Tienda Er\u00f3tica","description":"DEMOWEB SL","potentialAction":[{"@type":"SearchAction","target":{"@type":"EntryPoint","urlTemplate":"https:\/\/demoweb.info\/sexshop001\/?s={search_term_string}"},"query-input":"required name=search_term_string"}],"inLanguage":"es"}]}},"_links":{"self":[{"href":"https:\/\/demoweb.info\/sexshop001\/wp-json\/wp\/v3\/product\/18645","targetHints":{"allow":["GET"]}}],"collection":[{"href":"https:\/\/demoweb.info\/sexshop001\/wp-json\/wp\/v3\/product"}],"about":[{"href":"https:\/\/demoweb.info\/sexshop001\/wp-json\/wp\/v2\/types\/product"}],"replies":[{"embeddable":true,"href":"https:\/\/demoweb.info\/sexshop001\/wp-json\/wp\/v2\/comments?post=18645"}],"wp:featuredmedia":[{"embeddable":true,"href":"https:\/\/demoweb.info\/sexshop001\/wp-json\/wp\/v2\/media\/18646"}],"wp:attachment":[{"href":"https:\/\/demoweb.info\/sexshop001\/wp-json\/wp\/v2\/media?parent=18645"}],"wp:term":[{"taxonomy":"product_cat","embeddable":true,"href":"https:\/\/demoweb.info\/sexshop001\/wp-json\/wp\/v2\/product_cat?post=18645"},{"taxonomy":"product_tag","embeddable":true,"href":"https:\/\/demoweb.info\/sexshop001\/wp-json\/wp\/v2\/product_tag?post=18645"}],"curies":[{"name":"wp","href":"https:\/\/api.w.org\/{rel}","templated":true}]}}