{"id":18418,"date":"2022-01-22T10:52:53","date_gmt":"2022-01-22T09:52:53","guid":{"rendered":"https:\/\/demoweb.info\/sexshop001\/producto\/cincuenta-sombras-de-grey-trilogia-cincuenta-sombras-1-portada-pelicula\/"},"modified":"2022-01-22T10:53:02","modified_gmt":"2022-01-22T09:53:02","slug":"cincuenta-sombras-de-grey-trilogia-cincuenta-sombras-1-portada-pelicula","status":"publish","type":"product","link":"https:\/\/demoweb.info\/sexshop001\/producto\/cincuenta-sombras-de-grey-trilogia-cincuenta-sombras-1-portada-pelicula\/","title":{"rendered":"CINCUENTA SOMBRAS DE GREY (TRILOG\u00cdA CINCUENTA SOMBRAS 1) (PORTADA PEL\u00cdCULA)"},"content":{"rendered":"<p><strong>CINCUENTA SOMBRAS DE GREY (TRILOG\u00cdA CINCUENTA SOMBRAS 1) (PORTADA PEL\u00cdCULA)<\/strong><\/p>\n<p>E.L. James<\/p>\n<p><strong>Primera parte de \u00abCincuenta sombras\u00bb, la trilog\u00eda totalmente adictiva que te obsesionar\u00e1, te poseer\u00e1 y quedar\u00e1 para siempre en tu memoria.<\/strong><\/p>\n<p><strong>Descubre el libro en el que se basa la pel\u00edcula.<\/strong><\/p>\n<p>Cuando la estudiante de literatura Anastasia Steele recibe el encargo de entrevistar al exitoso y joven empresario Christian Grey, queda impresionada al encontrarse ante un hombre atractivo, seductor y tambi\u00e9n muy intimidante. La inexperta e inocente Ana intenta olvidarle, pero pronto comprende cu\u00e1nto le desea.<\/p>\n<p>Grey est\u00e1 atormentado por sus propios demonios y le consume la necesidad de controlarlo todo, pero a su vez se ve incapaz de resistirse a la serena belleza de Ana, a su inteligencia y a su esp\u00edritu independiente. Debe admitir que la desea, pero bajo ciertas condiciones.<\/p>\n<p>Cuando la pareja por fin inicia una apasionada relaci\u00f3n, las peculiares pr\u00e1cticas er\u00f3ticas de Grey desconciertan a Ana, al tiempo que ella descubre los l\u00edmites de sus propios y m\u00e1s oscuros deseos&#8230;<\/p>\n<p><strong>M\u00e1s de 150 millones de ejemplares vendidos en todo el mundo.<\/strong><br \/>\n<strong>8 millones de lectores en espa\u00f1ol.<\/strong><\/p>\n<ul>\n<li>N&ordm; de p\u00e1ginas: 544 p\u00e1gs.<\/li>\n<li>Encuadernaci\u00f3n: Tapa blanda<\/li>\n<li>A\u00f1o de edici\u00f3n: 2018<\/li>\n<\/ul>\n","protected":false},"excerpt":{"rendered":"<p>CINCUENTA SOMBRAS DE GREY (TRILOG\u00cdA CINCUENTA SOMBRAS 1) (PORTADA PEL\u00cdCULA) E.L. James Primera parte de \u00abCincuenta sombras\u00bb, la trilog\u00eda totalmente<\/p>\n","protected":false},"featured_media":18419,"comment_status":"open","ping_status":"open","template":"","meta":[],"product_cat":[414],"product_tag":[722,415],"class_list":["post-18418","product","type-product","status-publish","has-post-thumbnail","hentry","product_cat-libros","product_tag-debolsillo","product_tag-random-house"],"bundled_by":[],"bundle_stock_status":"instock","bundle_stock_quantity":2,"bundle_virtual":false,"bundle_layout":"","bundle_add_to_cart_form_location":"","bundle_editable_in_cart":false,"bundle_sold_individually_context":"","bundle_item_grouping":"","bundle_min_size":"","bundle_max_size":"","bundled_items":[],"yoast_head":"<!-- This site is optimized with the Yoast SEO plugin v20.6 - https:\/\/yoast.com\/wordpress\/plugins\/seo\/ -->\n<title>CINCUENTA SOMBRAS DE GREY (TRILOG\u00cdA CINCUENTA SOMBRAS 1) (PORTADA PEL\u00cdCULA) - Tienda Er\u00f3tica<\/title>\n<meta name=\"robots\" content=\"noindex, follow, max-snippet:-1, max-image-preview:large, max-video-preview:-1\" \/>\n<meta property=\"og:locale\" content=\"es_ES\" \/>\n<meta property=\"og:type\" content=\"article\" \/>\n<meta property=\"og:title\" content=\"CINCUENTA SOMBRAS DE GREY (TRILOG\u00cdA CINCUENTA SOMBRAS 1) (PORTADA PEL\u00cdCULA) - Tienda Er\u00f3tica\" \/>\n<meta property=\"og:description\" content=\"CINCUENTA SOMBRAS DE GREY (TRILOG\u00cdA CINCUENTA SOMBRAS 1) (PORTADA PEL\u00cdCULA) E.L. James Primera parte de \u00abCincuenta sombras\u00bb, la trilog\u00eda totalmente\" \/>\n<meta property=\"og:url\" content=\"https:\/\/demoweb.info\/sexshop001\/producto\/cincuenta-sombras-de-grey-trilogia-cincuenta-sombras-1-portada-pelicula\/\" \/>\n<meta property=\"og:site_name\" content=\"Tienda Er\u00f3tica\" \/>\n<meta property=\"article:modified_time\" content=\"2022-01-22T09:53:02+00:00\" \/>\n<meta property=\"og:image\" content=\"https:\/\/demoweb.info\/sexshop001\/wp-content\/uploads\/2022\/01\/CINCUENTA-SOMBRAS-DE-GREY-TRILOGIA-CINCUENTA-SOMBRAS-1-PORTADA-PELICULA.jpg\" \/>\n\t<meta property=\"og:image:width\" content=\"550\" \/>\n\t<meta property=\"og:image:height\" content=\"550\" \/>\n\t<meta property=\"og:image:type\" content=\"image\/jpeg\" \/>\n<meta name=\"twitter:card\" content=\"summary_large_image\" \/>\n<meta name=\"twitter:label1\" content=\"Tiempo de lectura\" \/>\n\t<meta name=\"twitter:data1\" content=\"1 minuto\" \/>\n<script type=\"application\/ld+json\" class=\"yoast-schema-graph\">{\"@context\":\"https:\/\/schema.org\",\"@graph\":[{\"@type\":\"WebPage\",\"@id\":\"https:\/\/demoweb.info\/sexshop001\/producto\/cincuenta-sombras-de-grey-trilogia-cincuenta-sombras-1-portada-pelicula\/\",\"url\":\"https:\/\/demoweb.info\/sexshop001\/producto\/cincuenta-sombras-de-grey-trilogia-cincuenta-sombras-1-portada-pelicula\/\",\"name\":\"CINCUENTA SOMBRAS DE GREY (TRILOG\u00cdA CINCUENTA SOMBRAS 1) (PORTADA PEL\u00cdCULA) - Tienda Er\u00f3tica\",\"isPartOf\":{\"@id\":\"https:\/\/demoweb.info\/sexshop001\/#website\"},\"datePublished\":\"2022-01-22T09:52:53+00:00\",\"dateModified\":\"2022-01-22T09:53:02+00:00\",\"breadcrumb\":{\"@id\":\"https:\/\/demoweb.info\/sexshop001\/producto\/cincuenta-sombras-de-grey-trilogia-cincuenta-sombras-1-portada-pelicula\/#breadcrumb\"},\"inLanguage\":\"es\",\"potentialAction\":[{\"@type\":\"ReadAction\",\"target\":[\"https:\/\/demoweb.info\/sexshop001\/producto\/cincuenta-sombras-de-grey-trilogia-cincuenta-sombras-1-portada-pelicula\/\"]}]},{\"@type\":\"BreadcrumbList\",\"@id\":\"https:\/\/demoweb.info\/sexshop001\/producto\/cincuenta-sombras-de-grey-trilogia-cincuenta-sombras-1-portada-pelicula\/#breadcrumb\",\"itemListElement\":[{\"@type\":\"ListItem\",\"position\":1,\"name\":\"Portada\",\"item\":\"https:\/\/demoweb.info\/sexshop001\/\"},{\"@type\":\"ListItem\",\"position\":2,\"name\":\"Tienda\",\"item\":\"https:\/\/demoweb.info\/sexshop001\/tienda\/\"},{\"@type\":\"ListItem\",\"position\":3,\"name\":\"CINCUENTA SOMBRAS DE GREY (TRILOG\u00cdA CINCUENTA SOMBRAS 1) (PORTADA PEL\u00cdCULA)\"}]},{\"@type\":\"WebSite\",\"@id\":\"https:\/\/demoweb.info\/sexshop001\/#website\",\"url\":\"https:\/\/demoweb.info\/sexshop001\/\",\"name\":\"Tienda Er\u00f3tica\",\"description\":\"DEMOWEB SL\",\"potentialAction\":[{\"@type\":\"SearchAction\",\"target\":{\"@type\":\"EntryPoint\",\"urlTemplate\":\"https:\/\/demoweb.info\/sexshop001\/?s={search_term_string}\"},\"query-input\":\"required name=search_term_string\"}],\"inLanguage\":\"es\"}]}<\/script>\n<!-- \/ Yoast SEO plugin. -->","yoast_head_json":{"title":"CINCUENTA SOMBRAS DE GREY (TRILOG\u00cdA CINCUENTA SOMBRAS 1) (PORTADA PEL\u00cdCULA) - Tienda Er\u00f3tica","robots":{"index":"noindex","follow":"follow","max-snippet":"max-snippet:-1","max-image-preview":"max-image-preview:large","max-video-preview":"max-video-preview:-1"},"og_locale":"es_ES","og_type":"article","og_title":"CINCUENTA SOMBRAS DE GREY (TRILOG\u00cdA CINCUENTA SOMBRAS 1) (PORTADA PEL\u00cdCULA) - Tienda Er\u00f3tica","og_description":"CINCUENTA SOMBRAS DE GREY (TRILOG\u00cdA CINCUENTA SOMBRAS 1) (PORTADA PEL\u00cdCULA) E.L. James Primera parte de \u00abCincuenta sombras\u00bb, la trilog\u00eda totalmente","og_url":"https:\/\/demoweb.info\/sexshop001\/producto\/cincuenta-sombras-de-grey-trilogia-cincuenta-sombras-1-portada-pelicula\/","og_site_name":"Tienda Er\u00f3tica","article_modified_time":"2022-01-22T09:53:02+00:00","og_image":[{"width":550,"height":550,"url":"https:\/\/demoweb.info\/sexshop001\/wp-content\/uploads\/2022\/01\/CINCUENTA-SOMBRAS-DE-GREY-TRILOGIA-CINCUENTA-SOMBRAS-1-PORTADA-PELICULA.jpg","type":"image\/jpeg"}],"twitter_card":"summary_large_image","twitter_misc":{"Tiempo de lectura":"1 minuto"},"schema":{"@context":"https:\/\/schema.org","@graph":[{"@type":"WebPage","@id":"https:\/\/demoweb.info\/sexshop001\/producto\/cincuenta-sombras-de-grey-trilogia-cincuenta-sombras-1-portada-pelicula\/","url":"https:\/\/demoweb.info\/sexshop001\/producto\/cincuenta-sombras-de-grey-trilogia-cincuenta-sombras-1-portada-pelicula\/","name":"CINCUENTA SOMBRAS DE GREY (TRILOG\u00cdA CINCUENTA SOMBRAS 1) (PORTADA PEL\u00cdCULA) - Tienda Er\u00f3tica","isPartOf":{"@id":"https:\/\/demoweb.info\/sexshop001\/#website"},"datePublished":"2022-01-22T09:52:53+00:00","dateModified":"2022-01-22T09:53:02+00:00","breadcrumb":{"@id":"https:\/\/demoweb.info\/sexshop001\/producto\/cincuenta-sombras-de-grey-trilogia-cincuenta-sombras-1-portada-pelicula\/#breadcrumb"},"inLanguage":"es","potentialAction":[{"@type":"ReadAction","target":["https:\/\/demoweb.info\/sexshop001\/producto\/cincuenta-sombras-de-grey-trilogia-cincuenta-sombras-1-portada-pelicula\/"]}]},{"@type":"BreadcrumbList","@id":"https:\/\/demoweb.info\/sexshop001\/producto\/cincuenta-sombras-de-grey-trilogia-cincuenta-sombras-1-portada-pelicula\/#breadcrumb","itemListElement":[{"@type":"ListItem","position":1,"name":"Portada","item":"https:\/\/demoweb.info\/sexshop001\/"},{"@type":"ListItem","position":2,"name":"Tienda","item":"https:\/\/demoweb.info\/sexshop001\/tienda\/"},{"@type":"ListItem","position":3,"name":"CINCUENTA SOMBRAS DE GREY (TRILOG\u00cdA CINCUENTA SOMBRAS 1) (PORTADA PEL\u00cdCULA)"}]},{"@type":"WebSite","@id":"https:\/\/demoweb.info\/sexshop001\/#website","url":"https:\/\/demoweb.info\/sexshop001\/","name":"Tienda Er\u00f3tica","description":"DEMOWEB SL","potentialAction":[{"@type":"SearchAction","target":{"@type":"EntryPoint","urlTemplate":"https:\/\/demoweb.info\/sexshop001\/?s={search_term_string}"},"query-input":"required name=search_term_string"}],"inLanguage":"es"}]}},"_links":{"self":[{"href":"https:\/\/demoweb.info\/sexshop001\/wp-json\/wp\/v3\/product\/18418","targetHints":{"allow":["GET"]}}],"collection":[{"href":"https:\/\/demoweb.info\/sexshop001\/wp-json\/wp\/v3\/product"}],"about":[{"href":"https:\/\/demoweb.info\/sexshop001\/wp-json\/wp\/v2\/types\/product"}],"replies":[{"embeddable":true,"href":"https:\/\/demoweb.info\/sexshop001\/wp-json\/wp\/v2\/comments?post=18418"}],"wp:featuredmedia":[{"embeddable":true,"href":"https:\/\/demoweb.info\/sexshop001\/wp-json\/wp\/v2\/media\/18419"}],"wp:attachment":[{"href":"https:\/\/demoweb.info\/sexshop001\/wp-json\/wp\/v2\/media?parent=18418"}],"wp:term":[{"taxonomy":"product_cat","embeddable":true,"href":"https:\/\/demoweb.info\/sexshop001\/wp-json\/wp\/v2\/product_cat?post=18418"},{"taxonomy":"product_tag","embeddable":true,"href":"https:\/\/demoweb.info\/sexshop001\/wp-json\/wp\/v2\/product_tag?post=18418"}],"curies":[{"name":"wp","href":"https:\/\/api.w.org\/{rel}","templated":true}]}}