{"id":18308,"date":"2022-01-22T10:51:55","date_gmt":"2022-01-22T09:51:55","guid":{"rendered":"https:\/\/demoweb.info\/sexshop001\/producto\/icicles-numero-42-bolas-ben-wa-de-cristal-medianas\/"},"modified":"2022-01-22T10:52:13","modified_gmt":"2022-01-22T09:52:13","slug":"icicles-numero-42-bolas-ben-wa-de-cristal-medianas","status":"publish","type":"product","link":"https:\/\/demoweb.info\/sexshop001\/producto\/icicles-numero-42-bolas-ben-wa-de-cristal-medianas\/","title":{"rendered":"ICICLES NUMERO 42 BOLAS BEN-WA DE CRISTAL MEDIANAS"},"content":{"rendered":"<p><strong>ICICLES NUMBER 42 HAND BLOWN GLASS BEN-WA BALLS MEDIUM<\/strong><\/p>\n<p>Estas lujosas bolas Ben-Wa son de cristal soplado. Su tama\u00f1o y peso las hacen perfectas para la estimulaci\u00f3n vaginal, as\u00ed como para ejercitarla, y su material no poroso es hipoalerg\u00e9nico y respetuoso con tu cuerpo. Con su uso regular, disfrutar\u00e1s de una musculatura m\u00e1s fuerte que te permite tener un mayor control sobre tu cuerpo y por lo tanto, mejores orgasmos.<\/p>\n<p>El vidrio es hipoalerg\u00e9nico y seguro para el cuerpo, y siempre que se use adecuadamente durar\u00e1 toda la vida. Recomendamos mojarlo con agua tibia o ponerlo en el microondas para una sensaci\u00f3n m\u00e1s c\u00e1lida. Tambi\u00e9n puedes enfriarlo con agua fr\u00eda o ponerlo en el congelador para una sensaci\u00f3n de frescor.<\/p>\n<p>Ya que el vidrio no es poroso, su limpieza es muy f\u00e1cil. Usa el limpiador <strong>Pipedream Toy Cleaner<\/strong> y agua tibia, o incluso puedes meterlo en el lavavajillas para mayor comodidad despu\u00e9s de la diversi\u00f3n.<\/p>\n<ul>\n<li>Di\u00e1metro: 3 cm<\/li>\n<li>Peso: 113 gramos<\/li>\n<\/ul>\n","protected":false},"excerpt":{"rendered":"<p>ICICLES NUMBER 42 HAND BLOWN GLASS BEN-WA BALLS MEDIUM Estas lujosas bolas Ben-Wa son de cristal soplado. Su tama\u00f1o y<\/p>\n","protected":false},"featured_media":18309,"comment_status":"open","ping_status":"open","template":"","meta":[],"product_cat":[931],"product_tag":[793,259],"class_list":["post-18308","product","type-product","status-publish","has-post-thumbnail","hentry","product_cat-cristal-bolas-y-huevos","product_tag-icicles","product_tag-pipedream"],"bundled_by":[],"bundle_stock_status":"instock","bundle_stock_quantity":1,"bundle_virtual":false,"bundle_layout":"","bundle_add_to_cart_form_location":"","bundle_editable_in_cart":false,"bundle_sold_individually_context":"","bundle_item_grouping":"","bundle_min_size":"","bundle_max_size":"","bundled_items":[],"yoast_head":"<!-- This site is optimized with the Yoast SEO plugin v20.6 - https:\/\/yoast.com\/wordpress\/plugins\/seo\/ -->\n<title>ICICLES NUMERO 42 BOLAS BEN-WA DE CRISTAL MEDIANAS - Tienda Er\u00f3tica<\/title>\n<meta name=\"robots\" content=\"noindex, follow, max-snippet:-1, max-image-preview:large, max-video-preview:-1\" \/>\n<meta property=\"og:locale\" content=\"es_ES\" \/>\n<meta property=\"og:type\" content=\"article\" \/>\n<meta property=\"og:title\" content=\"ICICLES NUMERO 42 BOLAS BEN-WA DE CRISTAL MEDIANAS - Tienda Er\u00f3tica\" \/>\n<meta property=\"og:description\" content=\"ICICLES NUMBER 42 HAND BLOWN GLASS BEN-WA BALLS MEDIUM Estas lujosas bolas Ben-Wa son de cristal soplado. Su tama\u00f1o y\" \/>\n<meta property=\"og:url\" content=\"https:\/\/demoweb.info\/sexshop001\/producto\/icicles-numero-42-bolas-ben-wa-de-cristal-medianas\/\" \/>\n<meta property=\"og:site_name\" content=\"Tienda Er\u00f3tica\" \/>\n<meta property=\"article:modified_time\" content=\"2022-01-22T09:52:13+00:00\" \/>\n<meta property=\"og:image\" content=\"https:\/\/demoweb.info\/sexshop001\/wp-content\/uploads\/2022\/01\/ICICLES-NUMERO-42-BOLAS-BEN-WA-DE-CRISTAL-MEDIANAS.jpg\" \/>\n\t<meta property=\"og:image:width\" content=\"550\" \/>\n\t<meta property=\"og:image:height\" content=\"550\" \/>\n\t<meta property=\"og:image:type\" content=\"image\/jpeg\" \/>\n<meta name=\"twitter:card\" content=\"summary_large_image\" \/>\n<meta name=\"twitter:label1\" content=\"Tiempo de lectura\" \/>\n\t<meta name=\"twitter:data1\" content=\"1 minuto\" \/>\n<script type=\"application\/ld+json\" class=\"yoast-schema-graph\">{\"@context\":\"https:\/\/schema.org\",\"@graph\":[{\"@type\":\"WebPage\",\"@id\":\"https:\/\/demoweb.info\/sexshop001\/producto\/icicles-numero-42-bolas-ben-wa-de-cristal-medianas\/\",\"url\":\"https:\/\/demoweb.info\/sexshop001\/producto\/icicles-numero-42-bolas-ben-wa-de-cristal-medianas\/\",\"name\":\"ICICLES NUMERO 42 BOLAS BEN-WA DE CRISTAL MEDIANAS - Tienda Er\u00f3tica\",\"isPartOf\":{\"@id\":\"https:\/\/demoweb.info\/sexshop001\/#website\"},\"datePublished\":\"2022-01-22T09:51:55+00:00\",\"dateModified\":\"2022-01-22T09:52:13+00:00\",\"breadcrumb\":{\"@id\":\"https:\/\/demoweb.info\/sexshop001\/producto\/icicles-numero-42-bolas-ben-wa-de-cristal-medianas\/#breadcrumb\"},\"inLanguage\":\"es\",\"potentialAction\":[{\"@type\":\"ReadAction\",\"target\":[\"https:\/\/demoweb.info\/sexshop001\/producto\/icicles-numero-42-bolas-ben-wa-de-cristal-medianas\/\"]}]},{\"@type\":\"BreadcrumbList\",\"@id\":\"https:\/\/demoweb.info\/sexshop001\/producto\/icicles-numero-42-bolas-ben-wa-de-cristal-medianas\/#breadcrumb\",\"itemListElement\":[{\"@type\":\"ListItem\",\"position\":1,\"name\":\"Portada\",\"item\":\"https:\/\/demoweb.info\/sexshop001\/\"},{\"@type\":\"ListItem\",\"position\":2,\"name\":\"Tienda\",\"item\":\"https:\/\/demoweb.info\/sexshop001\/tienda\/\"},{\"@type\":\"ListItem\",\"position\":3,\"name\":\"ICICLES NUMERO 42 BOLAS BEN-WA DE CRISTAL MEDIANAS\"}]},{\"@type\":\"WebSite\",\"@id\":\"https:\/\/demoweb.info\/sexshop001\/#website\",\"url\":\"https:\/\/demoweb.info\/sexshop001\/\",\"name\":\"Tienda Er\u00f3tica\",\"description\":\"DEMOWEB SL\",\"potentialAction\":[{\"@type\":\"SearchAction\",\"target\":{\"@type\":\"EntryPoint\",\"urlTemplate\":\"https:\/\/demoweb.info\/sexshop001\/?s={search_term_string}\"},\"query-input\":\"required name=search_term_string\"}],\"inLanguage\":\"es\"}]}<\/script>\n<!-- \/ Yoast SEO plugin. -->","yoast_head_json":{"title":"ICICLES NUMERO 42 BOLAS BEN-WA DE CRISTAL MEDIANAS - Tienda Er\u00f3tica","robots":{"index":"noindex","follow":"follow","max-snippet":"max-snippet:-1","max-image-preview":"max-image-preview:large","max-video-preview":"max-video-preview:-1"},"og_locale":"es_ES","og_type":"article","og_title":"ICICLES NUMERO 42 BOLAS BEN-WA DE CRISTAL MEDIANAS - Tienda Er\u00f3tica","og_description":"ICICLES NUMBER 42 HAND BLOWN GLASS BEN-WA BALLS MEDIUM Estas lujosas bolas Ben-Wa son de cristal soplado. Su tama\u00f1o y","og_url":"https:\/\/demoweb.info\/sexshop001\/producto\/icicles-numero-42-bolas-ben-wa-de-cristal-medianas\/","og_site_name":"Tienda Er\u00f3tica","article_modified_time":"2022-01-22T09:52:13+00:00","og_image":[{"width":550,"height":550,"url":"https:\/\/demoweb.info\/sexshop001\/wp-content\/uploads\/2022\/01\/ICICLES-NUMERO-42-BOLAS-BEN-WA-DE-CRISTAL-MEDIANAS.jpg","type":"image\/jpeg"}],"twitter_card":"summary_large_image","twitter_misc":{"Tiempo de lectura":"1 minuto"},"schema":{"@context":"https:\/\/schema.org","@graph":[{"@type":"WebPage","@id":"https:\/\/demoweb.info\/sexshop001\/producto\/icicles-numero-42-bolas-ben-wa-de-cristal-medianas\/","url":"https:\/\/demoweb.info\/sexshop001\/producto\/icicles-numero-42-bolas-ben-wa-de-cristal-medianas\/","name":"ICICLES NUMERO 42 BOLAS BEN-WA DE CRISTAL MEDIANAS - Tienda Er\u00f3tica","isPartOf":{"@id":"https:\/\/demoweb.info\/sexshop001\/#website"},"datePublished":"2022-01-22T09:51:55+00:00","dateModified":"2022-01-22T09:52:13+00:00","breadcrumb":{"@id":"https:\/\/demoweb.info\/sexshop001\/producto\/icicles-numero-42-bolas-ben-wa-de-cristal-medianas\/#breadcrumb"},"inLanguage":"es","potentialAction":[{"@type":"ReadAction","target":["https:\/\/demoweb.info\/sexshop001\/producto\/icicles-numero-42-bolas-ben-wa-de-cristal-medianas\/"]}]},{"@type":"BreadcrumbList","@id":"https:\/\/demoweb.info\/sexshop001\/producto\/icicles-numero-42-bolas-ben-wa-de-cristal-medianas\/#breadcrumb","itemListElement":[{"@type":"ListItem","position":1,"name":"Portada","item":"https:\/\/demoweb.info\/sexshop001\/"},{"@type":"ListItem","position":2,"name":"Tienda","item":"https:\/\/demoweb.info\/sexshop001\/tienda\/"},{"@type":"ListItem","position":3,"name":"ICICLES NUMERO 42 BOLAS BEN-WA DE CRISTAL MEDIANAS"}]},{"@type":"WebSite","@id":"https:\/\/demoweb.info\/sexshop001\/#website","url":"https:\/\/demoweb.info\/sexshop001\/","name":"Tienda Er\u00f3tica","description":"DEMOWEB SL","potentialAction":[{"@type":"SearchAction","target":{"@type":"EntryPoint","urlTemplate":"https:\/\/demoweb.info\/sexshop001\/?s={search_term_string}"},"query-input":"required name=search_term_string"}],"inLanguage":"es"}]}},"_links":{"self":[{"href":"https:\/\/demoweb.info\/sexshop001\/wp-json\/wp\/v3\/product\/18308","targetHints":{"allow":["GET"]}}],"collection":[{"href":"https:\/\/demoweb.info\/sexshop001\/wp-json\/wp\/v3\/product"}],"about":[{"href":"https:\/\/demoweb.info\/sexshop001\/wp-json\/wp\/v2\/types\/product"}],"replies":[{"embeddable":true,"href":"https:\/\/demoweb.info\/sexshop001\/wp-json\/wp\/v2\/comments?post=18308"}],"wp:featuredmedia":[{"embeddable":true,"href":"https:\/\/demoweb.info\/sexshop001\/wp-json\/wp\/v2\/media\/18309"}],"wp:attachment":[{"href":"https:\/\/demoweb.info\/sexshop001\/wp-json\/wp\/v2\/media?parent=18308"}],"wp:term":[{"taxonomy":"product_cat","embeddable":true,"href":"https:\/\/demoweb.info\/sexshop001\/wp-json\/wp\/v2\/product_cat?post=18308"},{"taxonomy":"product_tag","embeddable":true,"href":"https:\/\/demoweb.info\/sexshop001\/wp-json\/wp\/v2\/product_tag?post=18308"}],"curies":[{"name":"wp","href":"https:\/\/api.w.org\/{rel}","templated":true}]}}