{"id":18033,"date":"2022-01-22T10:49:49","date_gmt":"2022-01-22T09:49:49","guid":{"rendered":"https:\/\/demoweb.info\/sexshop001\/producto\/no-queria-enamorarme-noches-inolvidables-1\/"},"modified":"2022-01-22T10:49:57","modified_gmt":"2022-01-22T09:49:57","slug":"no-queria-enamorarme-noches-inolvidables-1","status":"publish","type":"product","link":"https:\/\/demoweb.info\/sexshop001\/producto\/no-queria-enamorarme-noches-inolvidables-1\/","title":{"rendered":"NO QUER\u00cdA ENAMORARME (NOCHES INOLVIDABLES 1)"},"content":{"rendered":"<p><strong>NO QUER\u00cdA ENAMORARME (NOCHES INOLVIDABLES 1)<\/strong><\/p>\n<p><strong>J. KENNER<\/strong>.<\/p>\n<p><strong>J.<\/strong><strong>Kenner,<\/strong><strong>una de<\/strong><strong>las reinas del romance er\u00f3tico con m\u00e1s de 2.000.000 ejemplares vendidos en todo el mundo,<\/strong><strong>presenta \u00abNoches inolvidables\u00bb, una serie compuesta de tres historias apasionadas que dejan huella.<\/strong><\/p>\n<p><strong>Por la noche el deseo se apodera de la conciencia<\/strong><strong>y los cuerpos se entregan al placer. Desc\u00fabrelo en la primera entrega de \u00abNoches inolvidables\u00bb.<\/strong><\/p>\n<p>Kelsey necesita desesperadamente 15.000 d\u00f3lares para subsanar un terrible error del pasado, y esa es la raz\u00f3n que la lleva a aceptar un trabajo como modelo para el c\u00e9lebre fot\u00f3grafo Wyatt Royce. Pero cuando llega a la sesi\u00f3n de fotos, Kelsey descubre que detr\u00e1s de ese nombre art\u00edstico est\u00e1 su amor de juventud, el chico a quien entreg\u00f3 su inocencia en una noche de fatales consecuencias. Wyatt es tambi\u00e9n el hombre a quien ha intentado borrar de su coraz\u00f3n con todas sus fuerzas.<\/p>\n<p>\u00c9l llevaba meses buscando a una mujer muy especial para convertirla en el centro de la exposici\u00f3n de fotos y, al ver a Kelsey, comprende que es la modelo y la mujer perfecta.<\/p>\n<p>Para \u00e9l tampoco es f\u00e1cil: se jur\u00f3 olvidarla despu\u00e9s de aquella noche en que ella desapareci\u00f3, dej\u00e1ndolo con el coraz\u00f3n roto, pero ahora el odio y el m\u00e1s vivo deseo se convierten r\u00e1pidamente en amor.<\/p>\n<ul>\n<li>336 P\u00e1ginas.<\/li>\n<li>Tapa blanda<\/li>\n<li>Edici\u00f3n 2020<\/li>\n<\/ul>\n","protected":false},"excerpt":{"rendered":"<p>NO QUER\u00cdA ENAMORARME (NOCHES INOLVIDABLES 1) J. KENNER. J.Kenner,una delas reinas del romance er\u00f3tico con m\u00e1s de 2.000.000 ejemplares vendidos<\/p>\n","protected":false},"featured_media":18034,"comment_status":"open","ping_status":"open","template":"","meta":[],"product_cat":[414],"product_tag":[416,415],"class_list":["post-18033","product","type-product","status-publish","has-post-thumbnail","hentry","product_cat-libros","product_tag-grijalbo","product_tag-random-house"],"bundled_by":[],"bundle_stock_status":"instock","bundle_stock_quantity":1,"bundle_virtual":false,"bundle_layout":"","bundle_add_to_cart_form_location":"","bundle_editable_in_cart":false,"bundle_sold_individually_context":"","bundle_item_grouping":"","bundle_min_size":"","bundle_max_size":"","bundled_items":[],"yoast_head":"<!-- This site is optimized with the Yoast SEO plugin v20.6 - https:\/\/yoast.com\/wordpress\/plugins\/seo\/ -->\n<title>NO QUER\u00cdA ENAMORARME (NOCHES INOLVIDABLES 1) - Tienda Er\u00f3tica<\/title>\n<meta name=\"robots\" content=\"noindex, follow, max-snippet:-1, max-image-preview:large, max-video-preview:-1\" \/>\n<meta property=\"og:locale\" content=\"es_ES\" \/>\n<meta property=\"og:type\" content=\"article\" \/>\n<meta property=\"og:title\" content=\"NO QUER\u00cdA ENAMORARME (NOCHES INOLVIDABLES 1) - Tienda Er\u00f3tica\" \/>\n<meta property=\"og:description\" content=\"NO QUER\u00cdA ENAMORARME (NOCHES INOLVIDABLES 1) J. KENNER. J.Kenner,una delas reinas del romance er\u00f3tico con m\u00e1s de 2.000.000 ejemplares vendidos\" \/>\n<meta property=\"og:url\" content=\"https:\/\/demoweb.info\/sexshop001\/producto\/no-queria-enamorarme-noches-inolvidables-1\/\" \/>\n<meta property=\"og:site_name\" content=\"Tienda Er\u00f3tica\" \/>\n<meta property=\"article:modified_time\" content=\"2022-01-22T09:49:57+00:00\" \/>\n<meta property=\"og:image\" content=\"https:\/\/demoweb.info\/sexshop001\/wp-content\/uploads\/2022\/01\/NO-QUERIA-ENAMORARME-NOCHES-INOLVIDABLES-1.jpg\" \/>\n\t<meta property=\"og:image:width\" content=\"550\" \/>\n\t<meta property=\"og:image:height\" content=\"550\" \/>\n\t<meta property=\"og:image:type\" content=\"image\/jpeg\" \/>\n<meta name=\"twitter:card\" content=\"summary_large_image\" \/>\n<meta name=\"twitter:label1\" content=\"Tiempo de lectura\" \/>\n\t<meta name=\"twitter:data1\" content=\"1 minuto\" \/>\n<script type=\"application\/ld+json\" class=\"yoast-schema-graph\">{\"@context\":\"https:\/\/schema.org\",\"@graph\":[{\"@type\":\"WebPage\",\"@id\":\"https:\/\/demoweb.info\/sexshop001\/producto\/no-queria-enamorarme-noches-inolvidables-1\/\",\"url\":\"https:\/\/demoweb.info\/sexshop001\/producto\/no-queria-enamorarme-noches-inolvidables-1\/\",\"name\":\"NO QUER\u00cdA ENAMORARME (NOCHES INOLVIDABLES 1) - Tienda Er\u00f3tica\",\"isPartOf\":{\"@id\":\"https:\/\/demoweb.info\/sexshop001\/#website\"},\"datePublished\":\"2022-01-22T09:49:49+00:00\",\"dateModified\":\"2022-01-22T09:49:57+00:00\",\"breadcrumb\":{\"@id\":\"https:\/\/demoweb.info\/sexshop001\/producto\/no-queria-enamorarme-noches-inolvidables-1\/#breadcrumb\"},\"inLanguage\":\"es\",\"potentialAction\":[{\"@type\":\"ReadAction\",\"target\":[\"https:\/\/demoweb.info\/sexshop001\/producto\/no-queria-enamorarme-noches-inolvidables-1\/\"]}]},{\"@type\":\"BreadcrumbList\",\"@id\":\"https:\/\/demoweb.info\/sexshop001\/producto\/no-queria-enamorarme-noches-inolvidables-1\/#breadcrumb\",\"itemListElement\":[{\"@type\":\"ListItem\",\"position\":1,\"name\":\"Portada\",\"item\":\"https:\/\/demoweb.info\/sexshop001\/\"},{\"@type\":\"ListItem\",\"position\":2,\"name\":\"Tienda\",\"item\":\"https:\/\/demoweb.info\/sexshop001\/tienda\/\"},{\"@type\":\"ListItem\",\"position\":3,\"name\":\"NO QUER\u00cdA ENAMORARME (NOCHES INOLVIDABLES 1)\"}]},{\"@type\":\"WebSite\",\"@id\":\"https:\/\/demoweb.info\/sexshop001\/#website\",\"url\":\"https:\/\/demoweb.info\/sexshop001\/\",\"name\":\"Tienda Er\u00f3tica\",\"description\":\"DEMOWEB SL\",\"potentialAction\":[{\"@type\":\"SearchAction\",\"target\":{\"@type\":\"EntryPoint\",\"urlTemplate\":\"https:\/\/demoweb.info\/sexshop001\/?s={search_term_string}\"},\"query-input\":\"required name=search_term_string\"}],\"inLanguage\":\"es\"}]}<\/script>\n<!-- \/ Yoast SEO plugin. -->","yoast_head_json":{"title":"NO QUER\u00cdA ENAMORARME (NOCHES INOLVIDABLES 1) - Tienda Er\u00f3tica","robots":{"index":"noindex","follow":"follow","max-snippet":"max-snippet:-1","max-image-preview":"max-image-preview:large","max-video-preview":"max-video-preview:-1"},"og_locale":"es_ES","og_type":"article","og_title":"NO QUER\u00cdA ENAMORARME (NOCHES INOLVIDABLES 1) - Tienda Er\u00f3tica","og_description":"NO QUER\u00cdA ENAMORARME (NOCHES INOLVIDABLES 1) J. KENNER. J.Kenner,una delas reinas del romance er\u00f3tico con m\u00e1s de 2.000.000 ejemplares vendidos","og_url":"https:\/\/demoweb.info\/sexshop001\/producto\/no-queria-enamorarme-noches-inolvidables-1\/","og_site_name":"Tienda Er\u00f3tica","article_modified_time":"2022-01-22T09:49:57+00:00","og_image":[{"width":550,"height":550,"url":"https:\/\/demoweb.info\/sexshop001\/wp-content\/uploads\/2022\/01\/NO-QUERIA-ENAMORARME-NOCHES-INOLVIDABLES-1.jpg","type":"image\/jpeg"}],"twitter_card":"summary_large_image","twitter_misc":{"Tiempo de lectura":"1 minuto"},"schema":{"@context":"https:\/\/schema.org","@graph":[{"@type":"WebPage","@id":"https:\/\/demoweb.info\/sexshop001\/producto\/no-queria-enamorarme-noches-inolvidables-1\/","url":"https:\/\/demoweb.info\/sexshop001\/producto\/no-queria-enamorarme-noches-inolvidables-1\/","name":"NO QUER\u00cdA ENAMORARME (NOCHES INOLVIDABLES 1) - Tienda Er\u00f3tica","isPartOf":{"@id":"https:\/\/demoweb.info\/sexshop001\/#website"},"datePublished":"2022-01-22T09:49:49+00:00","dateModified":"2022-01-22T09:49:57+00:00","breadcrumb":{"@id":"https:\/\/demoweb.info\/sexshop001\/producto\/no-queria-enamorarme-noches-inolvidables-1\/#breadcrumb"},"inLanguage":"es","potentialAction":[{"@type":"ReadAction","target":["https:\/\/demoweb.info\/sexshop001\/producto\/no-queria-enamorarme-noches-inolvidables-1\/"]}]},{"@type":"BreadcrumbList","@id":"https:\/\/demoweb.info\/sexshop001\/producto\/no-queria-enamorarme-noches-inolvidables-1\/#breadcrumb","itemListElement":[{"@type":"ListItem","position":1,"name":"Portada","item":"https:\/\/demoweb.info\/sexshop001\/"},{"@type":"ListItem","position":2,"name":"Tienda","item":"https:\/\/demoweb.info\/sexshop001\/tienda\/"},{"@type":"ListItem","position":3,"name":"NO QUER\u00cdA ENAMORARME (NOCHES INOLVIDABLES 1)"}]},{"@type":"WebSite","@id":"https:\/\/demoweb.info\/sexshop001\/#website","url":"https:\/\/demoweb.info\/sexshop001\/","name":"Tienda Er\u00f3tica","description":"DEMOWEB SL","potentialAction":[{"@type":"SearchAction","target":{"@type":"EntryPoint","urlTemplate":"https:\/\/demoweb.info\/sexshop001\/?s={search_term_string}"},"query-input":"required name=search_term_string"}],"inLanguage":"es"}]}},"_links":{"self":[{"href":"https:\/\/demoweb.info\/sexshop001\/wp-json\/wp\/v3\/product\/18033","targetHints":{"allow":["GET"]}}],"collection":[{"href":"https:\/\/demoweb.info\/sexshop001\/wp-json\/wp\/v3\/product"}],"about":[{"href":"https:\/\/demoweb.info\/sexshop001\/wp-json\/wp\/v2\/types\/product"}],"replies":[{"embeddable":true,"href":"https:\/\/demoweb.info\/sexshop001\/wp-json\/wp\/v2\/comments?post=18033"}],"wp:featuredmedia":[{"embeddable":true,"href":"https:\/\/demoweb.info\/sexshop001\/wp-json\/wp\/v2\/media\/18034"}],"wp:attachment":[{"href":"https:\/\/demoweb.info\/sexshop001\/wp-json\/wp\/v2\/media?parent=18033"}],"wp:term":[{"taxonomy":"product_cat","embeddable":true,"href":"https:\/\/demoweb.info\/sexshop001\/wp-json\/wp\/v2\/product_cat?post=18033"},{"taxonomy":"product_tag","embeddable":true,"href":"https:\/\/demoweb.info\/sexshop001\/wp-json\/wp\/v2\/product_tag?post=18033"}],"curies":[{"name":"wp","href":"https:\/\/api.w.org\/{rel}","templated":true}]}}