{"id":17474,"date":"2022-01-22T10:45:07","date_gmt":"2022-01-22T09:45:07","guid":{"rendered":"https:\/\/demoweb.info\/sexshop001\/producto\/pene-vibrador-realistico-giratorio-y-empuje-claro\/"},"modified":"2022-01-22T10:45:13","modified_gmt":"2022-01-22T09:45:13","slug":"pene-vibrador-realistico-giratorio-y-empuje-claro","status":"publish","type":"product","link":"https:\/\/demoweb.info\/sexshop001\/producto\/pene-vibrador-realistico-giratorio-y-empuje-claro\/","title":{"rendered":"PENE VIBRADOR REALISTICO GIRATORIO Y EMPUJE &#8211; CLARO"},"content":{"rendered":"<p><strong>THRUSTING ROTATING VIBRATOR DILDO &#8211; SKIN<\/strong><\/p>\n<p>Si quieres una experiencia loca e inigualable, \u00a1la b\u00fasqueda ha terminado! Conoce al -The Freak- que se mueve como ning\u00fan otro consolador giratorio, vibratorio o propulsor de la colecci\u00f3n Naked Addiction.<\/p>\n<p>Toma m\u00e1s control de tu placer usando el control remoto incluido para cambiar entre rotaciones y empujes a vibraciones. \u00a1Combinado con movimientos giratorios y de empuje originales, este consolador seguramente alegrar\u00e1 cualquier ocasi\u00f3n caliente!<\/p>\n<p>Sin embargo, encontrar\u00e1 que su nuevo consolador encontrar\u00e1 una nueva pose cada vez que se detenga, as\u00ed que no se alarme si no vuelve a la misma posici\u00f3n en la que estaba cuando comenz\u00f3.<\/p>\n<p>Despu\u00e9s de todo, \u00a1no se llama -The Freak- por nada!<\/p>\n<p><strong>CARACTER\u00cdSTICAS<\/strong><\/p>\n<ul>\n<li>Longitud total: 19 cm<\/li>\n<li>Di\u00e1metro: 2,5 cm<\/li>\n<li>Longitud insertable: 15,7 cm<\/li>\n<li>Vibraci\u00f3n: S\u00ed<\/li>\n<li>Modos de vibraci\u00f3n: 7<\/li>\n<li>Seguro para el cuerpo: S\u00ed<\/li>\n<li>Material: Silicona | Pl\u00e1stico ABS<\/li>\n<li>Recargable por USB <\/li>\n<li>Bater\u00edas incluidas: S\u00ed<\/li>\n<li>Tiempo de carga en minutos: 120<\/li>\n<li>Tiempo de funcionamiento en minutos: 60<\/li>\n<li>Mando a distancia: S\u00ed<\/li>\n<\/ul>\n","protected":false},"excerpt":{"rendered":"<p>THRUSTING ROTATING VIBRATOR DILDO &#8211; SKIN Si quieres una experiencia loca e inigualable, \u00a1la b\u00fasqueda ha terminado! Conoce al -The<\/p>\n","protected":false},"featured_media":17475,"comment_status":"open","ping_status":"open","template":"","meta":[],"product_cat":[386],"product_tag":[905],"class_list":["post-17474","product","type-product","status-publish","has-post-thumbnail","hentry","product_cat-realisticos","product_tag-naked-addiction"],"bundled_by":[],"bundle_stock_status":"instock","bundle_stock_quantity":2,"bundle_virtual":false,"bundle_layout":"","bundle_add_to_cart_form_location":"","bundle_editable_in_cart":false,"bundle_sold_individually_context":"","bundle_item_grouping":"","bundle_min_size":"","bundle_max_size":"","bundled_items":[],"yoast_head":"<!-- This site is optimized with the Yoast SEO plugin v20.6 - https:\/\/yoast.com\/wordpress\/plugins\/seo\/ -->\n<title>PENE VIBRADOR REALISTICO GIRATORIO Y EMPUJE - CLARO - Tienda Er\u00f3tica<\/title>\n<meta name=\"robots\" content=\"noindex, follow, max-snippet:-1, max-image-preview:large, max-video-preview:-1\" \/>\n<meta property=\"og:locale\" content=\"es_ES\" \/>\n<meta property=\"og:type\" content=\"article\" \/>\n<meta property=\"og:title\" content=\"PENE VIBRADOR REALISTICO GIRATORIO Y EMPUJE - CLARO - Tienda Er\u00f3tica\" \/>\n<meta property=\"og:description\" content=\"THRUSTING ROTATING VIBRATOR DILDO &#8211; SKIN Si quieres una experiencia loca e inigualable, \u00a1la b\u00fasqueda ha terminado! Conoce al -The\" \/>\n<meta property=\"og:url\" content=\"https:\/\/demoweb.info\/sexshop001\/producto\/pene-vibrador-realistico-giratorio-y-empuje-claro\/\" \/>\n<meta property=\"og:site_name\" content=\"Tienda Er\u00f3tica\" \/>\n<meta property=\"article:modified_time\" content=\"2022-01-22T09:45:13+00:00\" \/>\n<meta property=\"og:image\" content=\"https:\/\/demoweb.info\/sexshop001\/wp-content\/uploads\/2022\/01\/PENE-VIBRADOR-REALISTICO-GIRATORIO-Y-EMPUJE-CLARO.jpg\" \/>\n\t<meta property=\"og:image:width\" content=\"550\" \/>\n\t<meta property=\"og:image:height\" content=\"550\" \/>\n\t<meta property=\"og:image:type\" content=\"image\/jpeg\" \/>\n<meta name=\"twitter:card\" content=\"summary_large_image\" \/>\n<meta name=\"twitter:label1\" content=\"Tiempo de lectura\" \/>\n\t<meta name=\"twitter:data1\" content=\"1 minuto\" \/>\n<script type=\"application\/ld+json\" class=\"yoast-schema-graph\">{\"@context\":\"https:\/\/schema.org\",\"@graph\":[{\"@type\":\"WebPage\",\"@id\":\"https:\/\/demoweb.info\/sexshop001\/producto\/pene-vibrador-realistico-giratorio-y-empuje-claro\/\",\"url\":\"https:\/\/demoweb.info\/sexshop001\/producto\/pene-vibrador-realistico-giratorio-y-empuje-claro\/\",\"name\":\"PENE VIBRADOR REALISTICO GIRATORIO Y EMPUJE - CLARO - Tienda Er\u00f3tica\",\"isPartOf\":{\"@id\":\"https:\/\/demoweb.info\/sexshop001\/#website\"},\"datePublished\":\"2022-01-22T09:45:07+00:00\",\"dateModified\":\"2022-01-22T09:45:13+00:00\",\"breadcrumb\":{\"@id\":\"https:\/\/demoweb.info\/sexshop001\/producto\/pene-vibrador-realistico-giratorio-y-empuje-claro\/#breadcrumb\"},\"inLanguage\":\"es\",\"potentialAction\":[{\"@type\":\"ReadAction\",\"target\":[\"https:\/\/demoweb.info\/sexshop001\/producto\/pene-vibrador-realistico-giratorio-y-empuje-claro\/\"]}]},{\"@type\":\"BreadcrumbList\",\"@id\":\"https:\/\/demoweb.info\/sexshop001\/producto\/pene-vibrador-realistico-giratorio-y-empuje-claro\/#breadcrumb\",\"itemListElement\":[{\"@type\":\"ListItem\",\"position\":1,\"name\":\"Portada\",\"item\":\"https:\/\/demoweb.info\/sexshop001\/\"},{\"@type\":\"ListItem\",\"position\":2,\"name\":\"Tienda\",\"item\":\"https:\/\/demoweb.info\/sexshop001\/tienda\/\"},{\"@type\":\"ListItem\",\"position\":3,\"name\":\"PENE VIBRADOR REALISTICO GIRATORIO Y EMPUJE &#8211; CLARO\"}]},{\"@type\":\"WebSite\",\"@id\":\"https:\/\/demoweb.info\/sexshop001\/#website\",\"url\":\"https:\/\/demoweb.info\/sexshop001\/\",\"name\":\"Tienda Er\u00f3tica\",\"description\":\"DEMOWEB SL\",\"potentialAction\":[{\"@type\":\"SearchAction\",\"target\":{\"@type\":\"EntryPoint\",\"urlTemplate\":\"https:\/\/demoweb.info\/sexshop001\/?s={search_term_string}\"},\"query-input\":\"required name=search_term_string\"}],\"inLanguage\":\"es\"}]}<\/script>\n<!-- \/ Yoast SEO plugin. -->","yoast_head_json":{"title":"PENE VIBRADOR REALISTICO GIRATORIO Y EMPUJE - CLARO - Tienda Er\u00f3tica","robots":{"index":"noindex","follow":"follow","max-snippet":"max-snippet:-1","max-image-preview":"max-image-preview:large","max-video-preview":"max-video-preview:-1"},"og_locale":"es_ES","og_type":"article","og_title":"PENE VIBRADOR REALISTICO GIRATORIO Y EMPUJE - CLARO - Tienda Er\u00f3tica","og_description":"THRUSTING ROTATING VIBRATOR DILDO &#8211; SKIN Si quieres una experiencia loca e inigualable, \u00a1la b\u00fasqueda ha terminado! Conoce al -The","og_url":"https:\/\/demoweb.info\/sexshop001\/producto\/pene-vibrador-realistico-giratorio-y-empuje-claro\/","og_site_name":"Tienda Er\u00f3tica","article_modified_time":"2022-01-22T09:45:13+00:00","og_image":[{"width":550,"height":550,"url":"https:\/\/demoweb.info\/sexshop001\/wp-content\/uploads\/2022\/01\/PENE-VIBRADOR-REALISTICO-GIRATORIO-Y-EMPUJE-CLARO.jpg","type":"image\/jpeg"}],"twitter_card":"summary_large_image","twitter_misc":{"Tiempo de lectura":"1 minuto"},"schema":{"@context":"https:\/\/schema.org","@graph":[{"@type":"WebPage","@id":"https:\/\/demoweb.info\/sexshop001\/producto\/pene-vibrador-realistico-giratorio-y-empuje-claro\/","url":"https:\/\/demoweb.info\/sexshop001\/producto\/pene-vibrador-realistico-giratorio-y-empuje-claro\/","name":"PENE VIBRADOR REALISTICO GIRATORIO Y EMPUJE - CLARO - Tienda Er\u00f3tica","isPartOf":{"@id":"https:\/\/demoweb.info\/sexshop001\/#website"},"datePublished":"2022-01-22T09:45:07+00:00","dateModified":"2022-01-22T09:45:13+00:00","breadcrumb":{"@id":"https:\/\/demoweb.info\/sexshop001\/producto\/pene-vibrador-realistico-giratorio-y-empuje-claro\/#breadcrumb"},"inLanguage":"es","potentialAction":[{"@type":"ReadAction","target":["https:\/\/demoweb.info\/sexshop001\/producto\/pene-vibrador-realistico-giratorio-y-empuje-claro\/"]}]},{"@type":"BreadcrumbList","@id":"https:\/\/demoweb.info\/sexshop001\/producto\/pene-vibrador-realistico-giratorio-y-empuje-claro\/#breadcrumb","itemListElement":[{"@type":"ListItem","position":1,"name":"Portada","item":"https:\/\/demoweb.info\/sexshop001\/"},{"@type":"ListItem","position":2,"name":"Tienda","item":"https:\/\/demoweb.info\/sexshop001\/tienda\/"},{"@type":"ListItem","position":3,"name":"PENE VIBRADOR REALISTICO GIRATORIO Y EMPUJE &#8211; CLARO"}]},{"@type":"WebSite","@id":"https:\/\/demoweb.info\/sexshop001\/#website","url":"https:\/\/demoweb.info\/sexshop001\/","name":"Tienda Er\u00f3tica","description":"DEMOWEB SL","potentialAction":[{"@type":"SearchAction","target":{"@type":"EntryPoint","urlTemplate":"https:\/\/demoweb.info\/sexshop001\/?s={search_term_string}"},"query-input":"required name=search_term_string"}],"inLanguage":"es"}]}},"_links":{"self":[{"href":"https:\/\/demoweb.info\/sexshop001\/wp-json\/wp\/v3\/product\/17474","targetHints":{"allow":["GET"]}}],"collection":[{"href":"https:\/\/demoweb.info\/sexshop001\/wp-json\/wp\/v3\/product"}],"about":[{"href":"https:\/\/demoweb.info\/sexshop001\/wp-json\/wp\/v2\/types\/product"}],"replies":[{"embeddable":true,"href":"https:\/\/demoweb.info\/sexshop001\/wp-json\/wp\/v2\/comments?post=17474"}],"wp:featuredmedia":[{"embeddable":true,"href":"https:\/\/demoweb.info\/sexshop001\/wp-json\/wp\/v2\/media\/17475"}],"wp:attachment":[{"href":"https:\/\/demoweb.info\/sexshop001\/wp-json\/wp\/v2\/media?parent=17474"}],"wp:term":[{"taxonomy":"product_cat","embeddable":true,"href":"https:\/\/demoweb.info\/sexshop001\/wp-json\/wp\/v2\/product_cat?post=17474"},{"taxonomy":"product_tag","embeddable":true,"href":"https:\/\/demoweb.info\/sexshop001\/wp-json\/wp\/v2\/product_tag?post=17474"}],"curies":[{"name":"wp","href":"https:\/\/api.w.org\/{rel}","templated":true}]}}