{"id":17365,"date":"2022-01-22T10:44:08","date_gmt":"2022-01-22T09:44:08","guid":{"rendered":"https:\/\/demoweb.info\/sexshop001\/producto\/plug-corazon-pequeno-rear-assets-multicolor\/"},"modified":"2022-01-22T10:44:21","modified_gmt":"2022-01-22T09:44:21","slug":"plug-corazon-pequeno-rear-assets-multicolor","status":"publish","type":"product","link":"https:\/\/demoweb.info\/sexshop001\/producto\/plug-corazon-pequeno-rear-assets-multicolor\/","title":{"rendered":"PLUG CORAZON PEQUE\u00d1O &#8211; REAR ASSETS MULTICOLOR"},"content":{"rendered":"<p><strong>REAR ASSETS MULITCOLOR HEART S<\/strong><\/p>\n<p>Liviano y cromados anales juguete dise\u00f1ados para la excitaci\u00f3n visual y sensual.<\/p>\n<p>Fabricados en aluminio liviano y formados para una penetraci\u00f3n sin esfuerzo, estos juguetes anales seguros para el cuerpo est\u00e1n disponibles en una variedad de colores, formas y tama\u00f1os.<\/p>\n<p>Adecuado con todos los lubricantes.<\/p>\n<p><strong>CARACTER\u00cdSTICAS<\/strong><\/p>\n<ul>\n<li>Dimensiones del producto: 7 x 3,3 x 3,3 cm<\/li>\n<li>Longitud total: 7 cm<\/li>\n<li>Di\u00e1metro: 2,7 cm<\/li>\n<li>Longitud insertable: 4,8 cm<\/li>\n<li>Impermeabilizaci\u00f3n: Si<\/li>\n<li>Seguro para el cuerpo: S\u00ed<\/li>\n<li>Material: Aluminio<\/li>\n<\/ul>\n","protected":false},"excerpt":{"rendered":"<p>REAR ASSETS MULITCOLOR HEART S Liviano y cromados anales juguete dise\u00f1ados para la excitaci\u00f3n visual y sensual. Fabricados en aluminio<\/p>\n","protected":false},"featured_media":17366,"comment_status":"open","ping_status":"open","template":"","meta":[],"product_cat":[464],"product_tag":[666,902],"class_list":["post-17365","product","type-product","status-publish","has-post-thumbnail","hentry","product_cat-metal-plugs","product_tag-nsnovelties","product_tag-rear-assets"],"bundled_by":[],"bundle_stock_status":"outofstock","bundle_stock_quantity":0,"bundle_virtual":false,"bundle_layout":"","bundle_add_to_cart_form_location":"","bundle_editable_in_cart":false,"bundle_sold_individually_context":"","bundle_item_grouping":"","bundle_min_size":"","bundle_max_size":"","bundled_items":[],"yoast_head":"<!-- This site is optimized with the Yoast SEO plugin v20.6 - https:\/\/yoast.com\/wordpress\/plugins\/seo\/ -->\n<title>PLUG CORAZON PEQUE\u00d1O - REAR ASSETS MULTICOLOR - Tienda Er\u00f3tica<\/title>\n<meta name=\"robots\" content=\"noindex, follow, max-snippet:-1, max-image-preview:large, max-video-preview:-1\" \/>\n<meta property=\"og:locale\" content=\"es_ES\" \/>\n<meta property=\"og:type\" content=\"article\" \/>\n<meta property=\"og:title\" content=\"PLUG CORAZON PEQUE\u00d1O - REAR ASSETS MULTICOLOR - Tienda Er\u00f3tica\" \/>\n<meta property=\"og:description\" content=\"REAR ASSETS MULITCOLOR HEART S Liviano y cromados anales juguete dise\u00f1ados para la excitaci\u00f3n visual y sensual. Fabricados en aluminio\" \/>\n<meta property=\"og:url\" content=\"https:\/\/demoweb.info\/sexshop001\/producto\/plug-corazon-pequeno-rear-assets-multicolor\/\" \/>\n<meta property=\"og:site_name\" content=\"Tienda Er\u00f3tica\" \/>\n<meta property=\"article:modified_time\" content=\"2022-01-22T09:44:21+00:00\" \/>\n<meta property=\"og:image\" content=\"https:\/\/demoweb.info\/sexshop001\/wp-content\/uploads\/2022\/01\/PLUG-CORAZON-PEQUENO-REAR-ASSETS-MULTICOLOR.jpg\" \/>\n\t<meta property=\"og:image:width\" content=\"550\" \/>\n\t<meta property=\"og:image:height\" content=\"550\" \/>\n\t<meta property=\"og:image:type\" content=\"image\/jpeg\" \/>\n<meta name=\"twitter:card\" content=\"summary_large_image\" \/>\n<script type=\"application\/ld+json\" class=\"yoast-schema-graph\">{\"@context\":\"https:\/\/schema.org\",\"@graph\":[{\"@type\":\"WebPage\",\"@id\":\"https:\/\/demoweb.info\/sexshop001\/producto\/plug-corazon-pequeno-rear-assets-multicolor\/\",\"url\":\"https:\/\/demoweb.info\/sexshop001\/producto\/plug-corazon-pequeno-rear-assets-multicolor\/\",\"name\":\"PLUG CORAZON PEQUE\u00d1O - REAR ASSETS MULTICOLOR - Tienda Er\u00f3tica\",\"isPartOf\":{\"@id\":\"https:\/\/demoweb.info\/sexshop001\/#website\"},\"datePublished\":\"2022-01-22T09:44:08+00:00\",\"dateModified\":\"2022-01-22T09:44:21+00:00\",\"breadcrumb\":{\"@id\":\"https:\/\/demoweb.info\/sexshop001\/producto\/plug-corazon-pequeno-rear-assets-multicolor\/#breadcrumb\"},\"inLanguage\":\"es\",\"potentialAction\":[{\"@type\":\"ReadAction\",\"target\":[\"https:\/\/demoweb.info\/sexshop001\/producto\/plug-corazon-pequeno-rear-assets-multicolor\/\"]}]},{\"@type\":\"BreadcrumbList\",\"@id\":\"https:\/\/demoweb.info\/sexshop001\/producto\/plug-corazon-pequeno-rear-assets-multicolor\/#breadcrumb\",\"itemListElement\":[{\"@type\":\"ListItem\",\"position\":1,\"name\":\"Portada\",\"item\":\"https:\/\/demoweb.info\/sexshop001\/\"},{\"@type\":\"ListItem\",\"position\":2,\"name\":\"Tienda\",\"item\":\"https:\/\/demoweb.info\/sexshop001\/tienda\/\"},{\"@type\":\"ListItem\",\"position\":3,\"name\":\"PLUG CORAZON PEQUE\u00d1O &#8211; REAR ASSETS MULTICOLOR\"}]},{\"@type\":\"WebSite\",\"@id\":\"https:\/\/demoweb.info\/sexshop001\/#website\",\"url\":\"https:\/\/demoweb.info\/sexshop001\/\",\"name\":\"Tienda Er\u00f3tica\",\"description\":\"DEMOWEB SL\",\"potentialAction\":[{\"@type\":\"SearchAction\",\"target\":{\"@type\":\"EntryPoint\",\"urlTemplate\":\"https:\/\/demoweb.info\/sexshop001\/?s={search_term_string}\"},\"query-input\":\"required name=search_term_string\"}],\"inLanguage\":\"es\"}]}<\/script>\n<!-- \/ Yoast SEO plugin. -->","yoast_head_json":{"title":"PLUG CORAZON PEQUE\u00d1O - REAR ASSETS MULTICOLOR - Tienda Er\u00f3tica","robots":{"index":"noindex","follow":"follow","max-snippet":"max-snippet:-1","max-image-preview":"max-image-preview:large","max-video-preview":"max-video-preview:-1"},"og_locale":"es_ES","og_type":"article","og_title":"PLUG CORAZON PEQUE\u00d1O - REAR ASSETS MULTICOLOR - Tienda Er\u00f3tica","og_description":"REAR ASSETS MULITCOLOR HEART S Liviano y cromados anales juguete dise\u00f1ados para la excitaci\u00f3n visual y sensual. Fabricados en aluminio","og_url":"https:\/\/demoweb.info\/sexshop001\/producto\/plug-corazon-pequeno-rear-assets-multicolor\/","og_site_name":"Tienda Er\u00f3tica","article_modified_time":"2022-01-22T09:44:21+00:00","og_image":[{"width":550,"height":550,"url":"https:\/\/demoweb.info\/sexshop001\/wp-content\/uploads\/2022\/01\/PLUG-CORAZON-PEQUENO-REAR-ASSETS-MULTICOLOR.jpg","type":"image\/jpeg"}],"twitter_card":"summary_large_image","schema":{"@context":"https:\/\/schema.org","@graph":[{"@type":"WebPage","@id":"https:\/\/demoweb.info\/sexshop001\/producto\/plug-corazon-pequeno-rear-assets-multicolor\/","url":"https:\/\/demoweb.info\/sexshop001\/producto\/plug-corazon-pequeno-rear-assets-multicolor\/","name":"PLUG CORAZON PEQUE\u00d1O - REAR ASSETS MULTICOLOR - Tienda Er\u00f3tica","isPartOf":{"@id":"https:\/\/demoweb.info\/sexshop001\/#website"},"datePublished":"2022-01-22T09:44:08+00:00","dateModified":"2022-01-22T09:44:21+00:00","breadcrumb":{"@id":"https:\/\/demoweb.info\/sexshop001\/producto\/plug-corazon-pequeno-rear-assets-multicolor\/#breadcrumb"},"inLanguage":"es","potentialAction":[{"@type":"ReadAction","target":["https:\/\/demoweb.info\/sexshop001\/producto\/plug-corazon-pequeno-rear-assets-multicolor\/"]}]},{"@type":"BreadcrumbList","@id":"https:\/\/demoweb.info\/sexshop001\/producto\/plug-corazon-pequeno-rear-assets-multicolor\/#breadcrumb","itemListElement":[{"@type":"ListItem","position":1,"name":"Portada","item":"https:\/\/demoweb.info\/sexshop001\/"},{"@type":"ListItem","position":2,"name":"Tienda","item":"https:\/\/demoweb.info\/sexshop001\/tienda\/"},{"@type":"ListItem","position":3,"name":"PLUG CORAZON PEQUE\u00d1O &#8211; REAR ASSETS MULTICOLOR"}]},{"@type":"WebSite","@id":"https:\/\/demoweb.info\/sexshop001\/#website","url":"https:\/\/demoweb.info\/sexshop001\/","name":"Tienda Er\u00f3tica","description":"DEMOWEB SL","potentialAction":[{"@type":"SearchAction","target":{"@type":"EntryPoint","urlTemplate":"https:\/\/demoweb.info\/sexshop001\/?s={search_term_string}"},"query-input":"required name=search_term_string"}],"inLanguage":"es"}]}},"_links":{"self":[{"href":"https:\/\/demoweb.info\/sexshop001\/wp-json\/wp\/v3\/product\/17365","targetHints":{"allow":["GET"]}}],"collection":[{"href":"https:\/\/demoweb.info\/sexshop001\/wp-json\/wp\/v3\/product"}],"about":[{"href":"https:\/\/demoweb.info\/sexshop001\/wp-json\/wp\/v2\/types\/product"}],"replies":[{"embeddable":true,"href":"https:\/\/demoweb.info\/sexshop001\/wp-json\/wp\/v2\/comments?post=17365"}],"wp:featuredmedia":[{"embeddable":true,"href":"https:\/\/demoweb.info\/sexshop001\/wp-json\/wp\/v2\/media\/17366"}],"wp:attachment":[{"href":"https:\/\/demoweb.info\/sexshop001\/wp-json\/wp\/v2\/media?parent=17365"}],"wp:term":[{"taxonomy":"product_cat","embeddable":true,"href":"https:\/\/demoweb.info\/sexshop001\/wp-json\/wp\/v2\/product_cat?post=17365"},{"taxonomy":"product_tag","embeddable":true,"href":"https:\/\/demoweb.info\/sexshop001\/wp-json\/wp\/v2\/product_tag?post=17365"}],"curies":[{"name":"wp","href":"https:\/\/api.w.org\/{rel}","templated":true}]}}