{"id":17098,"date":"2022-01-22T10:41:41","date_gmt":"2022-01-22T09:41:41","guid":{"rendered":"https:\/\/demoweb.info\/sexshop001\/producto\/textured-ring-24-pcs\/"},"modified":"2022-01-22T10:42:10","modified_gmt":"2022-01-22T09:42:10","slug":"textured-ring-24-pcs","status":"publish","type":"product","link":"https:\/\/demoweb.info\/sexshop001\/producto\/textured-ring-24-pcs\/","title":{"rendered":"TEXTURED RING 24 PCS"},"content":{"rendered":"<p><strong>TEXTURED RING 24 PCS<\/strong><\/p>\n<p>Demu\u00e9strelo con el anillo texturizado Foil Pack (disponible en un paquete de 24). Este anillo para el pene est\u00e1 hecho con material TPE de alta calidad y seguro para el cuerpo que ofrece un ajuste el\u00e1stico y c\u00f3modo.<\/p>\n<p>El juguete para adultos tiene un di\u00e1metro de 0,5 pulgadas que es incre\u00edblemente el\u00e1stico para adaptarse a casi cualquier tama\u00f1o de miembro.<\/p>\n<p>Di\u00e1metro: 1,3 cm<\/p><\/p>\n","protected":false},"excerpt":{"rendered":"<p>TEXTURED RING 24 PCS Demu\u00e9strelo con el anillo texturizado Foil Pack (disponible en un paquete de 24). Este anillo para<\/p>\n","protected":false},"featured_media":17099,"comment_status":"open","ping_status":"open","template":"","meta":[],"product_cat":[324],"product_tag":[660,895],"class_list":["post-17098","product","type-product","status-publish","has-post-thumbnail","hentry","product_cat-kits-anillos","product_tag-calexotics","product_tag-fun-packs"],"bundled_by":[],"bundle_stock_status":"instock","bundle_stock_quantity":4,"bundle_virtual":false,"bundle_layout":"","bundle_add_to_cart_form_location":"","bundle_editable_in_cart":false,"bundle_sold_individually_context":"","bundle_item_grouping":"","bundle_min_size":"","bundle_max_size":"","bundled_items":[],"yoast_head":"<!-- This site is optimized with the Yoast SEO plugin v20.6 - https:\/\/yoast.com\/wordpress\/plugins\/seo\/ -->\n<title>TEXTURED RING 24 PCS - Tienda Er\u00f3tica<\/title>\n<meta name=\"robots\" content=\"noindex, follow, max-snippet:-1, max-image-preview:large, max-video-preview:-1\" \/>\n<meta property=\"og:locale\" content=\"es_ES\" \/>\n<meta property=\"og:type\" content=\"article\" \/>\n<meta property=\"og:title\" content=\"TEXTURED RING 24 PCS - Tienda Er\u00f3tica\" \/>\n<meta property=\"og:description\" content=\"TEXTURED RING 24 PCS Demu\u00e9strelo con el anillo texturizado Foil Pack (disponible en un paquete de 24). Este anillo para\" \/>\n<meta property=\"og:url\" content=\"https:\/\/demoweb.info\/sexshop001\/producto\/textured-ring-24-pcs\/\" \/>\n<meta property=\"og:site_name\" content=\"Tienda Er\u00f3tica\" \/>\n<meta property=\"article:modified_time\" content=\"2022-01-22T09:42:10+00:00\" \/>\n<meta property=\"og:image\" content=\"https:\/\/demoweb.info\/sexshop001\/wp-content\/uploads\/2022\/01\/TEXTURED-RING-24-PCS.jpg\" \/>\n\t<meta property=\"og:image:width\" content=\"550\" \/>\n\t<meta property=\"og:image:height\" content=\"550\" \/>\n\t<meta property=\"og:image:type\" content=\"image\/jpeg\" \/>\n<meta name=\"twitter:card\" content=\"summary_large_image\" \/>\n<script type=\"application\/ld+json\" class=\"yoast-schema-graph\">{\"@context\":\"https:\/\/schema.org\",\"@graph\":[{\"@type\":\"WebPage\",\"@id\":\"https:\/\/demoweb.info\/sexshop001\/producto\/textured-ring-24-pcs\/\",\"url\":\"https:\/\/demoweb.info\/sexshop001\/producto\/textured-ring-24-pcs\/\",\"name\":\"TEXTURED RING 24 PCS - Tienda Er\u00f3tica\",\"isPartOf\":{\"@id\":\"https:\/\/demoweb.info\/sexshop001\/#website\"},\"datePublished\":\"2022-01-22T09:41:41+00:00\",\"dateModified\":\"2022-01-22T09:42:10+00:00\",\"breadcrumb\":{\"@id\":\"https:\/\/demoweb.info\/sexshop001\/producto\/textured-ring-24-pcs\/#breadcrumb\"},\"inLanguage\":\"es\",\"potentialAction\":[{\"@type\":\"ReadAction\",\"target\":[\"https:\/\/demoweb.info\/sexshop001\/producto\/textured-ring-24-pcs\/\"]}]},{\"@type\":\"BreadcrumbList\",\"@id\":\"https:\/\/demoweb.info\/sexshop001\/producto\/textured-ring-24-pcs\/#breadcrumb\",\"itemListElement\":[{\"@type\":\"ListItem\",\"position\":1,\"name\":\"Portada\",\"item\":\"https:\/\/demoweb.info\/sexshop001\/\"},{\"@type\":\"ListItem\",\"position\":2,\"name\":\"Tienda\",\"item\":\"https:\/\/demoweb.info\/sexshop001\/tienda\/\"},{\"@type\":\"ListItem\",\"position\":3,\"name\":\"TEXTURED RING 24 PCS\"}]},{\"@type\":\"WebSite\",\"@id\":\"https:\/\/demoweb.info\/sexshop001\/#website\",\"url\":\"https:\/\/demoweb.info\/sexshop001\/\",\"name\":\"Tienda Er\u00f3tica\",\"description\":\"DEMOWEB SL\",\"potentialAction\":[{\"@type\":\"SearchAction\",\"target\":{\"@type\":\"EntryPoint\",\"urlTemplate\":\"https:\/\/demoweb.info\/sexshop001\/?s={search_term_string}\"},\"query-input\":\"required name=search_term_string\"}],\"inLanguage\":\"es\"}]}<\/script>\n<!-- \/ Yoast SEO plugin. -->","yoast_head_json":{"title":"TEXTURED RING 24 PCS - Tienda Er\u00f3tica","robots":{"index":"noindex","follow":"follow","max-snippet":"max-snippet:-1","max-image-preview":"max-image-preview:large","max-video-preview":"max-video-preview:-1"},"og_locale":"es_ES","og_type":"article","og_title":"TEXTURED RING 24 PCS - Tienda Er\u00f3tica","og_description":"TEXTURED RING 24 PCS Demu\u00e9strelo con el anillo texturizado Foil Pack (disponible en un paquete de 24). Este anillo para","og_url":"https:\/\/demoweb.info\/sexshop001\/producto\/textured-ring-24-pcs\/","og_site_name":"Tienda Er\u00f3tica","article_modified_time":"2022-01-22T09:42:10+00:00","og_image":[{"width":550,"height":550,"url":"https:\/\/demoweb.info\/sexshop001\/wp-content\/uploads\/2022\/01\/TEXTURED-RING-24-PCS.jpg","type":"image\/jpeg"}],"twitter_card":"summary_large_image","schema":{"@context":"https:\/\/schema.org","@graph":[{"@type":"WebPage","@id":"https:\/\/demoweb.info\/sexshop001\/producto\/textured-ring-24-pcs\/","url":"https:\/\/demoweb.info\/sexshop001\/producto\/textured-ring-24-pcs\/","name":"TEXTURED RING 24 PCS - Tienda Er\u00f3tica","isPartOf":{"@id":"https:\/\/demoweb.info\/sexshop001\/#website"},"datePublished":"2022-01-22T09:41:41+00:00","dateModified":"2022-01-22T09:42:10+00:00","breadcrumb":{"@id":"https:\/\/demoweb.info\/sexshop001\/producto\/textured-ring-24-pcs\/#breadcrumb"},"inLanguage":"es","potentialAction":[{"@type":"ReadAction","target":["https:\/\/demoweb.info\/sexshop001\/producto\/textured-ring-24-pcs\/"]}]},{"@type":"BreadcrumbList","@id":"https:\/\/demoweb.info\/sexshop001\/producto\/textured-ring-24-pcs\/#breadcrumb","itemListElement":[{"@type":"ListItem","position":1,"name":"Portada","item":"https:\/\/demoweb.info\/sexshop001\/"},{"@type":"ListItem","position":2,"name":"Tienda","item":"https:\/\/demoweb.info\/sexshop001\/tienda\/"},{"@type":"ListItem","position":3,"name":"TEXTURED RING 24 PCS"}]},{"@type":"WebSite","@id":"https:\/\/demoweb.info\/sexshop001\/#website","url":"https:\/\/demoweb.info\/sexshop001\/","name":"Tienda Er\u00f3tica","description":"DEMOWEB SL","potentialAction":[{"@type":"SearchAction","target":{"@type":"EntryPoint","urlTemplate":"https:\/\/demoweb.info\/sexshop001\/?s={search_term_string}"},"query-input":"required name=search_term_string"}],"inLanguage":"es"}]}},"_links":{"self":[{"href":"https:\/\/demoweb.info\/sexshop001\/wp-json\/wp\/v3\/product\/17098","targetHints":{"allow":["GET"]}}],"collection":[{"href":"https:\/\/demoweb.info\/sexshop001\/wp-json\/wp\/v3\/product"}],"about":[{"href":"https:\/\/demoweb.info\/sexshop001\/wp-json\/wp\/v2\/types\/product"}],"replies":[{"embeddable":true,"href":"https:\/\/demoweb.info\/sexshop001\/wp-json\/wp\/v2\/comments?post=17098"}],"wp:featuredmedia":[{"embeddable":true,"href":"https:\/\/demoweb.info\/sexshop001\/wp-json\/wp\/v2\/media\/17099"}],"wp:attachment":[{"href":"https:\/\/demoweb.info\/sexshop001\/wp-json\/wp\/v2\/media?parent=17098"}],"wp:term":[{"taxonomy":"product_cat","embeddable":true,"href":"https:\/\/demoweb.info\/sexshop001\/wp-json\/wp\/v2\/product_cat?post=17098"},{"taxonomy":"product_tag","embeddable":true,"href":"https:\/\/demoweb.info\/sexshop001\/wp-json\/wp\/v2\/product_tag?post=17098"}],"curies":[{"name":"wp","href":"https:\/\/api.w.org\/{rel}","templated":true}]}}