{"id":16802,"date":"2022-01-22T10:39:15","date_gmt":"2022-01-22T09:39:15","guid":{"rendered":"https:\/\/demoweb.info\/sexshop001\/producto\/anillo-silicona-link-up-ultra-soft-verge-negro\/"},"modified":"2022-01-22T10:39:46","modified_gmt":"2022-01-22T09:39:46","slug":"anillo-silicona-link-up-ultra-soft-verge-negro","status":"publish","type":"product","link":"https:\/\/demoweb.info\/sexshop001\/producto\/anillo-silicona-link-up-ultra-soft-verge-negro\/","title":{"rendered":"ANILLO SILICONA &#8211; LINK UP ULTRA &#8211; SOFT VERGE &#8211; NEGRO"},"content":{"rendered":"<p><strong>LINK UP ULTRA &#8211; SOFT VERGE &#8211; BLACK<\/strong><\/p>\n<p>Desde los t\u00edmidos principiantes hasta los expertos en erotismo, el Link Up\u2122 Ultra-Soft\u2122 Verge te envolver\u00e1 de placer con el anillo potenciador ultra lujoso y ultra el\u00e1stico.<\/p>\n<p>Este anillo para el pene, el\u00e1stico y c\u00f3modo, est\u00e1 hecho para aumentar la resistencia, mejorar la sensibilidad y ofrecer un apoyo superior a la erecci\u00f3n.<\/p>\n<p>Busca una experiencia de placer explosiva mientras el anillo de felpa aprieta con cada movimiento. La silicona Ultra-Soft\u2122 de primera calidad es segura para el cuerpo, sin perfume y sin ftalatos, para mantener tus puntos m\u00e1s sensibles, felices y saludables.<\/p>\n<p><strong>CARACTER\u00cdSTICAS<\/strong><\/p>\n<ul>\n<li>Informaci\u00f3n Adicional: \u25cf Anillo de soporte de silicona Premium Ultra-Soft\u2122 \u25cf C\u00f3modo, duradero y extremadamente el\u00e1stico \u25cf Dise\u00f1o suave para llevarte al borde del \u00e9xtasis<\/li>\n<li>Di\u00e1metro: 3,75 cm<\/li>\n<li>Modos de vibraci\u00f3n: 12<\/li>\n<li>Resistencia al agua: Impermeable<\/li>\n<li>Material: Silicona<\/li>\n<\/ul>\n","protected":false},"excerpt":{"rendered":"<p>LINK UP ULTRA &#8211; SOFT VERGE &#8211; BLACK Desde los t\u00edmidos principiantes hasta los expertos en erotismo, el Link Up\u2122<\/p>\n","protected":false},"featured_media":16803,"comment_status":"open","ping_status":"open","template":"","meta":[],"product_cat":[323],"product_tag":[660,886],"class_list":["post-16802","product","type-product","status-publish","has-post-thumbnail","hentry","product_cat-silicona-anillos","product_tag-calexotics","product_tag-link-up"],"bundled_by":[],"bundle_stock_status":"outofstock","bundle_stock_quantity":0,"bundle_virtual":false,"bundle_layout":"","bundle_add_to_cart_form_location":"","bundle_editable_in_cart":false,"bundle_sold_individually_context":"","bundle_item_grouping":"","bundle_min_size":"","bundle_max_size":"","bundled_items":[],"yoast_head":"<!-- This site is optimized with the Yoast SEO plugin v20.6 - https:\/\/yoast.com\/wordpress\/plugins\/seo\/ -->\n<title>ANILLO SILICONA - LINK UP ULTRA - SOFT VERGE - NEGRO - Tienda Er\u00f3tica<\/title>\n<meta name=\"robots\" content=\"noindex, follow, max-snippet:-1, max-image-preview:large, max-video-preview:-1\" \/>\n<meta property=\"og:locale\" content=\"es_ES\" \/>\n<meta property=\"og:type\" content=\"article\" \/>\n<meta property=\"og:title\" content=\"ANILLO SILICONA - LINK UP ULTRA - SOFT VERGE - NEGRO - Tienda Er\u00f3tica\" \/>\n<meta property=\"og:description\" content=\"LINK UP ULTRA &#8211; SOFT VERGE &#8211; BLACK Desde los t\u00edmidos principiantes hasta los expertos en erotismo, el Link Up\u2122\" \/>\n<meta property=\"og:url\" content=\"https:\/\/demoweb.info\/sexshop001\/producto\/anillo-silicona-link-up-ultra-soft-verge-negro\/\" \/>\n<meta property=\"og:site_name\" content=\"Tienda Er\u00f3tica\" \/>\n<meta property=\"article:modified_time\" content=\"2022-01-22T09:39:46+00:00\" \/>\n<meta property=\"og:image\" content=\"https:\/\/demoweb.info\/sexshop001\/wp-content\/uploads\/2022\/01\/ANILLO-SILICONA-LINK-UP-ULTRA-SOFT-VERGE-NEGRO.jpg\" \/>\n\t<meta property=\"og:image:width\" content=\"550\" \/>\n\t<meta property=\"og:image:height\" content=\"550\" \/>\n\t<meta property=\"og:image:type\" content=\"image\/jpeg\" \/>\n<meta name=\"twitter:card\" content=\"summary_large_image\" \/>\n<meta name=\"twitter:label1\" content=\"Tiempo de lectura\" \/>\n\t<meta name=\"twitter:data1\" content=\"1 minuto\" \/>\n<script type=\"application\/ld+json\" class=\"yoast-schema-graph\">{\"@context\":\"https:\/\/schema.org\",\"@graph\":[{\"@type\":\"WebPage\",\"@id\":\"https:\/\/demoweb.info\/sexshop001\/producto\/anillo-silicona-link-up-ultra-soft-verge-negro\/\",\"url\":\"https:\/\/demoweb.info\/sexshop001\/producto\/anillo-silicona-link-up-ultra-soft-verge-negro\/\",\"name\":\"ANILLO SILICONA - LINK UP ULTRA - SOFT VERGE - NEGRO - Tienda Er\u00f3tica\",\"isPartOf\":{\"@id\":\"https:\/\/demoweb.info\/sexshop001\/#website\"},\"datePublished\":\"2022-01-22T09:39:15+00:00\",\"dateModified\":\"2022-01-22T09:39:46+00:00\",\"breadcrumb\":{\"@id\":\"https:\/\/demoweb.info\/sexshop001\/producto\/anillo-silicona-link-up-ultra-soft-verge-negro\/#breadcrumb\"},\"inLanguage\":\"es\",\"potentialAction\":[{\"@type\":\"ReadAction\",\"target\":[\"https:\/\/demoweb.info\/sexshop001\/producto\/anillo-silicona-link-up-ultra-soft-verge-negro\/\"]}]},{\"@type\":\"BreadcrumbList\",\"@id\":\"https:\/\/demoweb.info\/sexshop001\/producto\/anillo-silicona-link-up-ultra-soft-verge-negro\/#breadcrumb\",\"itemListElement\":[{\"@type\":\"ListItem\",\"position\":1,\"name\":\"Portada\",\"item\":\"https:\/\/demoweb.info\/sexshop001\/\"},{\"@type\":\"ListItem\",\"position\":2,\"name\":\"Tienda\",\"item\":\"https:\/\/demoweb.info\/sexshop001\/tienda\/\"},{\"@type\":\"ListItem\",\"position\":3,\"name\":\"ANILLO SILICONA &#8211; LINK UP ULTRA &#8211; SOFT VERGE &#8211; NEGRO\"}]},{\"@type\":\"WebSite\",\"@id\":\"https:\/\/demoweb.info\/sexshop001\/#website\",\"url\":\"https:\/\/demoweb.info\/sexshop001\/\",\"name\":\"Tienda Er\u00f3tica\",\"description\":\"DEMOWEB SL\",\"potentialAction\":[{\"@type\":\"SearchAction\",\"target\":{\"@type\":\"EntryPoint\",\"urlTemplate\":\"https:\/\/demoweb.info\/sexshop001\/?s={search_term_string}\"},\"query-input\":\"required name=search_term_string\"}],\"inLanguage\":\"es\"}]}<\/script>\n<!-- \/ Yoast SEO plugin. -->","yoast_head_json":{"title":"ANILLO SILICONA - LINK UP ULTRA - SOFT VERGE - NEGRO - Tienda Er\u00f3tica","robots":{"index":"noindex","follow":"follow","max-snippet":"max-snippet:-1","max-image-preview":"max-image-preview:large","max-video-preview":"max-video-preview:-1"},"og_locale":"es_ES","og_type":"article","og_title":"ANILLO SILICONA - LINK UP ULTRA - SOFT VERGE - NEGRO - Tienda Er\u00f3tica","og_description":"LINK UP ULTRA &#8211; SOFT VERGE &#8211; BLACK Desde los t\u00edmidos principiantes hasta los expertos en erotismo, el Link Up\u2122","og_url":"https:\/\/demoweb.info\/sexshop001\/producto\/anillo-silicona-link-up-ultra-soft-verge-negro\/","og_site_name":"Tienda Er\u00f3tica","article_modified_time":"2022-01-22T09:39:46+00:00","og_image":[{"width":550,"height":550,"url":"https:\/\/demoweb.info\/sexshop001\/wp-content\/uploads\/2022\/01\/ANILLO-SILICONA-LINK-UP-ULTRA-SOFT-VERGE-NEGRO.jpg","type":"image\/jpeg"}],"twitter_card":"summary_large_image","twitter_misc":{"Tiempo de lectura":"1 minuto"},"schema":{"@context":"https:\/\/schema.org","@graph":[{"@type":"WebPage","@id":"https:\/\/demoweb.info\/sexshop001\/producto\/anillo-silicona-link-up-ultra-soft-verge-negro\/","url":"https:\/\/demoweb.info\/sexshop001\/producto\/anillo-silicona-link-up-ultra-soft-verge-negro\/","name":"ANILLO SILICONA - LINK UP ULTRA - SOFT VERGE - NEGRO - Tienda Er\u00f3tica","isPartOf":{"@id":"https:\/\/demoweb.info\/sexshop001\/#website"},"datePublished":"2022-01-22T09:39:15+00:00","dateModified":"2022-01-22T09:39:46+00:00","breadcrumb":{"@id":"https:\/\/demoweb.info\/sexshop001\/producto\/anillo-silicona-link-up-ultra-soft-verge-negro\/#breadcrumb"},"inLanguage":"es","potentialAction":[{"@type":"ReadAction","target":["https:\/\/demoweb.info\/sexshop001\/producto\/anillo-silicona-link-up-ultra-soft-verge-negro\/"]}]},{"@type":"BreadcrumbList","@id":"https:\/\/demoweb.info\/sexshop001\/producto\/anillo-silicona-link-up-ultra-soft-verge-negro\/#breadcrumb","itemListElement":[{"@type":"ListItem","position":1,"name":"Portada","item":"https:\/\/demoweb.info\/sexshop001\/"},{"@type":"ListItem","position":2,"name":"Tienda","item":"https:\/\/demoweb.info\/sexshop001\/tienda\/"},{"@type":"ListItem","position":3,"name":"ANILLO SILICONA &#8211; LINK UP ULTRA &#8211; SOFT VERGE &#8211; NEGRO"}]},{"@type":"WebSite","@id":"https:\/\/demoweb.info\/sexshop001\/#website","url":"https:\/\/demoweb.info\/sexshop001\/","name":"Tienda Er\u00f3tica","description":"DEMOWEB SL","potentialAction":[{"@type":"SearchAction","target":{"@type":"EntryPoint","urlTemplate":"https:\/\/demoweb.info\/sexshop001\/?s={search_term_string}"},"query-input":"required name=search_term_string"}],"inLanguage":"es"}]}},"_links":{"self":[{"href":"https:\/\/demoweb.info\/sexshop001\/wp-json\/wp\/v3\/product\/16802","targetHints":{"allow":["GET"]}}],"collection":[{"href":"https:\/\/demoweb.info\/sexshop001\/wp-json\/wp\/v3\/product"}],"about":[{"href":"https:\/\/demoweb.info\/sexshop001\/wp-json\/wp\/v2\/types\/product"}],"replies":[{"embeddable":true,"href":"https:\/\/demoweb.info\/sexshop001\/wp-json\/wp\/v2\/comments?post=16802"}],"wp:featuredmedia":[{"embeddable":true,"href":"https:\/\/demoweb.info\/sexshop001\/wp-json\/wp\/v2\/media\/16803"}],"wp:attachment":[{"href":"https:\/\/demoweb.info\/sexshop001\/wp-json\/wp\/v2\/media?parent=16802"}],"wp:term":[{"taxonomy":"product_cat","embeddable":true,"href":"https:\/\/demoweb.info\/sexshop001\/wp-json\/wp\/v2\/product_cat?post=16802"},{"taxonomy":"product_tag","embeddable":true,"href":"https:\/\/demoweb.info\/sexshop001\/wp-json\/wp\/v2\/product_tag?post=16802"}],"curies":[{"name":"wp","href":"https:\/\/api.w.org\/{rel}","templated":true}]}}