{"id":16659,"date":"2022-01-22T10:38:27","date_gmt":"2022-01-22T09:38:27","guid":{"rendered":"https:\/\/demoweb.info\/sexshop001\/producto\/pinzas-recargables-para-pezones-morado\/"},"modified":"2022-01-22T10:38:40","modified_gmt":"2022-01-22T09:38:40","slug":"pinzas-recargables-para-pezones-morado","status":"publish","type":"product","link":"https:\/\/demoweb.info\/sexshop001\/producto\/pinzas-recargables-para-pezones-morado\/","title":{"rendered":"PINZAS RECARGABLES PARA PEZONES &#8211; MORADO"},"content":{"rendered":"<p><strong>RECHARGEABLE NIPPLETTES &#8211; PURPLE<\/strong><\/p>\n<p>Difumina a\u00fan m\u00e1s las fronteras entre el placer y el dolor con las revolucionarias pinzas recargables Nipple Play. Este atrevido juego de pinzas para pezones de dise\u00f1o cuenta con 12 funciones de vibraci\u00f3n controladas de forma independiente, pinzas totalmente ajustables y bater\u00eda recargable por USB.<\/p>\n<p>Sujeta estas pinzas multiusos a tu cuerpo y disfruta de cada est\u00edmulo a medida que vas pasando por las potentes funciones de vibraci\u00f3n con s\u00f3lo pulsar un bot\u00f3n. A medida que la tensi\u00f3n se va intensificando, los cosquilleos se intensifican con cada pulsaci\u00f3n del bot\u00f3n para conseguir lo \u00faltimo en juguetes de estimulaci\u00f3n de pezones.<\/p>\n<p>Mientras las vibraciones cosquilleantes provocan los sentidos, las pinzas totalmente ajustables te permiten controlar la delgada l\u00ednea entre el placer y el dolor para una experiencia pecaminosamente excitante.<\/p>\n<p>Un \u00fanico bot\u00f3n t\u00e1ctil controla hasta 45 minutos de placer vibratorio. Recarga tu placer en s\u00f3lo 1 hora con el cable USB de doble carga en el puerto de carga autosellante.<\/p>\n<p>Ll\u00e9vate el placer a todas partes con la funci\u00f3n de bloqueo de viaje, simplemente mant\u00e9n pulsado el bot\u00f3n de encendido durante 3 segundos para encender o apagar.<\/p>\n<p><strong>CARACTER\u00cdSTICAS<\/strong><\/p>\n<ul>\n<li>Vibraci\u00f3n: S\u00ed<\/li>\n<li>Modos de vibraci\u00f3n: 12<\/li>\n<li>Resistencia al agua: Impermeable<\/li>\n<li>Material ABS con revestimiento de PU | Silicona<\/li>\n<li>Carga por USB<\/li>\n<li>Pilas incluidas: S\u00ed<\/li>\n<\/ul>\n","protected":false},"excerpt":{"rendered":"<p>RECHARGEABLE NIPPLETTES &#8211; PURPLE Difumina a\u00fan m\u00e1s las fronteras entre el placer y el dolor con las revolucionarias pinzas recargables<\/p>\n","protected":false},"featured_media":16660,"comment_status":"open","ping_status":"open","template":"","meta":[],"product_cat":[705],"product_tag":[660,882],"class_list":["post-16659","product","type-product","status-publish","has-post-thumbnail","hentry","product_cat-con-vibracion-pinzas-pezones","product_tag-calexotics","product_tag-nipple-play"],"bundled_by":[],"bundle_stock_status":"instock","bundle_stock_quantity":1,"bundle_virtual":false,"bundle_layout":"","bundle_add_to_cart_form_location":"","bundle_editable_in_cart":false,"bundle_sold_individually_context":"","bundle_item_grouping":"","bundle_min_size":"","bundle_max_size":"","bundled_items":[],"yoast_head":"<!-- This site is optimized with the Yoast SEO plugin v20.6 - https:\/\/yoast.com\/wordpress\/plugins\/seo\/ -->\n<title>PINZAS RECARGABLES PARA PEZONES - MORADO - Tienda Er\u00f3tica<\/title>\n<meta name=\"robots\" content=\"noindex, follow, max-snippet:-1, max-image-preview:large, max-video-preview:-1\" \/>\n<meta property=\"og:locale\" content=\"es_ES\" \/>\n<meta property=\"og:type\" content=\"article\" \/>\n<meta property=\"og:title\" content=\"PINZAS RECARGABLES PARA PEZONES - MORADO - Tienda Er\u00f3tica\" \/>\n<meta property=\"og:description\" content=\"RECHARGEABLE NIPPLETTES &#8211; PURPLE Difumina a\u00fan m\u00e1s las fronteras entre el placer y el dolor con las revolucionarias pinzas recargables\" \/>\n<meta property=\"og:url\" content=\"https:\/\/demoweb.info\/sexshop001\/producto\/pinzas-recargables-para-pezones-morado\/\" \/>\n<meta property=\"og:site_name\" content=\"Tienda Er\u00f3tica\" \/>\n<meta property=\"article:modified_time\" content=\"2022-01-22T09:38:40+00:00\" \/>\n<meta property=\"og:image\" content=\"https:\/\/demoweb.info\/sexshop001\/wp-content\/uploads\/2022\/01\/PINZAS-RECARGABLES-PARA-PEZONES-MORADO.jpg\" \/>\n\t<meta property=\"og:image:width\" content=\"550\" \/>\n\t<meta property=\"og:image:height\" content=\"550\" \/>\n\t<meta property=\"og:image:type\" content=\"image\/jpeg\" \/>\n<meta name=\"twitter:card\" content=\"summary_large_image\" \/>\n<meta name=\"twitter:label1\" content=\"Tiempo de lectura\" \/>\n\t<meta name=\"twitter:data1\" content=\"1 minuto\" \/>\n<script type=\"application\/ld+json\" class=\"yoast-schema-graph\">{\"@context\":\"https:\/\/schema.org\",\"@graph\":[{\"@type\":\"WebPage\",\"@id\":\"https:\/\/demoweb.info\/sexshop001\/producto\/pinzas-recargables-para-pezones-morado\/\",\"url\":\"https:\/\/demoweb.info\/sexshop001\/producto\/pinzas-recargables-para-pezones-morado\/\",\"name\":\"PINZAS RECARGABLES PARA PEZONES - MORADO - Tienda Er\u00f3tica\",\"isPartOf\":{\"@id\":\"https:\/\/demoweb.info\/sexshop001\/#website\"},\"datePublished\":\"2022-01-22T09:38:27+00:00\",\"dateModified\":\"2022-01-22T09:38:40+00:00\",\"breadcrumb\":{\"@id\":\"https:\/\/demoweb.info\/sexshop001\/producto\/pinzas-recargables-para-pezones-morado\/#breadcrumb\"},\"inLanguage\":\"es\",\"potentialAction\":[{\"@type\":\"ReadAction\",\"target\":[\"https:\/\/demoweb.info\/sexshop001\/producto\/pinzas-recargables-para-pezones-morado\/\"]}]},{\"@type\":\"BreadcrumbList\",\"@id\":\"https:\/\/demoweb.info\/sexshop001\/producto\/pinzas-recargables-para-pezones-morado\/#breadcrumb\",\"itemListElement\":[{\"@type\":\"ListItem\",\"position\":1,\"name\":\"Portada\",\"item\":\"https:\/\/demoweb.info\/sexshop001\/\"},{\"@type\":\"ListItem\",\"position\":2,\"name\":\"Tienda\",\"item\":\"https:\/\/demoweb.info\/sexshop001\/tienda\/\"},{\"@type\":\"ListItem\",\"position\":3,\"name\":\"PINZAS RECARGABLES PARA PEZONES &#8211; MORADO\"}]},{\"@type\":\"WebSite\",\"@id\":\"https:\/\/demoweb.info\/sexshop001\/#website\",\"url\":\"https:\/\/demoweb.info\/sexshop001\/\",\"name\":\"Tienda Er\u00f3tica\",\"description\":\"DEMOWEB SL\",\"potentialAction\":[{\"@type\":\"SearchAction\",\"target\":{\"@type\":\"EntryPoint\",\"urlTemplate\":\"https:\/\/demoweb.info\/sexshop001\/?s={search_term_string}\"},\"query-input\":\"required name=search_term_string\"}],\"inLanguage\":\"es\"}]}<\/script>\n<!-- \/ Yoast SEO plugin. -->","yoast_head_json":{"title":"PINZAS RECARGABLES PARA PEZONES - MORADO - Tienda Er\u00f3tica","robots":{"index":"noindex","follow":"follow","max-snippet":"max-snippet:-1","max-image-preview":"max-image-preview:large","max-video-preview":"max-video-preview:-1"},"og_locale":"es_ES","og_type":"article","og_title":"PINZAS RECARGABLES PARA PEZONES - MORADO - Tienda Er\u00f3tica","og_description":"RECHARGEABLE NIPPLETTES &#8211; PURPLE Difumina a\u00fan m\u00e1s las fronteras entre el placer y el dolor con las revolucionarias pinzas recargables","og_url":"https:\/\/demoweb.info\/sexshop001\/producto\/pinzas-recargables-para-pezones-morado\/","og_site_name":"Tienda Er\u00f3tica","article_modified_time":"2022-01-22T09:38:40+00:00","og_image":[{"width":550,"height":550,"url":"https:\/\/demoweb.info\/sexshop001\/wp-content\/uploads\/2022\/01\/PINZAS-RECARGABLES-PARA-PEZONES-MORADO.jpg","type":"image\/jpeg"}],"twitter_card":"summary_large_image","twitter_misc":{"Tiempo de lectura":"1 minuto"},"schema":{"@context":"https:\/\/schema.org","@graph":[{"@type":"WebPage","@id":"https:\/\/demoweb.info\/sexshop001\/producto\/pinzas-recargables-para-pezones-morado\/","url":"https:\/\/demoweb.info\/sexshop001\/producto\/pinzas-recargables-para-pezones-morado\/","name":"PINZAS RECARGABLES PARA PEZONES - MORADO - Tienda Er\u00f3tica","isPartOf":{"@id":"https:\/\/demoweb.info\/sexshop001\/#website"},"datePublished":"2022-01-22T09:38:27+00:00","dateModified":"2022-01-22T09:38:40+00:00","breadcrumb":{"@id":"https:\/\/demoweb.info\/sexshop001\/producto\/pinzas-recargables-para-pezones-morado\/#breadcrumb"},"inLanguage":"es","potentialAction":[{"@type":"ReadAction","target":["https:\/\/demoweb.info\/sexshop001\/producto\/pinzas-recargables-para-pezones-morado\/"]}]},{"@type":"BreadcrumbList","@id":"https:\/\/demoweb.info\/sexshop001\/producto\/pinzas-recargables-para-pezones-morado\/#breadcrumb","itemListElement":[{"@type":"ListItem","position":1,"name":"Portada","item":"https:\/\/demoweb.info\/sexshop001\/"},{"@type":"ListItem","position":2,"name":"Tienda","item":"https:\/\/demoweb.info\/sexshop001\/tienda\/"},{"@type":"ListItem","position":3,"name":"PINZAS RECARGABLES PARA PEZONES &#8211; MORADO"}]},{"@type":"WebSite","@id":"https:\/\/demoweb.info\/sexshop001\/#website","url":"https:\/\/demoweb.info\/sexshop001\/","name":"Tienda Er\u00f3tica","description":"DEMOWEB SL","potentialAction":[{"@type":"SearchAction","target":{"@type":"EntryPoint","urlTemplate":"https:\/\/demoweb.info\/sexshop001\/?s={search_term_string}"},"query-input":"required name=search_term_string"}],"inLanguage":"es"}]}},"_links":{"self":[{"href":"https:\/\/demoweb.info\/sexshop001\/wp-json\/wp\/v3\/product\/16659","targetHints":{"allow":["GET"]}}],"collection":[{"href":"https:\/\/demoweb.info\/sexshop001\/wp-json\/wp\/v3\/product"}],"about":[{"href":"https:\/\/demoweb.info\/sexshop001\/wp-json\/wp\/v2\/types\/product"}],"replies":[{"embeddable":true,"href":"https:\/\/demoweb.info\/sexshop001\/wp-json\/wp\/v2\/comments?post=16659"}],"wp:featuredmedia":[{"embeddable":true,"href":"https:\/\/demoweb.info\/sexshop001\/wp-json\/wp\/v2\/media\/16660"}],"wp:attachment":[{"href":"https:\/\/demoweb.info\/sexshop001\/wp-json\/wp\/v2\/media?parent=16659"}],"wp:term":[{"taxonomy":"product_cat","embeddable":true,"href":"https:\/\/demoweb.info\/sexshop001\/wp-json\/wp\/v2\/product_cat?post=16659"},{"taxonomy":"product_tag","embeddable":true,"href":"https:\/\/demoweb.info\/sexshop001\/wp-json\/wp\/v2\/product_tag?post=16659"}],"curies":[{"name":"wp","href":"https:\/\/api.w.org\/{rel}","templated":true}]}}