{"id":16617,"date":"2022-01-22T10:37:39","date_gmt":"2022-01-22T09:37:39","guid":{"rendered":"https:\/\/demoweb.info\/sexshop001\/producto\/vibrador-heated-ultra-soft-rabbit-coral\/"},"modified":"2022-01-22T10:38:19","modified_gmt":"2022-01-22T09:38:19","slug":"vibrador-heated-ultra-soft-rabbit-coral","status":"publish","type":"product","link":"https:\/\/demoweb.info\/sexshop001\/producto\/vibrador-heated-ultra-soft-rabbit-coral\/","title":{"rendered":"VIBRADOR HEATED ULTRA SOFT RABBIT &#8211; CORAL"},"content":{"rendered":"<p><strong>HEATED ULTRA &#8211; SOFT RABBIT &#8211; RED<\/strong><\/p>\n<p>Despu\u00e9s de m\u00e1s de 30 a\u00f1os de placer, Jack Rabbit\u00ae ha creado su vibrador m\u00e1s lujoso. El Heated Silicone Ultra-Soft\u2122 Rabbit es un vibrador de silicona Ultra-Soft\u2122 de primera calidad con 7 funciones independientes de vibraci\u00f3n en el eje y en el excitador y un elemento calefactor \u00fanico en su g\u00e9nero.<\/p>\n<p>El conejo encantador y el eje parpadean independientemente al ritmo de 7 emocionantes funciones de vibraci\u00f3n para provocar, complacer y tentar. Este conejo \u00fanico en su g\u00e9nero sabe c\u00f3mo subir el calor en el dormitorio con un elemento calefactor \u00fanico que puede alcanzar los 131\u00b0 F (55\u00b0 F) en s\u00f3lo 4 minutos.<\/p>\n<p>La silicona Ultra-Soft\u2122 utilizada en todo el eje de este potente masajeador est\u00e1 aqu\u00ed para calmarte con una superficie acanalada ultra suave. Un conejo sensualmente contorneado y un eje regordete son magn\u00edficos para acariciar los puntos de placer internos y externos.<\/p>\n<p>Tanto si te das un chapuz\u00f3n con un amante como si te entregas a una t\u00f3rrida sesi\u00f3n en solitario, disfruta de hasta 70 minutos de vibraci\u00f3n resistente al agua.<\/p>\n<p>Recarga el placer y vuelve a jugar en s\u00f3lo 2 horas con el cable USB suministrado.<\/p>\n<p><strong>CARACTER\u00cdSTICAS<\/strong><\/p>\n<ul>\n<li>Informaci\u00f3n Adicional: \u25cf \u00a1Nuestro Jack Rabbit\u00ae m\u00e1s premium de la historia! \u25cf Incre\u00edble conejo calentado que alcanza una temperatura m\u00e1xima de 131 \u00b0F\/55 \u00b0C en s\u00f3lo 4 minutos \u25cf Silicona dual ultra suave\u2122 y acogedora \u25cf Acci\u00f3n vibratoria superior con crestas sensuales m\u00e1s orejas de conejo parpadeantes calefactadas \u25cf 7 potentes funciones de vibraci\u00f3n, pulsaci\u00f3n y escalada en el eje \u25cf 7 funciones de vibraci\u00f3n, pulsaci\u00f3n y escalada independientes en el conejo \u25cf Elemento calefactor controlado independientemente \u25cf Controles f\u00e1ciles de pulsar con funci\u00f3n de bloqueo de viaje de seguridad y luces LED \u25cf Recargable por USB &#8211; cable de carga incluido.<\/li>\n<li>Longitud total: 21,5 cm<\/li>\n<li>Di\u00e1metro: 3,75 cm<\/li>\n<li>Longitud insertable: 12.75 cm<\/li>\n<li>Vibrando: Si<\/li>\n<li>Modos de vibraci\u00f3n: 7<\/li>\n<li>Modos de velocidad: 7<\/li>\n<li>Resistencia al agua: Impermeable<\/li>\n<li>Material: Silicona (masajeador, botones) ABS con ba\u00f1o de oro (decoraci\u00f3n)<\/li>\n<li>Carga: USB<\/li>\n<li>Bater\u00edas incluidas: Si<\/li>\n<li>Tiempo de carga en minutos: 120<\/li>\n<li>Tiempo de funcionamiento en minutos: 60<\/li>\n<li>Calienta: Si<\/li>\n<\/ul>\n","protected":false},"excerpt":{"rendered":"<p>HEATED ULTRA &#8211; SOFT RABBIT &#8211; RED Despu\u00e9s de m\u00e1s de 30 a\u00f1os de placer, Jack Rabbit\u00ae ha creado su<\/p>\n","protected":false},"featured_media":16618,"comment_status":"open","ping_status":"open","template":"","meta":[],"product_cat":[434],"product_tag":[660,880],"class_list":["post-16617","product","type-product","status-publish","has-post-thumbnail","hentry","product_cat-doble-estimulacion-vibradores-juguetes-xxx","product_tag-calexotics","product_tag-jack-rabbit"],"bundled_by":[],"bundle_stock_status":"instock","bundle_stock_quantity":1,"bundle_virtual":false,"bundle_layout":"","bundle_add_to_cart_form_location":"","bundle_editable_in_cart":false,"bundle_sold_individually_context":"","bundle_item_grouping":"","bundle_min_size":"","bundle_max_size":"","bundled_items":[],"yoast_head":"<!-- This site is optimized with the Yoast SEO plugin v20.6 - https:\/\/yoast.com\/wordpress\/plugins\/seo\/ -->\n<title>VIBRADOR HEATED ULTRA SOFT RABBIT - CORAL - Tienda Er\u00f3tica<\/title>\n<meta name=\"robots\" content=\"noindex, follow, max-snippet:-1, max-image-preview:large, max-video-preview:-1\" \/>\n<meta property=\"og:locale\" content=\"es_ES\" \/>\n<meta property=\"og:type\" content=\"article\" \/>\n<meta property=\"og:title\" content=\"VIBRADOR HEATED ULTRA SOFT RABBIT - CORAL - Tienda Er\u00f3tica\" \/>\n<meta property=\"og:description\" content=\"HEATED ULTRA &#8211; SOFT RABBIT &#8211; RED Despu\u00e9s de m\u00e1s de 30 a\u00f1os de placer, Jack Rabbit\u00ae ha creado su\" \/>\n<meta property=\"og:url\" content=\"https:\/\/demoweb.info\/sexshop001\/producto\/vibrador-heated-ultra-soft-rabbit-coral\/\" \/>\n<meta property=\"og:site_name\" content=\"Tienda Er\u00f3tica\" \/>\n<meta property=\"article:modified_time\" content=\"2022-01-22T09:38:19+00:00\" \/>\n<meta property=\"og:image\" content=\"https:\/\/demoweb.info\/sexshop001\/wp-content\/uploads\/2022\/01\/VIBRADOR-HEATED-ULTRA-SOFT-RABBIT-CORAL.jpg\" \/>\n\t<meta property=\"og:image:width\" content=\"550\" \/>\n\t<meta property=\"og:image:height\" content=\"550\" \/>\n\t<meta property=\"og:image:type\" content=\"image\/jpeg\" \/>\n<meta name=\"twitter:card\" content=\"summary_large_image\" \/>\n<meta name=\"twitter:label1\" content=\"Tiempo de lectura\" \/>\n\t<meta name=\"twitter:data1\" content=\"2 minutos\" \/>\n<script type=\"application\/ld+json\" class=\"yoast-schema-graph\">{\"@context\":\"https:\/\/schema.org\",\"@graph\":[{\"@type\":\"WebPage\",\"@id\":\"https:\/\/demoweb.info\/sexshop001\/producto\/vibrador-heated-ultra-soft-rabbit-coral\/\",\"url\":\"https:\/\/demoweb.info\/sexshop001\/producto\/vibrador-heated-ultra-soft-rabbit-coral\/\",\"name\":\"VIBRADOR HEATED ULTRA SOFT RABBIT - CORAL - Tienda Er\u00f3tica\",\"isPartOf\":{\"@id\":\"https:\/\/demoweb.info\/sexshop001\/#website\"},\"datePublished\":\"2022-01-22T09:37:39+00:00\",\"dateModified\":\"2022-01-22T09:38:19+00:00\",\"breadcrumb\":{\"@id\":\"https:\/\/demoweb.info\/sexshop001\/producto\/vibrador-heated-ultra-soft-rabbit-coral\/#breadcrumb\"},\"inLanguage\":\"es\",\"potentialAction\":[{\"@type\":\"ReadAction\",\"target\":[\"https:\/\/demoweb.info\/sexshop001\/producto\/vibrador-heated-ultra-soft-rabbit-coral\/\"]}]},{\"@type\":\"BreadcrumbList\",\"@id\":\"https:\/\/demoweb.info\/sexshop001\/producto\/vibrador-heated-ultra-soft-rabbit-coral\/#breadcrumb\",\"itemListElement\":[{\"@type\":\"ListItem\",\"position\":1,\"name\":\"Portada\",\"item\":\"https:\/\/demoweb.info\/sexshop001\/\"},{\"@type\":\"ListItem\",\"position\":2,\"name\":\"Tienda\",\"item\":\"https:\/\/demoweb.info\/sexshop001\/tienda\/\"},{\"@type\":\"ListItem\",\"position\":3,\"name\":\"VIBRADOR HEATED ULTRA SOFT RABBIT &#8211; CORAL\"}]},{\"@type\":\"WebSite\",\"@id\":\"https:\/\/demoweb.info\/sexshop001\/#website\",\"url\":\"https:\/\/demoweb.info\/sexshop001\/\",\"name\":\"Tienda Er\u00f3tica\",\"description\":\"DEMOWEB SL\",\"potentialAction\":[{\"@type\":\"SearchAction\",\"target\":{\"@type\":\"EntryPoint\",\"urlTemplate\":\"https:\/\/demoweb.info\/sexshop001\/?s={search_term_string}\"},\"query-input\":\"required name=search_term_string\"}],\"inLanguage\":\"es\"}]}<\/script>\n<!-- \/ Yoast SEO plugin. -->","yoast_head_json":{"title":"VIBRADOR HEATED ULTRA SOFT RABBIT - CORAL - Tienda Er\u00f3tica","robots":{"index":"noindex","follow":"follow","max-snippet":"max-snippet:-1","max-image-preview":"max-image-preview:large","max-video-preview":"max-video-preview:-1"},"og_locale":"es_ES","og_type":"article","og_title":"VIBRADOR HEATED ULTRA SOFT RABBIT - CORAL - Tienda Er\u00f3tica","og_description":"HEATED ULTRA &#8211; SOFT RABBIT &#8211; RED Despu\u00e9s de m\u00e1s de 30 a\u00f1os de placer, Jack Rabbit\u00ae ha creado su","og_url":"https:\/\/demoweb.info\/sexshop001\/producto\/vibrador-heated-ultra-soft-rabbit-coral\/","og_site_name":"Tienda Er\u00f3tica","article_modified_time":"2022-01-22T09:38:19+00:00","og_image":[{"width":550,"height":550,"url":"https:\/\/demoweb.info\/sexshop001\/wp-content\/uploads\/2022\/01\/VIBRADOR-HEATED-ULTRA-SOFT-RABBIT-CORAL.jpg","type":"image\/jpeg"}],"twitter_card":"summary_large_image","twitter_misc":{"Tiempo de lectura":"2 minutos"},"schema":{"@context":"https:\/\/schema.org","@graph":[{"@type":"WebPage","@id":"https:\/\/demoweb.info\/sexshop001\/producto\/vibrador-heated-ultra-soft-rabbit-coral\/","url":"https:\/\/demoweb.info\/sexshop001\/producto\/vibrador-heated-ultra-soft-rabbit-coral\/","name":"VIBRADOR HEATED ULTRA SOFT RABBIT - CORAL - Tienda Er\u00f3tica","isPartOf":{"@id":"https:\/\/demoweb.info\/sexshop001\/#website"},"datePublished":"2022-01-22T09:37:39+00:00","dateModified":"2022-01-22T09:38:19+00:00","breadcrumb":{"@id":"https:\/\/demoweb.info\/sexshop001\/producto\/vibrador-heated-ultra-soft-rabbit-coral\/#breadcrumb"},"inLanguage":"es","potentialAction":[{"@type":"ReadAction","target":["https:\/\/demoweb.info\/sexshop001\/producto\/vibrador-heated-ultra-soft-rabbit-coral\/"]}]},{"@type":"BreadcrumbList","@id":"https:\/\/demoweb.info\/sexshop001\/producto\/vibrador-heated-ultra-soft-rabbit-coral\/#breadcrumb","itemListElement":[{"@type":"ListItem","position":1,"name":"Portada","item":"https:\/\/demoweb.info\/sexshop001\/"},{"@type":"ListItem","position":2,"name":"Tienda","item":"https:\/\/demoweb.info\/sexshop001\/tienda\/"},{"@type":"ListItem","position":3,"name":"VIBRADOR HEATED ULTRA SOFT RABBIT &#8211; CORAL"}]},{"@type":"WebSite","@id":"https:\/\/demoweb.info\/sexshop001\/#website","url":"https:\/\/demoweb.info\/sexshop001\/","name":"Tienda Er\u00f3tica","description":"DEMOWEB SL","potentialAction":[{"@type":"SearchAction","target":{"@type":"EntryPoint","urlTemplate":"https:\/\/demoweb.info\/sexshop001\/?s={search_term_string}"},"query-input":"required name=search_term_string"}],"inLanguage":"es"}]}},"_links":{"self":[{"href":"https:\/\/demoweb.info\/sexshop001\/wp-json\/wp\/v3\/product\/16617","targetHints":{"allow":["GET"]}}],"collection":[{"href":"https:\/\/demoweb.info\/sexshop001\/wp-json\/wp\/v3\/product"}],"about":[{"href":"https:\/\/demoweb.info\/sexshop001\/wp-json\/wp\/v2\/types\/product"}],"replies":[{"embeddable":true,"href":"https:\/\/demoweb.info\/sexshop001\/wp-json\/wp\/v2\/comments?post=16617"}],"wp:featuredmedia":[{"embeddable":true,"href":"https:\/\/demoweb.info\/sexshop001\/wp-json\/wp\/v2\/media\/16618"}],"wp:attachment":[{"href":"https:\/\/demoweb.info\/sexshop001\/wp-json\/wp\/v2\/media?parent=16617"}],"wp:term":[{"taxonomy":"product_cat","embeddable":true,"href":"https:\/\/demoweb.info\/sexshop001\/wp-json\/wp\/v2\/product_cat?post=16617"},{"taxonomy":"product_tag","embeddable":true,"href":"https:\/\/demoweb.info\/sexshop001\/wp-json\/wp\/v2\/product_tag?post=16617"}],"curies":[{"name":"wp","href":"https:\/\/api.w.org\/{rel}","templated":true}]}}