{"id":16565,"date":"2022-01-22T10:37:39","date_gmt":"2022-01-22T09:37:39","guid":{"rendered":"https:\/\/demoweb.info\/sexshop001\/producto\/set-bala-con-control-remoto-y-tanga-negro\/"},"modified":"2022-01-22T10:37:53","modified_gmt":"2022-01-22T09:37:53","slug":"set-bala-con-control-remoto-y-tanga-negro","status":"publish","type":"product","link":"https:\/\/demoweb.info\/sexshop001\/producto\/set-bala-con-control-remoto-y-tanga-negro\/","title":{"rendered":"SET BALA CON CONTROL REMOTO Y TANGA &#8211; NEGRO"},"content":{"rendered":"<p><strong>REMOTE CONTROL LACE THONG SET &#8211; BLACK<\/strong><\/p>\n<p>Disfrute de su nuevo y picante secreto con el juego de cordones con control remoto. Este conjunto sexy incluye un tanga de encaje el\u00e1stico para ajustar, un teaser curvo para las bragas y un discreto control remoto con un alcance de hasta 32 &#39;(10 m).<\/p>\n<p>Cuando o donde la pasi\u00f3n te lleve, las 12 intensas funciones de vibraci\u00f3n de este apasionado mini vibrador est\u00e1n listas para jugar. Las bragas de encaje sexys y el\u00e1sticas cuentan con un discreto bolsillo interno de sat\u00e9n con lazos laterales para el bolsillo perfecto del estimulador.<\/p>\n<p>Se pueden lavar a m\u00e1quina y son tan c\u00f3modas, estas bragas vibrantes est\u00e1n hechas de un uso prolongado y un tiempo de juego aventurero c\u00f3modo. Ya sea que elijas mantener el control o hayas dejado el placer en la mano de tu pareja, este poderoso teaser seguramente te har\u00e1 temblar las rodillas.<\/p>\n<p>Desde principiantes ruborizados hasta expertos en er\u00f3tica, este divertido juego agrega vibraciones vers\u00e1tiles a cualquier caja de juguetes.<\/p>\n<p>Recargue su pasi\u00f3n en solo 1 hora con el cable USB provisto para hasta 45 minutos de vibraci\u00f3n a baja velocidad o 40 minutos de estimulaci\u00f3n de alta intensidad.<\/p>\n<p>Informaci\u00f3n Adicional:<\/p>\n<p>\u25cf Mando a distancia y recargable &#8211; \u00a1\u00daselo solo o con un compa\u00f1ero! \u25cf El estimulador que forma el cuerpo, peque\u00f1o y curvo, se adapta c\u00f3modamente a la tanga de encaje. \u25cf Tanga de encaje el\u00e1stica para ajustarse con lazos de sat\u00e9n ajustables y bolsillo secreto para una colocaci\u00f3n segura del estimulador. \u25cf Tanga de encaje lavable a m\u00e1quina. El chip de memoria de \u00faltima generaci\u00f3n se reanuda con la \u00faltima funci\u00f3n utilizada \u25cf El estimulador a prueba de agua se puede usar independientemente del control remoto \u25cf F\u00e1cil control con un bot\u00f3n \u25cf Alcance extendido de 32.75 &#39;\/ 10 m \u25cf Certificado RED incluido \u25cf USB recargable (estimulador y control remoto) &#8211; carga dual cable incluido<\/p>\n<p>Longitud total: 7,5 cm<\/p>\n<p>Di\u00e1metro: 2 cm<\/p>\n<p>Vibrando: Si<\/p>\n<p>Modos de vibraci\u00f3n: 12<\/p>\n<p>Resistencia al agua: Impermeable<\/p>\n<p>Material: Silicona (estimulador) ABS con PU Cote (controlador) ABS con ba\u00f1o de plata (decoraci\u00f3n) 88% nailon, 12% elastano (bragas) Algod\u00f3n (forro de bragas)<\/p>\n<p>Carga: USB recargable<\/p>\n<p>Baterias incluidas: Si<\/p>\n<p>Tiempo de carga en minutos: 60<\/p>\n","protected":false},"excerpt":{"rendered":"<p>REMOTE CONTROL LACE THONG SET &#8211; BLACK Disfrute de su nuevo y picante secreto con el juego de cordones con<\/p>\n","protected":false},"featured_media":16566,"comment_status":"open","ping_status":"open","template":"","meta":[],"product_cat":[818],"product_tag":[660,879],"class_list":["post-16565","product","type-product","status-publish","has-post-thumbnail","hentry","product_cat-para-braguita","product_tag-calexotics","product_tag-remote-controlled-vibes"],"bundled_by":[],"bundle_stock_status":"instock","bundle_stock_quantity":1,"bundle_virtual":false,"bundle_layout":"","bundle_add_to_cart_form_location":"","bundle_editable_in_cart":false,"bundle_sold_individually_context":"","bundle_item_grouping":"","bundle_min_size":"","bundle_max_size":"","bundled_items":[],"yoast_head":"<!-- This site is optimized with the Yoast SEO plugin v20.6 - https:\/\/yoast.com\/wordpress\/plugins\/seo\/ -->\n<title>SET BALA CON CONTROL REMOTO Y TANGA - NEGRO - Tienda Er\u00f3tica<\/title>\n<meta name=\"robots\" content=\"noindex, follow, max-snippet:-1, max-image-preview:large, max-video-preview:-1\" \/>\n<meta property=\"og:locale\" content=\"es_ES\" \/>\n<meta property=\"og:type\" content=\"article\" \/>\n<meta property=\"og:title\" content=\"SET BALA CON CONTROL REMOTO Y TANGA - NEGRO - Tienda Er\u00f3tica\" \/>\n<meta property=\"og:description\" content=\"REMOTE CONTROL LACE THONG SET &#8211; BLACK Disfrute de su nuevo y picante secreto con el juego de cordones con\" \/>\n<meta property=\"og:url\" content=\"https:\/\/demoweb.info\/sexshop001\/producto\/set-bala-con-control-remoto-y-tanga-negro\/\" \/>\n<meta property=\"og:site_name\" content=\"Tienda Er\u00f3tica\" \/>\n<meta property=\"article:modified_time\" content=\"2022-01-22T09:37:53+00:00\" \/>\n<meta property=\"og:image\" content=\"https:\/\/demoweb.info\/sexshop001\/wp-content\/uploads\/2022\/01\/SET-BALA-CON-CONTROL-REMOTO-Y-TANGA-NEGRO.jpg\" \/>\n\t<meta property=\"og:image:width\" content=\"550\" \/>\n\t<meta property=\"og:image:height\" content=\"550\" \/>\n\t<meta property=\"og:image:type\" content=\"image\/jpeg\" \/>\n<meta name=\"twitter:card\" content=\"summary_large_image\" \/>\n<meta name=\"twitter:label1\" content=\"Tiempo de lectura\" \/>\n\t<meta name=\"twitter:data1\" content=\"2 minutos\" \/>\n<script type=\"application\/ld+json\" class=\"yoast-schema-graph\">{\"@context\":\"https:\/\/schema.org\",\"@graph\":[{\"@type\":\"WebPage\",\"@id\":\"https:\/\/demoweb.info\/sexshop001\/producto\/set-bala-con-control-remoto-y-tanga-negro\/\",\"url\":\"https:\/\/demoweb.info\/sexshop001\/producto\/set-bala-con-control-remoto-y-tanga-negro\/\",\"name\":\"SET BALA CON CONTROL REMOTO Y TANGA - NEGRO - Tienda Er\u00f3tica\",\"isPartOf\":{\"@id\":\"https:\/\/demoweb.info\/sexshop001\/#website\"},\"datePublished\":\"2022-01-22T09:37:39+00:00\",\"dateModified\":\"2022-01-22T09:37:53+00:00\",\"breadcrumb\":{\"@id\":\"https:\/\/demoweb.info\/sexshop001\/producto\/set-bala-con-control-remoto-y-tanga-negro\/#breadcrumb\"},\"inLanguage\":\"es\",\"potentialAction\":[{\"@type\":\"ReadAction\",\"target\":[\"https:\/\/demoweb.info\/sexshop001\/producto\/set-bala-con-control-remoto-y-tanga-negro\/\"]}]},{\"@type\":\"BreadcrumbList\",\"@id\":\"https:\/\/demoweb.info\/sexshop001\/producto\/set-bala-con-control-remoto-y-tanga-negro\/#breadcrumb\",\"itemListElement\":[{\"@type\":\"ListItem\",\"position\":1,\"name\":\"Portada\",\"item\":\"https:\/\/demoweb.info\/sexshop001\/\"},{\"@type\":\"ListItem\",\"position\":2,\"name\":\"Tienda\",\"item\":\"https:\/\/demoweb.info\/sexshop001\/tienda\/\"},{\"@type\":\"ListItem\",\"position\":3,\"name\":\"SET BALA CON CONTROL REMOTO Y TANGA &#8211; NEGRO\"}]},{\"@type\":\"WebSite\",\"@id\":\"https:\/\/demoweb.info\/sexshop001\/#website\",\"url\":\"https:\/\/demoweb.info\/sexshop001\/\",\"name\":\"Tienda Er\u00f3tica\",\"description\":\"DEMOWEB SL\",\"potentialAction\":[{\"@type\":\"SearchAction\",\"target\":{\"@type\":\"EntryPoint\",\"urlTemplate\":\"https:\/\/demoweb.info\/sexshop001\/?s={search_term_string}\"},\"query-input\":\"required name=search_term_string\"}],\"inLanguage\":\"es\"}]}<\/script>\n<!-- \/ Yoast SEO plugin. -->","yoast_head_json":{"title":"SET BALA CON CONTROL REMOTO Y TANGA - NEGRO - Tienda Er\u00f3tica","robots":{"index":"noindex","follow":"follow","max-snippet":"max-snippet:-1","max-image-preview":"max-image-preview:large","max-video-preview":"max-video-preview:-1"},"og_locale":"es_ES","og_type":"article","og_title":"SET BALA CON CONTROL REMOTO Y TANGA - NEGRO - Tienda Er\u00f3tica","og_description":"REMOTE CONTROL LACE THONG SET &#8211; BLACK Disfrute de su nuevo y picante secreto con el juego de cordones con","og_url":"https:\/\/demoweb.info\/sexshop001\/producto\/set-bala-con-control-remoto-y-tanga-negro\/","og_site_name":"Tienda Er\u00f3tica","article_modified_time":"2022-01-22T09:37:53+00:00","og_image":[{"width":550,"height":550,"url":"https:\/\/demoweb.info\/sexshop001\/wp-content\/uploads\/2022\/01\/SET-BALA-CON-CONTROL-REMOTO-Y-TANGA-NEGRO.jpg","type":"image\/jpeg"}],"twitter_card":"summary_large_image","twitter_misc":{"Tiempo de lectura":"2 minutos"},"schema":{"@context":"https:\/\/schema.org","@graph":[{"@type":"WebPage","@id":"https:\/\/demoweb.info\/sexshop001\/producto\/set-bala-con-control-remoto-y-tanga-negro\/","url":"https:\/\/demoweb.info\/sexshop001\/producto\/set-bala-con-control-remoto-y-tanga-negro\/","name":"SET BALA CON CONTROL REMOTO Y TANGA - NEGRO - Tienda Er\u00f3tica","isPartOf":{"@id":"https:\/\/demoweb.info\/sexshop001\/#website"},"datePublished":"2022-01-22T09:37:39+00:00","dateModified":"2022-01-22T09:37:53+00:00","breadcrumb":{"@id":"https:\/\/demoweb.info\/sexshop001\/producto\/set-bala-con-control-remoto-y-tanga-negro\/#breadcrumb"},"inLanguage":"es","potentialAction":[{"@type":"ReadAction","target":["https:\/\/demoweb.info\/sexshop001\/producto\/set-bala-con-control-remoto-y-tanga-negro\/"]}]},{"@type":"BreadcrumbList","@id":"https:\/\/demoweb.info\/sexshop001\/producto\/set-bala-con-control-remoto-y-tanga-negro\/#breadcrumb","itemListElement":[{"@type":"ListItem","position":1,"name":"Portada","item":"https:\/\/demoweb.info\/sexshop001\/"},{"@type":"ListItem","position":2,"name":"Tienda","item":"https:\/\/demoweb.info\/sexshop001\/tienda\/"},{"@type":"ListItem","position":3,"name":"SET BALA CON CONTROL REMOTO Y TANGA &#8211; NEGRO"}]},{"@type":"WebSite","@id":"https:\/\/demoweb.info\/sexshop001\/#website","url":"https:\/\/demoweb.info\/sexshop001\/","name":"Tienda Er\u00f3tica","description":"DEMOWEB SL","potentialAction":[{"@type":"SearchAction","target":{"@type":"EntryPoint","urlTemplate":"https:\/\/demoweb.info\/sexshop001\/?s={search_term_string}"},"query-input":"required name=search_term_string"}],"inLanguage":"es"}]}},"_links":{"self":[{"href":"https:\/\/demoweb.info\/sexshop001\/wp-json\/wp\/v3\/product\/16565","targetHints":{"allow":["GET"]}}],"collection":[{"href":"https:\/\/demoweb.info\/sexshop001\/wp-json\/wp\/v3\/product"}],"about":[{"href":"https:\/\/demoweb.info\/sexshop001\/wp-json\/wp\/v2\/types\/product"}],"replies":[{"embeddable":true,"href":"https:\/\/demoweb.info\/sexshop001\/wp-json\/wp\/v2\/comments?post=16565"}],"wp:featuredmedia":[{"embeddable":true,"href":"https:\/\/demoweb.info\/sexshop001\/wp-json\/wp\/v2\/media\/16566"}],"wp:attachment":[{"href":"https:\/\/demoweb.info\/sexshop001\/wp-json\/wp\/v2\/media?parent=16565"}],"wp:term":[{"taxonomy":"product_cat","embeddable":true,"href":"https:\/\/demoweb.info\/sexshop001\/wp-json\/wp\/v2\/product_cat?post=16565"},{"taxonomy":"product_tag","embeddable":true,"href":"https:\/\/demoweb.info\/sexshop001\/wp-json\/wp\/v2\/product_tag?post=16565"}],"curies":[{"name":"wp","href":"https:\/\/api.w.org\/{rel}","templated":true}]}}