{"id":16551,"date":"2022-01-22T10:37:39","date_gmt":"2022-01-22T09:37:39","guid":{"rendered":"https:\/\/demoweb.info\/sexshop001\/producto\/bala-para-panty-con-control-remoto-morado\/"},"modified":"2022-01-22T10:37:44","modified_gmt":"2022-01-22T09:37:44","slug":"bala-para-panty-con-control-remoto-morado","status":"publish","type":"product","link":"https:\/\/demoweb.info\/sexshop001\/producto\/bala-para-panty-con-control-remoto-morado\/","title":{"rendered":"BALA PARA PANTY CON CONTROL REMOTO &#8211; MORADO"},"content":{"rendered":"<p><strong>REMOTE PULSATING PANTY TEASER &#8211; PURPLE<\/strong><\/p>\n<p>El estimulador de braguita pulsante remoto Lock-N-Play \u2122 es un teaser de bragas pulsante combinado con un mini control remoto juguet\u00f3n para los buscadores de placer aventureros.<\/p>\n<p>Para mantener la ubicaci\u00f3n perfecta incluso durante el tiempo de juego m\u00e1s activo, el teaser de panty tiene alas con leng\u00fceta magn\u00e9tica para sujetarlo de manera segura a casi cualquier panty. El discreto control remoto hace que sea f\u00e1cil para usted o su pareja controlar la intensidad de la vibraci\u00f3n con solo tocar un bot\u00f3n.<\/p>\n<p>Usa el controlador discreto o el bot\u00f3n en el teaser de bragas para recorrer 12 funciones de pulsaciones con vibraciones sincronizadas. Ya sea que elijas mantener el control o hayas dejado el placer en la mano de tu pareja, este poderoso avance seguramente te har\u00e1 temblar las rodillas.<\/p>\n<p>Desde principiantes ruborizados hasta expertos en erotismo, este maravilloso ambiente de bala agrega vibraciones vers\u00e1tiles a cualquier caja de juguetes.<\/p>\n<p>Recargue su pasi\u00f3n en solo 1 hora con el cable USB provisto para hasta 35 minutos de estimulaci\u00f3n de alta intensidad.<\/p>\n<p>Informaci\u00f3n Adicional:<\/p>\n<p>\u25cf Mando a distancia y recargable &#8211; \u00a1\u00daselo solo o con un compa\u00f1ero! \u25cf Colocaci\u00f3n perfecta en todo momento con pesta\u00f1as magn\u00e9ticas que se adhieren de forma segura a las bragas \u25cf Dise\u00f1o delgado y peque\u00f1o perfectamente contorneado con una acci\u00f3n de golpe precisa \u25cf 12 funciones de pulsaci\u00f3n de golpe con vibraci\u00f3n sincr\u00f3nica \u25cf El chip de memoria de \u00faltima generaci\u00f3n se reanuda en la \u00faltima funci\u00f3n utilizada \u25cf El estimulador a prueba de agua se puede usar independientemente del control remoto \u25cf F\u00e1cil control con un bot\u00f3n \u25cf Alcance extendido de 32.75 &#39;\/ 10 m \u25cf Certificado ROJO incluido \u25cf USB recargable (estimulador y control remoto) &#8211; cable de carga dual incluido<\/p>\n<p>Dimensiones del producto: 3.75 \u201dx 1\u201d \/9.5 cm x 2.5 cm<\/p>\n<p>Longitud total: 9,5 cm<\/p>\n<p>Di\u00e1metro: 2.5 cm<\/p>\n<p>Vibrando: Si<\/p>\n<p>Modos de vibraci\u00f3n: 12<\/p>\n<p>Resistencia al agua: Impermeable<\/p>\n<p>Material: Silicona (estimulador) ABS con PU Cote (controlador) ABS con revestimiento de plata (bot\u00f3n, respaldo magn\u00e9tico)<\/p>\n<p>Carga: USB recargable<\/p>\n<p>Baterias incluidas: Si<\/p>\n","protected":false},"excerpt":{"rendered":"<p>REMOTE PULSATING PANTY TEASER &#8211; PURPLE El estimulador de braguita pulsante remoto Lock-N-Play \u2122 es un teaser de bragas pulsante<\/p>\n","protected":false},"featured_media":16552,"comment_status":"open","ping_status":"open","template":"","meta":[],"product_cat":[322],"product_tag":[660,879],"class_list":["post-16551","product","type-product","status-publish","has-post-thumbnail","hentry","product_cat-con-mando","product_tag-calexotics","product_tag-remote-controlled-vibes"],"bundled_by":[],"bundle_stock_status":"outofstock","bundle_stock_quantity":0,"bundle_virtual":false,"bundle_layout":"","bundle_add_to_cart_form_location":"","bundle_editable_in_cart":false,"bundle_sold_individually_context":"","bundle_item_grouping":"","bundle_min_size":"","bundle_max_size":"","bundled_items":[],"yoast_head":"<!-- This site is optimized with the Yoast SEO plugin v20.6 - https:\/\/yoast.com\/wordpress\/plugins\/seo\/ -->\n<title>BALA PARA PANTY CON CONTROL REMOTO - MORADO - Tienda Er\u00f3tica<\/title>\n<meta name=\"robots\" content=\"noindex, follow, max-snippet:-1, max-image-preview:large, max-video-preview:-1\" \/>\n<meta property=\"og:locale\" content=\"es_ES\" \/>\n<meta property=\"og:type\" content=\"article\" \/>\n<meta property=\"og:title\" content=\"BALA PARA PANTY CON CONTROL REMOTO - MORADO - Tienda Er\u00f3tica\" \/>\n<meta property=\"og:description\" content=\"REMOTE PULSATING PANTY TEASER &#8211; PURPLE El estimulador de braguita pulsante remoto Lock-N-Play \u2122 es un teaser de bragas pulsante\" \/>\n<meta property=\"og:url\" content=\"https:\/\/demoweb.info\/sexshop001\/producto\/bala-para-panty-con-control-remoto-morado\/\" \/>\n<meta property=\"og:site_name\" content=\"Tienda Er\u00f3tica\" \/>\n<meta property=\"article:modified_time\" content=\"2022-01-22T09:37:44+00:00\" \/>\n<meta property=\"og:image\" content=\"https:\/\/demoweb.info\/sexshop001\/wp-content\/uploads\/2022\/01\/BALA-PARA-PANTY-CON-CONTROL-REMOTO-MORADO.jpg\" \/>\n\t<meta property=\"og:image:width\" content=\"550\" \/>\n\t<meta property=\"og:image:height\" content=\"550\" \/>\n\t<meta property=\"og:image:type\" content=\"image\/jpeg\" \/>\n<meta name=\"twitter:card\" content=\"summary_large_image\" \/>\n<meta name=\"twitter:label1\" content=\"Tiempo de lectura\" \/>\n\t<meta name=\"twitter:data1\" content=\"2 minutos\" \/>\n<script type=\"application\/ld+json\" class=\"yoast-schema-graph\">{\"@context\":\"https:\/\/schema.org\",\"@graph\":[{\"@type\":\"WebPage\",\"@id\":\"https:\/\/demoweb.info\/sexshop001\/producto\/bala-para-panty-con-control-remoto-morado\/\",\"url\":\"https:\/\/demoweb.info\/sexshop001\/producto\/bala-para-panty-con-control-remoto-morado\/\",\"name\":\"BALA PARA PANTY CON CONTROL REMOTO - MORADO - Tienda Er\u00f3tica\",\"isPartOf\":{\"@id\":\"https:\/\/demoweb.info\/sexshop001\/#website\"},\"datePublished\":\"2022-01-22T09:37:39+00:00\",\"dateModified\":\"2022-01-22T09:37:44+00:00\",\"breadcrumb\":{\"@id\":\"https:\/\/demoweb.info\/sexshop001\/producto\/bala-para-panty-con-control-remoto-morado\/#breadcrumb\"},\"inLanguage\":\"es\",\"potentialAction\":[{\"@type\":\"ReadAction\",\"target\":[\"https:\/\/demoweb.info\/sexshop001\/producto\/bala-para-panty-con-control-remoto-morado\/\"]}]},{\"@type\":\"BreadcrumbList\",\"@id\":\"https:\/\/demoweb.info\/sexshop001\/producto\/bala-para-panty-con-control-remoto-morado\/#breadcrumb\",\"itemListElement\":[{\"@type\":\"ListItem\",\"position\":1,\"name\":\"Portada\",\"item\":\"https:\/\/demoweb.info\/sexshop001\/\"},{\"@type\":\"ListItem\",\"position\":2,\"name\":\"Tienda\",\"item\":\"https:\/\/demoweb.info\/sexshop001\/tienda\/\"},{\"@type\":\"ListItem\",\"position\":3,\"name\":\"BALA PARA PANTY CON CONTROL REMOTO &#8211; MORADO\"}]},{\"@type\":\"WebSite\",\"@id\":\"https:\/\/demoweb.info\/sexshop001\/#website\",\"url\":\"https:\/\/demoweb.info\/sexshop001\/\",\"name\":\"Tienda Er\u00f3tica\",\"description\":\"DEMOWEB SL\",\"potentialAction\":[{\"@type\":\"SearchAction\",\"target\":{\"@type\":\"EntryPoint\",\"urlTemplate\":\"https:\/\/demoweb.info\/sexshop001\/?s={search_term_string}\"},\"query-input\":\"required name=search_term_string\"}],\"inLanguage\":\"es\"}]}<\/script>\n<!-- \/ Yoast SEO plugin. -->","yoast_head_json":{"title":"BALA PARA PANTY CON CONTROL REMOTO - MORADO - Tienda Er\u00f3tica","robots":{"index":"noindex","follow":"follow","max-snippet":"max-snippet:-1","max-image-preview":"max-image-preview:large","max-video-preview":"max-video-preview:-1"},"og_locale":"es_ES","og_type":"article","og_title":"BALA PARA PANTY CON CONTROL REMOTO - MORADO - Tienda Er\u00f3tica","og_description":"REMOTE PULSATING PANTY TEASER &#8211; PURPLE El estimulador de braguita pulsante remoto Lock-N-Play \u2122 es un teaser de bragas pulsante","og_url":"https:\/\/demoweb.info\/sexshop001\/producto\/bala-para-panty-con-control-remoto-morado\/","og_site_name":"Tienda Er\u00f3tica","article_modified_time":"2022-01-22T09:37:44+00:00","og_image":[{"width":550,"height":550,"url":"https:\/\/demoweb.info\/sexshop001\/wp-content\/uploads\/2022\/01\/BALA-PARA-PANTY-CON-CONTROL-REMOTO-MORADO.jpg","type":"image\/jpeg"}],"twitter_card":"summary_large_image","twitter_misc":{"Tiempo de lectura":"2 minutos"},"schema":{"@context":"https:\/\/schema.org","@graph":[{"@type":"WebPage","@id":"https:\/\/demoweb.info\/sexshop001\/producto\/bala-para-panty-con-control-remoto-morado\/","url":"https:\/\/demoweb.info\/sexshop001\/producto\/bala-para-panty-con-control-remoto-morado\/","name":"BALA PARA PANTY CON CONTROL REMOTO - MORADO - Tienda Er\u00f3tica","isPartOf":{"@id":"https:\/\/demoweb.info\/sexshop001\/#website"},"datePublished":"2022-01-22T09:37:39+00:00","dateModified":"2022-01-22T09:37:44+00:00","breadcrumb":{"@id":"https:\/\/demoweb.info\/sexshop001\/producto\/bala-para-panty-con-control-remoto-morado\/#breadcrumb"},"inLanguage":"es","potentialAction":[{"@type":"ReadAction","target":["https:\/\/demoweb.info\/sexshop001\/producto\/bala-para-panty-con-control-remoto-morado\/"]}]},{"@type":"BreadcrumbList","@id":"https:\/\/demoweb.info\/sexshop001\/producto\/bala-para-panty-con-control-remoto-morado\/#breadcrumb","itemListElement":[{"@type":"ListItem","position":1,"name":"Portada","item":"https:\/\/demoweb.info\/sexshop001\/"},{"@type":"ListItem","position":2,"name":"Tienda","item":"https:\/\/demoweb.info\/sexshop001\/tienda\/"},{"@type":"ListItem","position":3,"name":"BALA PARA PANTY CON CONTROL REMOTO &#8211; MORADO"}]},{"@type":"WebSite","@id":"https:\/\/demoweb.info\/sexshop001\/#website","url":"https:\/\/demoweb.info\/sexshop001\/","name":"Tienda Er\u00f3tica","description":"DEMOWEB SL","potentialAction":[{"@type":"SearchAction","target":{"@type":"EntryPoint","urlTemplate":"https:\/\/demoweb.info\/sexshop001\/?s={search_term_string}"},"query-input":"required name=search_term_string"}],"inLanguage":"es"}]}},"_links":{"self":[{"href":"https:\/\/demoweb.info\/sexshop001\/wp-json\/wp\/v3\/product\/16551","targetHints":{"allow":["GET"]}}],"collection":[{"href":"https:\/\/demoweb.info\/sexshop001\/wp-json\/wp\/v3\/product"}],"about":[{"href":"https:\/\/demoweb.info\/sexshop001\/wp-json\/wp\/v2\/types\/product"}],"replies":[{"embeddable":true,"href":"https:\/\/demoweb.info\/sexshop001\/wp-json\/wp\/v2\/comments?post=16551"}],"wp:featuredmedia":[{"embeddable":true,"href":"https:\/\/demoweb.info\/sexshop001\/wp-json\/wp\/v2\/media\/16552"}],"wp:attachment":[{"href":"https:\/\/demoweb.info\/sexshop001\/wp-json\/wp\/v2\/media?parent=16551"}],"wp:term":[{"taxonomy":"product_cat","embeddable":true,"href":"https:\/\/demoweb.info\/sexshop001\/wp-json\/wp\/v2\/product_cat?post=16551"},{"taxonomy":"product_tag","embeddable":true,"href":"https:\/\/demoweb.info\/sexshop001\/wp-json\/wp\/v2\/product_tag?post=16551"}],"curies":[{"name":"wp","href":"https:\/\/api.w.org\/{rel}","templated":true}]}}