{"id":16483,"date":"2022-01-22T10:36:53","date_gmt":"2022-01-22T09:36:53","guid":{"rendered":"https:\/\/demoweb.info\/sexshop001\/producto\/mega-3-extension-natural\/"},"modified":"2022-01-22T10:37:02","modified_gmt":"2022-01-22T09:37:02","slug":"mega-3-extension-natural","status":"publish","type":"product","link":"https:\/\/demoweb.info\/sexshop001\/producto\/mega-3-extension-natural\/","title":{"rendered":"MEGA 3 EXTENSION NATURAL"},"content":{"rendered":"<p><strong>MEGA 3 EXTENSION NATURE<\/strong><\/p>\n<p>Suave, y sin embargo, excitante y realistico, esta funda para el pene te ofrecer\u00e1 eso y m\u00e1s. Acabado real\u00edstico que te ofrece un incremento en tu pene en longitud y anchura, \u00bfqu\u00e9 m\u00e1s podr\u00eda pedir tu pareja? Disfruta de un EXTRA en vuestras relaciones sexuales!<\/p>\n<p>A\u00f1ade 7,6 cm m\u00e1s a la longuitud de tu pene! Se puede ajustar a la medida que usted desee, solo debe de recortar.<br \/>\nProporciona un 66% m\u00e1s de ancho!<\/p>\n<p>Se adapta a casi todos los tama\u00f1os.<\/p>\n<ul>\n<li>Longuitud insertable :23 cm<\/li>\n<li>Di\u00e1metro interior: 5,5 cm<\/li>\n<li>Grosor: 1,5 cm<\/li>\n<\/ul>\n","protected":false},"excerpt":{"rendered":"<p>MEGA 3 EXTENSION NATURE Suave, y sin embargo, excitante y realistico, esta funda para el pene te ofrecer\u00e1 eso y<\/p>\n","protected":false},"featured_media":16484,"comment_status":"open","ping_status":"open","template":"","meta":[],"product_cat":[543],"product_tag":[875,259],"class_list":["post-16483","product","type-product","status-publish","has-post-thumbnail","hentry","product_cat-fundas","product_tag-fantasy-x-tensions","product_tag-pipedream"],"bundled_by":[],"bundle_stock_status":"instock","bundle_stock_quantity":3,"bundle_virtual":false,"bundle_layout":"","bundle_add_to_cart_form_location":"","bundle_editable_in_cart":false,"bundle_sold_individually_context":"","bundle_item_grouping":"","bundle_min_size":"","bundle_max_size":"","bundled_items":[],"yoast_head":"<!-- This site is optimized with the Yoast SEO plugin v20.6 - https:\/\/yoast.com\/wordpress\/plugins\/seo\/ -->\n<title>MEGA 3 EXTENSION NATURAL - Tienda Er\u00f3tica<\/title>\n<meta name=\"robots\" content=\"noindex, follow, max-snippet:-1, max-image-preview:large, max-video-preview:-1\" \/>\n<meta property=\"og:locale\" content=\"es_ES\" \/>\n<meta property=\"og:type\" content=\"article\" \/>\n<meta property=\"og:title\" content=\"MEGA 3 EXTENSION NATURAL - Tienda Er\u00f3tica\" \/>\n<meta property=\"og:description\" content=\"MEGA 3 EXTENSION NATURE Suave, y sin embargo, excitante y realistico, esta funda para el pene te ofrecer\u00e1 eso y\" \/>\n<meta property=\"og:url\" content=\"https:\/\/demoweb.info\/sexshop001\/producto\/mega-3-extension-natural\/\" \/>\n<meta property=\"og:site_name\" content=\"Tienda Er\u00f3tica\" \/>\n<meta property=\"article:modified_time\" content=\"2022-01-22T09:37:02+00:00\" \/>\n<meta property=\"og:image\" content=\"https:\/\/demoweb.info\/sexshop001\/wp-content\/uploads\/2022\/01\/MEGA-3-EXTENSION-NATURAL.jpg\" \/>\n\t<meta property=\"og:image:width\" content=\"550\" \/>\n\t<meta property=\"og:image:height\" content=\"550\" \/>\n\t<meta property=\"og:image:type\" content=\"image\/jpeg\" \/>\n<meta name=\"twitter:card\" content=\"summary_large_image\" \/>\n<script type=\"application\/ld+json\" class=\"yoast-schema-graph\">{\"@context\":\"https:\/\/schema.org\",\"@graph\":[{\"@type\":\"WebPage\",\"@id\":\"https:\/\/demoweb.info\/sexshop001\/producto\/mega-3-extension-natural\/\",\"url\":\"https:\/\/demoweb.info\/sexshop001\/producto\/mega-3-extension-natural\/\",\"name\":\"MEGA 3 EXTENSION NATURAL - Tienda Er\u00f3tica\",\"isPartOf\":{\"@id\":\"https:\/\/demoweb.info\/sexshop001\/#website\"},\"datePublished\":\"2022-01-22T09:36:53+00:00\",\"dateModified\":\"2022-01-22T09:37:02+00:00\",\"breadcrumb\":{\"@id\":\"https:\/\/demoweb.info\/sexshop001\/producto\/mega-3-extension-natural\/#breadcrumb\"},\"inLanguage\":\"es\",\"potentialAction\":[{\"@type\":\"ReadAction\",\"target\":[\"https:\/\/demoweb.info\/sexshop001\/producto\/mega-3-extension-natural\/\"]}]},{\"@type\":\"BreadcrumbList\",\"@id\":\"https:\/\/demoweb.info\/sexshop001\/producto\/mega-3-extension-natural\/#breadcrumb\",\"itemListElement\":[{\"@type\":\"ListItem\",\"position\":1,\"name\":\"Portada\",\"item\":\"https:\/\/demoweb.info\/sexshop001\/\"},{\"@type\":\"ListItem\",\"position\":2,\"name\":\"Tienda\",\"item\":\"https:\/\/demoweb.info\/sexshop001\/tienda\/\"},{\"@type\":\"ListItem\",\"position\":3,\"name\":\"MEGA 3 EXTENSION NATURAL\"}]},{\"@type\":\"WebSite\",\"@id\":\"https:\/\/demoweb.info\/sexshop001\/#website\",\"url\":\"https:\/\/demoweb.info\/sexshop001\/\",\"name\":\"Tienda Er\u00f3tica\",\"description\":\"DEMOWEB SL\",\"potentialAction\":[{\"@type\":\"SearchAction\",\"target\":{\"@type\":\"EntryPoint\",\"urlTemplate\":\"https:\/\/demoweb.info\/sexshop001\/?s={search_term_string}\"},\"query-input\":\"required name=search_term_string\"}],\"inLanguage\":\"es\"}]}<\/script>\n<!-- \/ Yoast SEO plugin. -->","yoast_head_json":{"title":"MEGA 3 EXTENSION NATURAL - Tienda Er\u00f3tica","robots":{"index":"noindex","follow":"follow","max-snippet":"max-snippet:-1","max-image-preview":"max-image-preview:large","max-video-preview":"max-video-preview:-1"},"og_locale":"es_ES","og_type":"article","og_title":"MEGA 3 EXTENSION NATURAL - Tienda Er\u00f3tica","og_description":"MEGA 3 EXTENSION NATURE Suave, y sin embargo, excitante y realistico, esta funda para el pene te ofrecer\u00e1 eso y","og_url":"https:\/\/demoweb.info\/sexshop001\/producto\/mega-3-extension-natural\/","og_site_name":"Tienda Er\u00f3tica","article_modified_time":"2022-01-22T09:37:02+00:00","og_image":[{"width":550,"height":550,"url":"https:\/\/demoweb.info\/sexshop001\/wp-content\/uploads\/2022\/01\/MEGA-3-EXTENSION-NATURAL.jpg","type":"image\/jpeg"}],"twitter_card":"summary_large_image","schema":{"@context":"https:\/\/schema.org","@graph":[{"@type":"WebPage","@id":"https:\/\/demoweb.info\/sexshop001\/producto\/mega-3-extension-natural\/","url":"https:\/\/demoweb.info\/sexshop001\/producto\/mega-3-extension-natural\/","name":"MEGA 3 EXTENSION NATURAL - Tienda Er\u00f3tica","isPartOf":{"@id":"https:\/\/demoweb.info\/sexshop001\/#website"},"datePublished":"2022-01-22T09:36:53+00:00","dateModified":"2022-01-22T09:37:02+00:00","breadcrumb":{"@id":"https:\/\/demoweb.info\/sexshop001\/producto\/mega-3-extension-natural\/#breadcrumb"},"inLanguage":"es","potentialAction":[{"@type":"ReadAction","target":["https:\/\/demoweb.info\/sexshop001\/producto\/mega-3-extension-natural\/"]}]},{"@type":"BreadcrumbList","@id":"https:\/\/demoweb.info\/sexshop001\/producto\/mega-3-extension-natural\/#breadcrumb","itemListElement":[{"@type":"ListItem","position":1,"name":"Portada","item":"https:\/\/demoweb.info\/sexshop001\/"},{"@type":"ListItem","position":2,"name":"Tienda","item":"https:\/\/demoweb.info\/sexshop001\/tienda\/"},{"@type":"ListItem","position":3,"name":"MEGA 3 EXTENSION NATURAL"}]},{"@type":"WebSite","@id":"https:\/\/demoweb.info\/sexshop001\/#website","url":"https:\/\/demoweb.info\/sexshop001\/","name":"Tienda Er\u00f3tica","description":"DEMOWEB SL","potentialAction":[{"@type":"SearchAction","target":{"@type":"EntryPoint","urlTemplate":"https:\/\/demoweb.info\/sexshop001\/?s={search_term_string}"},"query-input":"required name=search_term_string"}],"inLanguage":"es"}]}},"_links":{"self":[{"href":"https:\/\/demoweb.info\/sexshop001\/wp-json\/wp\/v3\/product\/16483","targetHints":{"allow":["GET"]}}],"collection":[{"href":"https:\/\/demoweb.info\/sexshop001\/wp-json\/wp\/v3\/product"}],"about":[{"href":"https:\/\/demoweb.info\/sexshop001\/wp-json\/wp\/v2\/types\/product"}],"replies":[{"embeddable":true,"href":"https:\/\/demoweb.info\/sexshop001\/wp-json\/wp\/v2\/comments?post=16483"}],"wp:featuredmedia":[{"embeddable":true,"href":"https:\/\/demoweb.info\/sexshop001\/wp-json\/wp\/v2\/media\/16484"}],"wp:attachment":[{"href":"https:\/\/demoweb.info\/sexshop001\/wp-json\/wp\/v2\/media?parent=16483"}],"wp:term":[{"taxonomy":"product_cat","embeddable":true,"href":"https:\/\/demoweb.info\/sexshop001\/wp-json\/wp\/v2\/product_cat?post=16483"},{"taxonomy":"product_tag","embeddable":true,"href":"https:\/\/demoweb.info\/sexshop001\/wp-json\/wp\/v2\/product_tag?post=16483"}],"curies":[{"name":"wp","href":"https:\/\/api.w.org\/{rel}","templated":true}]}}