{"id":16341,"date":"2022-01-22T10:35:18","date_gmt":"2022-01-22T09:35:18","guid":{"rendered":"https:\/\/demoweb.info\/sexshop001\/producto\/dual-density-big-vibrator-23cm\/"},"modified":"2022-01-22T10:35:49","modified_gmt":"2022-01-22T09:35:49","slug":"dual-density-big-vibrator-23cm","status":"publish","type":"product","link":"https:\/\/demoweb.info\/sexshop001\/producto\/dual-density-big-vibrator-23cm\/","title":{"rendered":"DUAL DENSITY BIG VIBRATOR 23CM"},"content":{"rendered":"<p><strong>DUAL DENSITY BIG VIBRATOR 9IN &#8211; SKIN<\/strong><\/p>\n<p>El vibrador grande de doble densidad de 22 cm es un vibrador realista de primera calidad de la colecci\u00f3n Get Real by TOYJOY, dise\u00f1ado para llegar a todos tus puntos calientes \u00edntimos.<\/p>\n<p>Este agradable dise\u00f1o tiene un color de tono de piel y tiene una silueta natural y modos de vibraci\u00f3n potentes y multifunci\u00f3n: brind\u00e1ndote una experiencia realista y emocionante.<\/p>\n<p>El vibrador presenta detalles cuidadosamente elaborados, como venas pulsantes, para realzar su atractivo natural, mientras que su material de doble densidad ofrece el doble de diversi\u00f3n \u00edntima. Su exterior suave al tacto y su n\u00facleo s\u00f3lido forman una combinaci\u00f3n sensacional que te dejar\u00e1 boquiabierto con su sensaci\u00f3n indulgente.<\/p>\n<p>Hecho de TPE \/ TPR de calidad y empaquetado de una manera contempor\u00e1nea, el vibrador grande de densidad dual de 22 cm es imprescindible para todos los amantes de la diversi\u00f3n realista.<\/p>\n<p><strong>CARACTER\u00cdSTICAS<\/strong><\/p>\n<ul>\n<li>Longitud total: 23 cm \/ 9 inch<\/li>\n<li>Di\u00e1metro: \u00d8 5 cm \/ 2 inch<\/li>\n<li>Resistencia al agua: A prueba de salpicaduras<\/li>\n<li>Bodysafe: Si<\/li>\n<li>Material: Made Of Phthalate Free TPE<\/li>\n<li>Bater\u00edas requeridas: USB Cable<\/li>\n<li>Cantidad de la bater\u00eda: 2<\/li>\n<li>Baterias incluidas: No<\/li>\n<\/ul>\n","protected":false},"excerpt":{"rendered":"<p>DUAL DENSITY BIG VIBRATOR 9IN &#8211; SKIN El vibrador grande de doble densidad de 22 cm es un vibrador realista<\/p>\n","protected":false},"featured_media":16342,"comment_status":"open","ping_status":"open","template":"","meta":[],"product_cat":[317],"product_tag":[655,247],"class_list":["post-16341","product","type-product","status-publish","has-post-thumbnail","hentry","product_cat-con-vibrador","product_tag-get-real","product_tag-toyjoy"],"bundled_by":[],"bundle_stock_status":"outofstock","bundle_stock_quantity":0,"bundle_virtual":false,"bundle_layout":"","bundle_add_to_cart_form_location":"","bundle_editable_in_cart":false,"bundle_sold_individually_context":"","bundle_item_grouping":"","bundle_min_size":"","bundle_max_size":"","bundled_items":[],"yoast_head":"<!-- This site is optimized with the Yoast SEO plugin v20.6 - https:\/\/yoast.com\/wordpress\/plugins\/seo\/ -->\n<title>DUAL DENSITY BIG VIBRATOR 23CM - Tienda Er\u00f3tica<\/title>\n<meta name=\"robots\" content=\"noindex, follow, max-snippet:-1, max-image-preview:large, max-video-preview:-1\" \/>\n<meta property=\"og:locale\" content=\"es_ES\" \/>\n<meta property=\"og:type\" content=\"article\" \/>\n<meta property=\"og:title\" content=\"DUAL DENSITY BIG VIBRATOR 23CM - Tienda Er\u00f3tica\" \/>\n<meta property=\"og:description\" content=\"DUAL DENSITY BIG VIBRATOR 9IN &#8211; SKIN El vibrador grande de doble densidad de 22 cm es un vibrador realista\" \/>\n<meta property=\"og:url\" content=\"https:\/\/demoweb.info\/sexshop001\/producto\/dual-density-big-vibrator-23cm\/\" \/>\n<meta property=\"og:site_name\" content=\"Tienda Er\u00f3tica\" \/>\n<meta property=\"article:modified_time\" content=\"2022-01-22T09:35:49+00:00\" \/>\n<meta property=\"og:image\" content=\"https:\/\/demoweb.info\/sexshop001\/wp-content\/uploads\/2022\/01\/DUAL-DENSITY-BIG-VIBRATOR-23CM.jpg\" \/>\n\t<meta property=\"og:image:width\" content=\"550\" \/>\n\t<meta property=\"og:image:height\" content=\"550\" \/>\n\t<meta property=\"og:image:type\" content=\"image\/jpeg\" \/>\n<meta name=\"twitter:card\" content=\"summary_large_image\" \/>\n<meta name=\"twitter:label1\" content=\"Tiempo de lectura\" \/>\n\t<meta name=\"twitter:data1\" content=\"1 minuto\" \/>\n<script type=\"application\/ld+json\" class=\"yoast-schema-graph\">{\"@context\":\"https:\/\/schema.org\",\"@graph\":[{\"@type\":\"WebPage\",\"@id\":\"https:\/\/demoweb.info\/sexshop001\/producto\/dual-density-big-vibrator-23cm\/\",\"url\":\"https:\/\/demoweb.info\/sexshop001\/producto\/dual-density-big-vibrator-23cm\/\",\"name\":\"DUAL DENSITY BIG VIBRATOR 23CM - Tienda Er\u00f3tica\",\"isPartOf\":{\"@id\":\"https:\/\/demoweb.info\/sexshop001\/#website\"},\"datePublished\":\"2022-01-22T09:35:18+00:00\",\"dateModified\":\"2022-01-22T09:35:49+00:00\",\"breadcrumb\":{\"@id\":\"https:\/\/demoweb.info\/sexshop001\/producto\/dual-density-big-vibrator-23cm\/#breadcrumb\"},\"inLanguage\":\"es\",\"potentialAction\":[{\"@type\":\"ReadAction\",\"target\":[\"https:\/\/demoweb.info\/sexshop001\/producto\/dual-density-big-vibrator-23cm\/\"]}]},{\"@type\":\"BreadcrumbList\",\"@id\":\"https:\/\/demoweb.info\/sexshop001\/producto\/dual-density-big-vibrator-23cm\/#breadcrumb\",\"itemListElement\":[{\"@type\":\"ListItem\",\"position\":1,\"name\":\"Portada\",\"item\":\"https:\/\/demoweb.info\/sexshop001\/\"},{\"@type\":\"ListItem\",\"position\":2,\"name\":\"Tienda\",\"item\":\"https:\/\/demoweb.info\/sexshop001\/tienda\/\"},{\"@type\":\"ListItem\",\"position\":3,\"name\":\"DUAL DENSITY BIG VIBRATOR 23CM\"}]},{\"@type\":\"WebSite\",\"@id\":\"https:\/\/demoweb.info\/sexshop001\/#website\",\"url\":\"https:\/\/demoweb.info\/sexshop001\/\",\"name\":\"Tienda Er\u00f3tica\",\"description\":\"DEMOWEB SL\",\"potentialAction\":[{\"@type\":\"SearchAction\",\"target\":{\"@type\":\"EntryPoint\",\"urlTemplate\":\"https:\/\/demoweb.info\/sexshop001\/?s={search_term_string}\"},\"query-input\":\"required name=search_term_string\"}],\"inLanguage\":\"es\"}]}<\/script>\n<!-- \/ Yoast SEO plugin. -->","yoast_head_json":{"title":"DUAL DENSITY BIG VIBRATOR 23CM - Tienda Er\u00f3tica","robots":{"index":"noindex","follow":"follow","max-snippet":"max-snippet:-1","max-image-preview":"max-image-preview:large","max-video-preview":"max-video-preview:-1"},"og_locale":"es_ES","og_type":"article","og_title":"DUAL DENSITY BIG VIBRATOR 23CM - Tienda Er\u00f3tica","og_description":"DUAL DENSITY BIG VIBRATOR 9IN &#8211; SKIN El vibrador grande de doble densidad de 22 cm es un vibrador realista","og_url":"https:\/\/demoweb.info\/sexshop001\/producto\/dual-density-big-vibrator-23cm\/","og_site_name":"Tienda Er\u00f3tica","article_modified_time":"2022-01-22T09:35:49+00:00","og_image":[{"width":550,"height":550,"url":"https:\/\/demoweb.info\/sexshop001\/wp-content\/uploads\/2022\/01\/DUAL-DENSITY-BIG-VIBRATOR-23CM.jpg","type":"image\/jpeg"}],"twitter_card":"summary_large_image","twitter_misc":{"Tiempo de lectura":"1 minuto"},"schema":{"@context":"https:\/\/schema.org","@graph":[{"@type":"WebPage","@id":"https:\/\/demoweb.info\/sexshop001\/producto\/dual-density-big-vibrator-23cm\/","url":"https:\/\/demoweb.info\/sexshop001\/producto\/dual-density-big-vibrator-23cm\/","name":"DUAL DENSITY BIG VIBRATOR 23CM - Tienda Er\u00f3tica","isPartOf":{"@id":"https:\/\/demoweb.info\/sexshop001\/#website"},"datePublished":"2022-01-22T09:35:18+00:00","dateModified":"2022-01-22T09:35:49+00:00","breadcrumb":{"@id":"https:\/\/demoweb.info\/sexshop001\/producto\/dual-density-big-vibrator-23cm\/#breadcrumb"},"inLanguage":"es","potentialAction":[{"@type":"ReadAction","target":["https:\/\/demoweb.info\/sexshop001\/producto\/dual-density-big-vibrator-23cm\/"]}]},{"@type":"BreadcrumbList","@id":"https:\/\/demoweb.info\/sexshop001\/producto\/dual-density-big-vibrator-23cm\/#breadcrumb","itemListElement":[{"@type":"ListItem","position":1,"name":"Portada","item":"https:\/\/demoweb.info\/sexshop001\/"},{"@type":"ListItem","position":2,"name":"Tienda","item":"https:\/\/demoweb.info\/sexshop001\/tienda\/"},{"@type":"ListItem","position":3,"name":"DUAL DENSITY BIG VIBRATOR 23CM"}]},{"@type":"WebSite","@id":"https:\/\/demoweb.info\/sexshop001\/#website","url":"https:\/\/demoweb.info\/sexshop001\/","name":"Tienda Er\u00f3tica","description":"DEMOWEB SL","potentialAction":[{"@type":"SearchAction","target":{"@type":"EntryPoint","urlTemplate":"https:\/\/demoweb.info\/sexshop001\/?s={search_term_string}"},"query-input":"required name=search_term_string"}],"inLanguage":"es"}]}},"_links":{"self":[{"href":"https:\/\/demoweb.info\/sexshop001\/wp-json\/wp\/v3\/product\/16341","targetHints":{"allow":["GET"]}}],"collection":[{"href":"https:\/\/demoweb.info\/sexshop001\/wp-json\/wp\/v3\/product"}],"about":[{"href":"https:\/\/demoweb.info\/sexshop001\/wp-json\/wp\/v2\/types\/product"}],"replies":[{"embeddable":true,"href":"https:\/\/demoweb.info\/sexshop001\/wp-json\/wp\/v2\/comments?post=16341"}],"wp:featuredmedia":[{"embeddable":true,"href":"https:\/\/demoweb.info\/sexshop001\/wp-json\/wp\/v2\/media\/16342"}],"wp:attachment":[{"href":"https:\/\/demoweb.info\/sexshop001\/wp-json\/wp\/v2\/media?parent=16341"}],"wp:term":[{"taxonomy":"product_cat","embeddable":true,"href":"https:\/\/demoweb.info\/sexshop001\/wp-json\/wp\/v2\/product_cat?post=16341"},{"taxonomy":"product_tag","embeddable":true,"href":"https:\/\/demoweb.info\/sexshop001\/wp-json\/wp\/v2\/product_tag?post=16341"}],"curies":[{"name":"wp","href":"https:\/\/api.w.org\/{rel}","templated":true}]}}