{"id":16163,"date":"2022-01-22T10:34:10","date_gmt":"2022-01-22T09:34:10","guid":{"rendered":"https:\/\/demoweb.info\/sexshop001\/producto\/conejito-vibrador-greedy-girl-dorado\/"},"modified":"2022-01-22T10:34:21","modified_gmt":"2022-01-22T09:34:21","slug":"conejito-vibrador-greedy-girl-dorado","status":"publish","type":"product","link":"https:\/\/demoweb.info\/sexshop001\/producto\/conejito-vibrador-greedy-girl-dorado\/","title":{"rendered":"CONEJITO VIBRADOR GREEDY GIRL &#8211; DORADO"},"content":{"rendered":"<p><strong>GREEDY GIRL ANNIVERSARY RABBIT VIBRATOR &#8211; GOLD<\/strong><\/p>\n<p>\u00bfPuedes creer que han pasado 10 a\u00f1os? El tiempo vuela cuando tienes orgasmos incre\u00edbles.<br \/>\nPara celebrar una d\u00e9cada de Cincuenta sombras de Grey, le hemos dado a nuestra superventas Greedy Girl un cambio de imagen dorado, para un glorioso placer combinado con un toque de glamour.<\/p>\n<p>Esto es demasiado, toda esta sobreestimulaci\u00f3n, en todas partes. Mi cuerpo comienza a trepar y, de rodillas, no puedo controlar la acumulaci\u00f3n. Oh, Dios &#8230; &#8211; Anastasia Steele<\/p>\n<p>No uno, sino dos motores, alimentan las vibraciones en el eje y el estimulador del cl\u00edtoris de la vibra del conejo Greedy Girl. El motor en el eje curvo estalla con 3 velocidades y 9 patrones de vibraci\u00f3n para un intenso masaje en el punto G.<\/p>\n<p>Combine esto con las tres deliciosas velocidades en las orejas largas, gruesas y flexibles para una estimulaci\u00f3n del cl\u00edtoris simult\u00e1nea y una excitaci\u00f3n sensacional combinada.<\/p>\n<p>Silencioso, resistente al agua y recargable por USB, es perfecto para un juego discreto y vers\u00e1til.<\/p>\n<p>Unta generosamente con tu lubricante a base de agua favorito para sensaciones m\u00e1s placenteras.<\/p>\n<p>Caracter\u00edsticas:<\/p>\n<ul>\n<li>Dimensiones del producto    24,2 x 8 x 3,6 cm<\/li>\n<li>Peso del producto    329 gram<\/li>\n<li>Di\u00e1metro del producto    3,6 cm<\/li>\n<li>Longitud insertable    14 cm<\/li>\n<li>Cantidad de motores    2<\/li>\n<li>Tipos de velocidad    12<\/li>\n<li>Velocidad m\u00faltiple    S\u00ed<\/li>\n<li>Recargable    S\u00ed<\/li>\n<li>Tiempo de recarga    120 min<\/li>\n<li>Vida de la recarga de las bater\u00edas    60 min<\/li>\n<li>A prueba de agua    S\u00ed<\/li>\n<li>A prueba de salpicaduras    S\u00ed<\/li>\n<li>Libre de ftalato    S\u00ed<\/li>\n<li>Materiales    Silicone<\/li>\n<\/ul>\n","protected":false},"excerpt":{"rendered":"<p>GREEDY GIRL ANNIVERSARY RABBIT VIBRATOR &#8211; GOLD \u00bfPuedes creer que han pasado 10 a\u00f1os? El tiempo vuela cuando tienes orgasmos<\/p>\n","protected":false},"featured_media":16164,"comment_status":"open","ping_status":"open","template":"","meta":[],"product_cat":[434],"product_tag":[858],"class_list":["post-16163","product","type-product","status-publish","has-post-thumbnail","hentry","product_cat-doble-estimulacion-vibradores-juguetes-xxx","product_tag-fifty-shades"],"bundled_by":[],"bundle_stock_status":"instock","bundle_stock_quantity":1,"bundle_virtual":false,"bundle_layout":"","bundle_add_to_cart_form_location":"","bundle_editable_in_cart":false,"bundle_sold_individually_context":"","bundle_item_grouping":"","bundle_min_size":"","bundle_max_size":"","bundled_items":[],"yoast_head":"<!-- This site is optimized with the Yoast SEO plugin v20.6 - https:\/\/yoast.com\/wordpress\/plugins\/seo\/ -->\n<title>CONEJITO VIBRADOR GREEDY GIRL - DORADO - Tienda Er\u00f3tica<\/title>\n<meta name=\"robots\" content=\"noindex, follow, max-snippet:-1, max-image-preview:large, max-video-preview:-1\" \/>\n<meta property=\"og:locale\" content=\"es_ES\" \/>\n<meta property=\"og:type\" content=\"article\" \/>\n<meta property=\"og:title\" content=\"CONEJITO VIBRADOR GREEDY GIRL - DORADO - Tienda Er\u00f3tica\" \/>\n<meta property=\"og:description\" content=\"GREEDY GIRL ANNIVERSARY RABBIT VIBRATOR &#8211; GOLD \u00bfPuedes creer que han pasado 10 a\u00f1os? El tiempo vuela cuando tienes orgasmos\" \/>\n<meta property=\"og:url\" content=\"https:\/\/demoweb.info\/sexshop001\/producto\/conejito-vibrador-greedy-girl-dorado\/\" \/>\n<meta property=\"og:site_name\" content=\"Tienda Er\u00f3tica\" \/>\n<meta property=\"article:modified_time\" content=\"2022-01-22T09:34:21+00:00\" \/>\n<meta property=\"og:image\" content=\"https:\/\/demoweb.info\/sexshop001\/wp-content\/uploads\/2022\/01\/CONEJITO-VIBRADOR-GREEDY-GIRL-DORADO.jpg\" \/>\n\t<meta property=\"og:image:width\" content=\"550\" \/>\n\t<meta property=\"og:image:height\" content=\"550\" \/>\n\t<meta property=\"og:image:type\" content=\"image\/jpeg\" \/>\n<meta name=\"twitter:card\" content=\"summary_large_image\" \/>\n<meta name=\"twitter:label1\" content=\"Tiempo de lectura\" \/>\n\t<meta name=\"twitter:data1\" content=\"1 minuto\" \/>\n<script type=\"application\/ld+json\" class=\"yoast-schema-graph\">{\"@context\":\"https:\/\/schema.org\",\"@graph\":[{\"@type\":\"WebPage\",\"@id\":\"https:\/\/demoweb.info\/sexshop001\/producto\/conejito-vibrador-greedy-girl-dorado\/\",\"url\":\"https:\/\/demoweb.info\/sexshop001\/producto\/conejito-vibrador-greedy-girl-dorado\/\",\"name\":\"CONEJITO VIBRADOR GREEDY GIRL - DORADO - Tienda Er\u00f3tica\",\"isPartOf\":{\"@id\":\"https:\/\/demoweb.info\/sexshop001\/#website\"},\"datePublished\":\"2022-01-22T09:34:10+00:00\",\"dateModified\":\"2022-01-22T09:34:21+00:00\",\"breadcrumb\":{\"@id\":\"https:\/\/demoweb.info\/sexshop001\/producto\/conejito-vibrador-greedy-girl-dorado\/#breadcrumb\"},\"inLanguage\":\"es\",\"potentialAction\":[{\"@type\":\"ReadAction\",\"target\":[\"https:\/\/demoweb.info\/sexshop001\/producto\/conejito-vibrador-greedy-girl-dorado\/\"]}]},{\"@type\":\"BreadcrumbList\",\"@id\":\"https:\/\/demoweb.info\/sexshop001\/producto\/conejito-vibrador-greedy-girl-dorado\/#breadcrumb\",\"itemListElement\":[{\"@type\":\"ListItem\",\"position\":1,\"name\":\"Portada\",\"item\":\"https:\/\/demoweb.info\/sexshop001\/\"},{\"@type\":\"ListItem\",\"position\":2,\"name\":\"Tienda\",\"item\":\"https:\/\/demoweb.info\/sexshop001\/tienda\/\"},{\"@type\":\"ListItem\",\"position\":3,\"name\":\"CONEJITO VIBRADOR GREEDY GIRL &#8211; DORADO\"}]},{\"@type\":\"WebSite\",\"@id\":\"https:\/\/demoweb.info\/sexshop001\/#website\",\"url\":\"https:\/\/demoweb.info\/sexshop001\/\",\"name\":\"Tienda Er\u00f3tica\",\"description\":\"DEMOWEB SL\",\"potentialAction\":[{\"@type\":\"SearchAction\",\"target\":{\"@type\":\"EntryPoint\",\"urlTemplate\":\"https:\/\/demoweb.info\/sexshop001\/?s={search_term_string}\"},\"query-input\":\"required name=search_term_string\"}],\"inLanguage\":\"es\"}]}<\/script>\n<!-- \/ Yoast SEO plugin. -->","yoast_head_json":{"title":"CONEJITO VIBRADOR GREEDY GIRL - DORADO - Tienda Er\u00f3tica","robots":{"index":"noindex","follow":"follow","max-snippet":"max-snippet:-1","max-image-preview":"max-image-preview:large","max-video-preview":"max-video-preview:-1"},"og_locale":"es_ES","og_type":"article","og_title":"CONEJITO VIBRADOR GREEDY GIRL - DORADO - Tienda Er\u00f3tica","og_description":"GREEDY GIRL ANNIVERSARY RABBIT VIBRATOR &#8211; GOLD \u00bfPuedes creer que han pasado 10 a\u00f1os? El tiempo vuela cuando tienes orgasmos","og_url":"https:\/\/demoweb.info\/sexshop001\/producto\/conejito-vibrador-greedy-girl-dorado\/","og_site_name":"Tienda Er\u00f3tica","article_modified_time":"2022-01-22T09:34:21+00:00","og_image":[{"width":550,"height":550,"url":"https:\/\/demoweb.info\/sexshop001\/wp-content\/uploads\/2022\/01\/CONEJITO-VIBRADOR-GREEDY-GIRL-DORADO.jpg","type":"image\/jpeg"}],"twitter_card":"summary_large_image","twitter_misc":{"Tiempo de lectura":"1 minuto"},"schema":{"@context":"https:\/\/schema.org","@graph":[{"@type":"WebPage","@id":"https:\/\/demoweb.info\/sexshop001\/producto\/conejito-vibrador-greedy-girl-dorado\/","url":"https:\/\/demoweb.info\/sexshop001\/producto\/conejito-vibrador-greedy-girl-dorado\/","name":"CONEJITO VIBRADOR GREEDY GIRL - DORADO - Tienda Er\u00f3tica","isPartOf":{"@id":"https:\/\/demoweb.info\/sexshop001\/#website"},"datePublished":"2022-01-22T09:34:10+00:00","dateModified":"2022-01-22T09:34:21+00:00","breadcrumb":{"@id":"https:\/\/demoweb.info\/sexshop001\/producto\/conejito-vibrador-greedy-girl-dorado\/#breadcrumb"},"inLanguage":"es","potentialAction":[{"@type":"ReadAction","target":["https:\/\/demoweb.info\/sexshop001\/producto\/conejito-vibrador-greedy-girl-dorado\/"]}]},{"@type":"BreadcrumbList","@id":"https:\/\/demoweb.info\/sexshop001\/producto\/conejito-vibrador-greedy-girl-dorado\/#breadcrumb","itemListElement":[{"@type":"ListItem","position":1,"name":"Portada","item":"https:\/\/demoweb.info\/sexshop001\/"},{"@type":"ListItem","position":2,"name":"Tienda","item":"https:\/\/demoweb.info\/sexshop001\/tienda\/"},{"@type":"ListItem","position":3,"name":"CONEJITO VIBRADOR GREEDY GIRL &#8211; DORADO"}]},{"@type":"WebSite","@id":"https:\/\/demoweb.info\/sexshop001\/#website","url":"https:\/\/demoweb.info\/sexshop001\/","name":"Tienda Er\u00f3tica","description":"DEMOWEB SL","potentialAction":[{"@type":"SearchAction","target":{"@type":"EntryPoint","urlTemplate":"https:\/\/demoweb.info\/sexshop001\/?s={search_term_string}"},"query-input":"required name=search_term_string"}],"inLanguage":"es"}]}},"_links":{"self":[{"href":"https:\/\/demoweb.info\/sexshop001\/wp-json\/wp\/v3\/product\/16163","targetHints":{"allow":["GET"]}}],"collection":[{"href":"https:\/\/demoweb.info\/sexshop001\/wp-json\/wp\/v3\/product"}],"about":[{"href":"https:\/\/demoweb.info\/sexshop001\/wp-json\/wp\/v2\/types\/product"}],"replies":[{"embeddable":true,"href":"https:\/\/demoweb.info\/sexshop001\/wp-json\/wp\/v2\/comments?post=16163"}],"wp:featuredmedia":[{"embeddable":true,"href":"https:\/\/demoweb.info\/sexshop001\/wp-json\/wp\/v2\/media\/16164"}],"wp:attachment":[{"href":"https:\/\/demoweb.info\/sexshop001\/wp-json\/wp\/v2\/media?parent=16163"}],"wp:term":[{"taxonomy":"product_cat","embeddable":true,"href":"https:\/\/demoweb.info\/sexshop001\/wp-json\/wp\/v2\/product_cat?post=16163"},{"taxonomy":"product_tag","embeddable":true,"href":"https:\/\/demoweb.info\/sexshop001\/wp-json\/wp\/v2\/product_tag?post=16163"}],"curies":[{"name":"wp","href":"https:\/\/api.w.org\/{rel}","templated":true}]}}