{"id":16056,"date":"2022-01-22T10:33:10","date_gmt":"2022-01-22T09:33:10","guid":{"rendered":"https:\/\/demoweb.info\/sexshop001\/producto\/empower-anillo-vibrador-azul\/"},"modified":"2022-01-22T10:33:32","modified_gmt":"2022-01-22T09:33:32","slug":"empower-anillo-vibrador-azul","status":"publish","type":"product","link":"https:\/\/demoweb.info\/sexshop001\/producto\/empower-anillo-vibrador-azul\/","title":{"rendered":"EMPOWER ANILLO VIBRADOR &#8211; AZUL"},"content":{"rendered":"<p><strong>EMPOWER &#8211; BLUE<\/strong><\/p>\n<p>Empower es un innovador estimulador de parejas que ha sido perfectamente dise\u00f1ado para llevaros a tu pareja y a ti al siguiente nivel.<\/p>\n<p>El potente motor asegura que se sientan vibraciones profundas para que pod\u00e1is dejaros llevar y sucumbir a cada momento, toque y posici\u00f3n er\u00f3tica.<\/p>\n<p>Siente como se encienden tus sentidos mientras os fund\u00eds en un frenes\u00ed de pasi\u00f3n. Utiliza tus armas de seducci\u00f3n al ritmo de las vibraciones profundas mientras Empower estimula y contornea cada zona de placer sensual, llev\u00e1ndote a ti y a tu amante a un orgasmo m\u00faltiple.<\/p>\n<p>\u00a1D\u00e9jate llevar y sigue el ritmo!<\/p>\n<p>Caracter\u00edsticas:<\/p>\n<ul>\n<li>Dimensiones del producto 11 x 5 x 2,8 cm<\/li>\n<li>Peso del producto 72 gram<\/li>\n<li>Di\u00e1metro del producto 12,5 cm<\/li>\n<li>Cantidad de motores 1<\/li>\n<li>Tipos de velocidad 10<\/li>\n<li>Velocidad m\u00faltiple S\u00ed<\/li>\n<li>Recargable S\u00ed<\/li>\n<li>Tiempo de recarga 180 min<\/li>\n<li>Vida de la recarga de las bater\u00edas 180 min<\/li>\n<li>A prueba de agua S\u00ed<\/li>\n<li>A prueba de salpicaduras S\u00ed<\/li>\n<li>Libre de ftalato S\u00ed<\/li>\n<li>Materiales Silicone \/ ABS<\/li>\n<\/ul>\n","protected":false},"excerpt":{"rendered":"<p>EMPOWER &#8211; BLUE Empower es un innovador estimulador de parejas que ha sido perfectamente dise\u00f1ado para llevaros a tu pareja<\/p>\n","protected":false},"featured_media":16057,"comment_status":"open","ping_status":"open","template":"","meta":[],"product_cat":[438],"product_tag":[413],"class_list":["post-16056","product","type-product","status-publish","has-post-thumbnail","hentry","product_cat-con-vibrador-anillos","product_tag-rocks-off"],"bundled_by":[],"bundle_stock_status":"instock","bundle_stock_quantity":2,"bundle_virtual":false,"bundle_layout":"","bundle_add_to_cart_form_location":"","bundle_editable_in_cart":false,"bundle_sold_individually_context":"","bundle_item_grouping":"","bundle_min_size":"","bundle_max_size":"","bundled_items":[],"yoast_head":"<!-- This site is optimized with the Yoast SEO plugin v20.6 - https:\/\/yoast.com\/wordpress\/plugins\/seo\/ -->\n<title>EMPOWER ANILLO VIBRADOR - AZUL - Tienda Er\u00f3tica<\/title>\n<meta name=\"robots\" content=\"noindex, follow, max-snippet:-1, max-image-preview:large, max-video-preview:-1\" \/>\n<meta property=\"og:locale\" content=\"es_ES\" \/>\n<meta property=\"og:type\" content=\"article\" \/>\n<meta property=\"og:title\" content=\"EMPOWER ANILLO VIBRADOR - AZUL - Tienda Er\u00f3tica\" \/>\n<meta property=\"og:description\" content=\"EMPOWER &#8211; BLUE Empower es un innovador estimulador de parejas que ha sido perfectamente dise\u00f1ado para llevaros a tu pareja\" \/>\n<meta property=\"og:url\" content=\"https:\/\/demoweb.info\/sexshop001\/producto\/empower-anillo-vibrador-azul\/\" \/>\n<meta property=\"og:site_name\" content=\"Tienda Er\u00f3tica\" \/>\n<meta property=\"article:modified_time\" content=\"2022-01-22T09:33:32+00:00\" \/>\n<meta property=\"og:image\" content=\"https:\/\/demoweb.info\/sexshop001\/wp-content\/uploads\/2022\/01\/EMPOWER-ANILLO-VIBRADOR-AZUL.jpg\" \/>\n\t<meta property=\"og:image:width\" content=\"550\" \/>\n\t<meta property=\"og:image:height\" content=\"550\" \/>\n\t<meta property=\"og:image:type\" content=\"image\/jpeg\" \/>\n<meta name=\"twitter:card\" content=\"summary_large_image\" \/>\n<meta name=\"twitter:label1\" content=\"Tiempo de lectura\" \/>\n\t<meta name=\"twitter:data1\" content=\"1 minuto\" \/>\n<script type=\"application\/ld+json\" class=\"yoast-schema-graph\">{\"@context\":\"https:\/\/schema.org\",\"@graph\":[{\"@type\":\"WebPage\",\"@id\":\"https:\/\/demoweb.info\/sexshop001\/producto\/empower-anillo-vibrador-azul\/\",\"url\":\"https:\/\/demoweb.info\/sexshop001\/producto\/empower-anillo-vibrador-azul\/\",\"name\":\"EMPOWER ANILLO VIBRADOR - AZUL - Tienda Er\u00f3tica\",\"isPartOf\":{\"@id\":\"https:\/\/demoweb.info\/sexshop001\/#website\"},\"datePublished\":\"2022-01-22T09:33:10+00:00\",\"dateModified\":\"2022-01-22T09:33:32+00:00\",\"breadcrumb\":{\"@id\":\"https:\/\/demoweb.info\/sexshop001\/producto\/empower-anillo-vibrador-azul\/#breadcrumb\"},\"inLanguage\":\"es\",\"potentialAction\":[{\"@type\":\"ReadAction\",\"target\":[\"https:\/\/demoweb.info\/sexshop001\/producto\/empower-anillo-vibrador-azul\/\"]}]},{\"@type\":\"BreadcrumbList\",\"@id\":\"https:\/\/demoweb.info\/sexshop001\/producto\/empower-anillo-vibrador-azul\/#breadcrumb\",\"itemListElement\":[{\"@type\":\"ListItem\",\"position\":1,\"name\":\"Portada\",\"item\":\"https:\/\/demoweb.info\/sexshop001\/\"},{\"@type\":\"ListItem\",\"position\":2,\"name\":\"Tienda\",\"item\":\"https:\/\/demoweb.info\/sexshop001\/tienda\/\"},{\"@type\":\"ListItem\",\"position\":3,\"name\":\"EMPOWER ANILLO VIBRADOR &#8211; AZUL\"}]},{\"@type\":\"WebSite\",\"@id\":\"https:\/\/demoweb.info\/sexshop001\/#website\",\"url\":\"https:\/\/demoweb.info\/sexshop001\/\",\"name\":\"Tienda Er\u00f3tica\",\"description\":\"DEMOWEB SL\",\"potentialAction\":[{\"@type\":\"SearchAction\",\"target\":{\"@type\":\"EntryPoint\",\"urlTemplate\":\"https:\/\/demoweb.info\/sexshop001\/?s={search_term_string}\"},\"query-input\":\"required name=search_term_string\"}],\"inLanguage\":\"es\"}]}<\/script>\n<!-- \/ Yoast SEO plugin. -->","yoast_head_json":{"title":"EMPOWER ANILLO VIBRADOR - AZUL - Tienda Er\u00f3tica","robots":{"index":"noindex","follow":"follow","max-snippet":"max-snippet:-1","max-image-preview":"max-image-preview:large","max-video-preview":"max-video-preview:-1"},"og_locale":"es_ES","og_type":"article","og_title":"EMPOWER ANILLO VIBRADOR - AZUL - Tienda Er\u00f3tica","og_description":"EMPOWER &#8211; BLUE Empower es un innovador estimulador de parejas que ha sido perfectamente dise\u00f1ado para llevaros a tu pareja","og_url":"https:\/\/demoweb.info\/sexshop001\/producto\/empower-anillo-vibrador-azul\/","og_site_name":"Tienda Er\u00f3tica","article_modified_time":"2022-01-22T09:33:32+00:00","og_image":[{"width":550,"height":550,"url":"https:\/\/demoweb.info\/sexshop001\/wp-content\/uploads\/2022\/01\/EMPOWER-ANILLO-VIBRADOR-AZUL.jpg","type":"image\/jpeg"}],"twitter_card":"summary_large_image","twitter_misc":{"Tiempo de lectura":"1 minuto"},"schema":{"@context":"https:\/\/schema.org","@graph":[{"@type":"WebPage","@id":"https:\/\/demoweb.info\/sexshop001\/producto\/empower-anillo-vibrador-azul\/","url":"https:\/\/demoweb.info\/sexshop001\/producto\/empower-anillo-vibrador-azul\/","name":"EMPOWER ANILLO VIBRADOR - AZUL - Tienda Er\u00f3tica","isPartOf":{"@id":"https:\/\/demoweb.info\/sexshop001\/#website"},"datePublished":"2022-01-22T09:33:10+00:00","dateModified":"2022-01-22T09:33:32+00:00","breadcrumb":{"@id":"https:\/\/demoweb.info\/sexshop001\/producto\/empower-anillo-vibrador-azul\/#breadcrumb"},"inLanguage":"es","potentialAction":[{"@type":"ReadAction","target":["https:\/\/demoweb.info\/sexshop001\/producto\/empower-anillo-vibrador-azul\/"]}]},{"@type":"BreadcrumbList","@id":"https:\/\/demoweb.info\/sexshop001\/producto\/empower-anillo-vibrador-azul\/#breadcrumb","itemListElement":[{"@type":"ListItem","position":1,"name":"Portada","item":"https:\/\/demoweb.info\/sexshop001\/"},{"@type":"ListItem","position":2,"name":"Tienda","item":"https:\/\/demoweb.info\/sexshop001\/tienda\/"},{"@type":"ListItem","position":3,"name":"EMPOWER ANILLO VIBRADOR &#8211; AZUL"}]},{"@type":"WebSite","@id":"https:\/\/demoweb.info\/sexshop001\/#website","url":"https:\/\/demoweb.info\/sexshop001\/","name":"Tienda Er\u00f3tica","description":"DEMOWEB SL","potentialAction":[{"@type":"SearchAction","target":{"@type":"EntryPoint","urlTemplate":"https:\/\/demoweb.info\/sexshop001\/?s={search_term_string}"},"query-input":"required name=search_term_string"}],"inLanguage":"es"}]}},"_links":{"self":[{"href":"https:\/\/demoweb.info\/sexshop001\/wp-json\/wp\/v3\/product\/16056","targetHints":{"allow":["GET"]}}],"collection":[{"href":"https:\/\/demoweb.info\/sexshop001\/wp-json\/wp\/v3\/product"}],"about":[{"href":"https:\/\/demoweb.info\/sexshop001\/wp-json\/wp\/v2\/types\/product"}],"replies":[{"embeddable":true,"href":"https:\/\/demoweb.info\/sexshop001\/wp-json\/wp\/v2\/comments?post=16056"}],"wp:featuredmedia":[{"embeddable":true,"href":"https:\/\/demoweb.info\/sexshop001\/wp-json\/wp\/v2\/media\/16057"}],"wp:attachment":[{"href":"https:\/\/demoweb.info\/sexshop001\/wp-json\/wp\/v2\/media?parent=16056"}],"wp:term":[{"taxonomy":"product_cat","embeddable":true,"href":"https:\/\/demoweb.info\/sexshop001\/wp-json\/wp\/v2\/product_cat?post=16056"},{"taxonomy":"product_tag","embeddable":true,"href":"https:\/\/demoweb.info\/sexshop001\/wp-json\/wp\/v2\/product_tag?post=16056"}],"curies":[{"name":"wp","href":"https:\/\/api.w.org\/{rel}","templated":true}]}}