{"id":15961,"date":"2022-01-22T10:32:43","date_gmt":"2022-01-22T09:32:43","guid":{"rendered":"https:\/\/demoweb.info\/sexshop001\/producto\/juego-de-cartas-nice-talk-dirty\/"},"modified":"2022-01-22T10:32:45","modified_gmt":"2022-01-22T09:32:45","slug":"juego-de-cartas-nice-talk-dirty","status":"publish","type":"product","link":"https:\/\/demoweb.info\/sexshop001\/producto\/juego-de-cartas-nice-talk-dirty\/","title":{"rendered":"JUEGO DE CARTAS &#8211; NICE TALK DIRTY"},"content":{"rendered":"<p><strong>PLAY NICE TALK DIRTY INSPIRATION CARDS<\/strong><\/p>\n<p>Inspira nuevas chispas para volar en el dormitorio cuando saques tu paquete de cartas de juego de Fifty Shades.<br \/>\nAdornadas con citas de los libros que aumentan la confianza, cada tarjeta cuenta con una frase e instrucciones atractivas para que tu y tu pareja exploreis juntos.<\/p>\n<p>Juego, se\u00f1orita Steele. &#8211; Cincuenta tonos liberados<\/p>\n<p>Dise\u00f1ado como una baraja est\u00e1ndar, hay 52 cartas y cuatro palos cl\u00e1sicos de Cincuenta sombras: la llave, la corbata, los pu\u00f1os y el anillo.<br \/>\nPero estos son mucho m\u00e1s que los naipes promedio: cada uno tiene una frase en negrita para ayudarlo a dominar el arte de hablar sucio.<\/p>\n<p>Explora tres formas sugeridas de jugar, \u00fasalas para crear un gui\u00f3n para ese juego de roles que ha estado deseando probar, o simplemente tomad turnos para dibujar tarjetas y ejecutar las instrucciones.<br \/>\nIncluso podr\u00eda usarlos para convertir cualquiera de sus juegos de cartas cl\u00e1sicos favoritos en versiones con clasificaci\u00f3n X.<\/p><\/p>\n","protected":false},"excerpt":{"rendered":"<p>PLAY NICE TALK DIRTY INSPIRATION CARDS Inspira nuevas chispas para volar en el dormitorio cuando saques tu paquete de cartas<\/p>\n","protected":false},"featured_media":15962,"comment_status":"open","ping_status":"open","template":"","meta":[],"product_cat":[839],"product_tag":[858],"class_list":["post-15961","product","type-product","status-publish","has-post-thumbnail","hentry","product_cat-amigo-invisible","product_tag-fifty-shades"],"bundled_by":[],"bundle_stock_status":"instock","bundle_stock_quantity":2,"bundle_virtual":false,"bundle_layout":"","bundle_add_to_cart_form_location":"","bundle_editable_in_cart":false,"bundle_sold_individually_context":"","bundle_item_grouping":"","bundle_min_size":"","bundle_max_size":"","bundled_items":[],"yoast_head":"<!-- This site is optimized with the Yoast SEO plugin v20.6 - https:\/\/yoast.com\/wordpress\/plugins\/seo\/ -->\n<title>JUEGO DE CARTAS - NICE TALK DIRTY - Tienda Er\u00f3tica<\/title>\n<meta name=\"robots\" content=\"noindex, follow, max-snippet:-1, max-image-preview:large, max-video-preview:-1\" \/>\n<meta property=\"og:locale\" content=\"es_ES\" \/>\n<meta property=\"og:type\" content=\"article\" \/>\n<meta property=\"og:title\" content=\"JUEGO DE CARTAS - NICE TALK DIRTY - Tienda Er\u00f3tica\" \/>\n<meta property=\"og:description\" content=\"PLAY NICE TALK DIRTY INSPIRATION CARDS Inspira nuevas chispas para volar en el dormitorio cuando saques tu paquete de cartas\" \/>\n<meta property=\"og:url\" content=\"https:\/\/demoweb.info\/sexshop001\/producto\/juego-de-cartas-nice-talk-dirty\/\" \/>\n<meta property=\"og:site_name\" content=\"Tienda Er\u00f3tica\" \/>\n<meta property=\"article:modified_time\" content=\"2022-01-22T09:32:45+00:00\" \/>\n<meta property=\"og:image\" content=\"https:\/\/demoweb.info\/sexshop001\/wp-content\/uploads\/2022\/01\/JUEGO-DE-CARTAS-NICE-TALK-DIRTY.jpg\" \/>\n\t<meta property=\"og:image:width\" content=\"550\" \/>\n\t<meta property=\"og:image:height\" content=\"550\" \/>\n\t<meta property=\"og:image:type\" content=\"image\/jpeg\" \/>\n<meta name=\"twitter:card\" content=\"summary_large_image\" \/>\n<meta name=\"twitter:label1\" content=\"Tiempo de lectura\" \/>\n\t<meta name=\"twitter:data1\" content=\"1 minuto\" \/>\n<script type=\"application\/ld+json\" class=\"yoast-schema-graph\">{\"@context\":\"https:\/\/schema.org\",\"@graph\":[{\"@type\":\"WebPage\",\"@id\":\"https:\/\/demoweb.info\/sexshop001\/producto\/juego-de-cartas-nice-talk-dirty\/\",\"url\":\"https:\/\/demoweb.info\/sexshop001\/producto\/juego-de-cartas-nice-talk-dirty\/\",\"name\":\"JUEGO DE CARTAS - NICE TALK DIRTY - Tienda Er\u00f3tica\",\"isPartOf\":{\"@id\":\"https:\/\/demoweb.info\/sexshop001\/#website\"},\"datePublished\":\"2022-01-22T09:32:43+00:00\",\"dateModified\":\"2022-01-22T09:32:45+00:00\",\"breadcrumb\":{\"@id\":\"https:\/\/demoweb.info\/sexshop001\/producto\/juego-de-cartas-nice-talk-dirty\/#breadcrumb\"},\"inLanguage\":\"es\",\"potentialAction\":[{\"@type\":\"ReadAction\",\"target\":[\"https:\/\/demoweb.info\/sexshop001\/producto\/juego-de-cartas-nice-talk-dirty\/\"]}]},{\"@type\":\"BreadcrumbList\",\"@id\":\"https:\/\/demoweb.info\/sexshop001\/producto\/juego-de-cartas-nice-talk-dirty\/#breadcrumb\",\"itemListElement\":[{\"@type\":\"ListItem\",\"position\":1,\"name\":\"Portada\",\"item\":\"https:\/\/demoweb.info\/sexshop001\/\"},{\"@type\":\"ListItem\",\"position\":2,\"name\":\"Tienda\",\"item\":\"https:\/\/demoweb.info\/sexshop001\/tienda\/\"},{\"@type\":\"ListItem\",\"position\":3,\"name\":\"JUEGO DE CARTAS &#8211; NICE TALK DIRTY\"}]},{\"@type\":\"WebSite\",\"@id\":\"https:\/\/demoweb.info\/sexshop001\/#website\",\"url\":\"https:\/\/demoweb.info\/sexshop001\/\",\"name\":\"Tienda Er\u00f3tica\",\"description\":\"DEMOWEB SL\",\"potentialAction\":[{\"@type\":\"SearchAction\",\"target\":{\"@type\":\"EntryPoint\",\"urlTemplate\":\"https:\/\/demoweb.info\/sexshop001\/?s={search_term_string}\"},\"query-input\":\"required name=search_term_string\"}],\"inLanguage\":\"es\"}]}<\/script>\n<!-- \/ Yoast SEO plugin. -->","yoast_head_json":{"title":"JUEGO DE CARTAS - NICE TALK DIRTY - Tienda Er\u00f3tica","robots":{"index":"noindex","follow":"follow","max-snippet":"max-snippet:-1","max-image-preview":"max-image-preview:large","max-video-preview":"max-video-preview:-1"},"og_locale":"es_ES","og_type":"article","og_title":"JUEGO DE CARTAS - NICE TALK DIRTY - Tienda Er\u00f3tica","og_description":"PLAY NICE TALK DIRTY INSPIRATION CARDS Inspira nuevas chispas para volar en el dormitorio cuando saques tu paquete de cartas","og_url":"https:\/\/demoweb.info\/sexshop001\/producto\/juego-de-cartas-nice-talk-dirty\/","og_site_name":"Tienda Er\u00f3tica","article_modified_time":"2022-01-22T09:32:45+00:00","og_image":[{"width":550,"height":550,"url":"https:\/\/demoweb.info\/sexshop001\/wp-content\/uploads\/2022\/01\/JUEGO-DE-CARTAS-NICE-TALK-DIRTY.jpg","type":"image\/jpeg"}],"twitter_card":"summary_large_image","twitter_misc":{"Tiempo de lectura":"1 minuto"},"schema":{"@context":"https:\/\/schema.org","@graph":[{"@type":"WebPage","@id":"https:\/\/demoweb.info\/sexshop001\/producto\/juego-de-cartas-nice-talk-dirty\/","url":"https:\/\/demoweb.info\/sexshop001\/producto\/juego-de-cartas-nice-talk-dirty\/","name":"JUEGO DE CARTAS - NICE TALK DIRTY - Tienda Er\u00f3tica","isPartOf":{"@id":"https:\/\/demoweb.info\/sexshop001\/#website"},"datePublished":"2022-01-22T09:32:43+00:00","dateModified":"2022-01-22T09:32:45+00:00","breadcrumb":{"@id":"https:\/\/demoweb.info\/sexshop001\/producto\/juego-de-cartas-nice-talk-dirty\/#breadcrumb"},"inLanguage":"es","potentialAction":[{"@type":"ReadAction","target":["https:\/\/demoweb.info\/sexshop001\/producto\/juego-de-cartas-nice-talk-dirty\/"]}]},{"@type":"BreadcrumbList","@id":"https:\/\/demoweb.info\/sexshop001\/producto\/juego-de-cartas-nice-talk-dirty\/#breadcrumb","itemListElement":[{"@type":"ListItem","position":1,"name":"Portada","item":"https:\/\/demoweb.info\/sexshop001\/"},{"@type":"ListItem","position":2,"name":"Tienda","item":"https:\/\/demoweb.info\/sexshop001\/tienda\/"},{"@type":"ListItem","position":3,"name":"JUEGO DE CARTAS &#8211; NICE TALK DIRTY"}]},{"@type":"WebSite","@id":"https:\/\/demoweb.info\/sexshop001\/#website","url":"https:\/\/demoweb.info\/sexshop001\/","name":"Tienda Er\u00f3tica","description":"DEMOWEB SL","potentialAction":[{"@type":"SearchAction","target":{"@type":"EntryPoint","urlTemplate":"https:\/\/demoweb.info\/sexshop001\/?s={search_term_string}"},"query-input":"required name=search_term_string"}],"inLanguage":"es"}]}},"_links":{"self":[{"href":"https:\/\/demoweb.info\/sexshop001\/wp-json\/wp\/v3\/product\/15961","targetHints":{"allow":["GET"]}}],"collection":[{"href":"https:\/\/demoweb.info\/sexshop001\/wp-json\/wp\/v3\/product"}],"about":[{"href":"https:\/\/demoweb.info\/sexshop001\/wp-json\/wp\/v2\/types\/product"}],"replies":[{"embeddable":true,"href":"https:\/\/demoweb.info\/sexshop001\/wp-json\/wp\/v2\/comments?post=15961"}],"wp:featuredmedia":[{"embeddable":true,"href":"https:\/\/demoweb.info\/sexshop001\/wp-json\/wp\/v2\/media\/15962"}],"wp:attachment":[{"href":"https:\/\/demoweb.info\/sexshop001\/wp-json\/wp\/v2\/media?parent=15961"}],"wp:term":[{"taxonomy":"product_cat","embeddable":true,"href":"https:\/\/demoweb.info\/sexshop001\/wp-json\/wp\/v2\/product_cat?post=15961"},{"taxonomy":"product_tag","embeddable":true,"href":"https:\/\/demoweb.info\/sexshop001\/wp-json\/wp\/v2\/product_tag?post=15961"}],"curies":[{"name":"wp","href":"https:\/\/api.w.org\/{rel}","templated":true}]}}