{"id":15380,"date":"2022-01-22T10:28:26","date_gmt":"2022-01-22T09:28:26","guid":{"rendered":"https:\/\/demoweb.info\/sexshop001\/producto\/neon-vibrador-lil-conejito-azul\/"},"modified":"2022-01-22T10:28:27","modified_gmt":"2022-01-22T09:28:27","slug":"neon-vibrador-lil-conejito-azul","status":"publish","type":"product","link":"https:\/\/demoweb.info\/sexshop001\/producto\/neon-vibrador-lil-conejito-azul\/","title":{"rendered":"NEON VIBRADOR LIL CONEJITO AZUL"},"content":{"rendered":"<p><strong>NEON LIL RABBIT BLUE<\/strong><\/p>\n<p>Consigue el toque justo de satisfacci\u00f3n con este conejito de NEON LIL! No dejes que su peque\u00f1o tama\u00f1o te enga\u00f1e, porque esta amante de energ\u00eda vibrante tiene mucha potencia que ofrecerte. Gire el dial en el potente conejito micro y siente las vibraciones incre\u00edbles . El <strong>TPE <\/strong>libre de ftalatos respeta tu cuerpo, es higi\u00e9nico y se siente muy bien contra la piel.<\/p>\n<p>Pru\u00e9balo en el spa o ducha y convertir la hora del ba\u00f1o en vez de placer!<\/p>\n<p>Medidas: 7 cm. longitud x 2 cm. di\u00e1metro.<\/p>\n<p>Funciona <strong>LR44 \/ AG13 (1.5V)<\/strong> incluidas<\/p>\n","protected":false},"excerpt":{"rendered":"<p>NEON LIL RABBIT BLUE Consigue el toque justo de satisfacci\u00f3n con este conejito de NEON LIL! No dejes que su<\/p>\n","protected":false},"featured_media":15381,"comment_status":"open","ping_status":"open","template":"","meta":[],"product_cat":[370],"product_tag":[838,259],"class_list":["post-15380","product","type-product","status-publish","has-post-thumbnail","hentry","product_cat-clitoris","product_tag-neon","product_tag-pipedream"],"bundled_by":[],"bundle_stock_status":"instock","bundle_stock_quantity":6,"bundle_virtual":false,"bundle_layout":"","bundle_add_to_cart_form_location":"","bundle_editable_in_cart":false,"bundle_sold_individually_context":"","bundle_item_grouping":"","bundle_min_size":"","bundle_max_size":"","bundled_items":[],"yoast_head":"<!-- This site is optimized with the Yoast SEO plugin v20.6 - https:\/\/yoast.com\/wordpress\/plugins\/seo\/ -->\n<title>NEON VIBRADOR LIL CONEJITO AZUL - Tienda Er\u00f3tica<\/title>\n<meta name=\"robots\" content=\"noindex, follow, max-snippet:-1, max-image-preview:large, max-video-preview:-1\" \/>\n<meta property=\"og:locale\" content=\"es_ES\" \/>\n<meta property=\"og:type\" content=\"article\" \/>\n<meta property=\"og:title\" content=\"NEON VIBRADOR LIL CONEJITO AZUL - Tienda Er\u00f3tica\" \/>\n<meta property=\"og:description\" content=\"NEON LIL RABBIT BLUE Consigue el toque justo de satisfacci\u00f3n con este conejito de NEON LIL! No dejes que su\" \/>\n<meta property=\"og:url\" content=\"https:\/\/demoweb.info\/sexshop001\/producto\/neon-vibrador-lil-conejito-azul\/\" \/>\n<meta property=\"og:site_name\" content=\"Tienda Er\u00f3tica\" \/>\n<meta property=\"article:modified_time\" content=\"2022-01-22T09:28:27+00:00\" \/>\n<meta property=\"og:image\" content=\"https:\/\/demoweb.info\/sexshop001\/wp-content\/uploads\/2022\/01\/NEON-VIBRADOR-LIL-CONEJITO-AZUL.jpg\" \/>\n\t<meta property=\"og:image:width\" content=\"550\" \/>\n\t<meta property=\"og:image:height\" content=\"550\" \/>\n\t<meta property=\"og:image:type\" content=\"image\/jpeg\" \/>\n<meta name=\"twitter:card\" content=\"summary_large_image\" \/>\n<meta name=\"twitter:label1\" content=\"Tiempo de lectura\" \/>\n\t<meta name=\"twitter:data1\" content=\"1 minuto\" \/>\n<script type=\"application\/ld+json\" class=\"yoast-schema-graph\">{\"@context\":\"https:\/\/schema.org\",\"@graph\":[{\"@type\":\"WebPage\",\"@id\":\"https:\/\/demoweb.info\/sexshop001\/producto\/neon-vibrador-lil-conejito-azul\/\",\"url\":\"https:\/\/demoweb.info\/sexshop001\/producto\/neon-vibrador-lil-conejito-azul\/\",\"name\":\"NEON VIBRADOR LIL CONEJITO AZUL - Tienda Er\u00f3tica\",\"isPartOf\":{\"@id\":\"https:\/\/demoweb.info\/sexshop001\/#website\"},\"datePublished\":\"2022-01-22T09:28:26+00:00\",\"dateModified\":\"2022-01-22T09:28:27+00:00\",\"breadcrumb\":{\"@id\":\"https:\/\/demoweb.info\/sexshop001\/producto\/neon-vibrador-lil-conejito-azul\/#breadcrumb\"},\"inLanguage\":\"es\",\"potentialAction\":[{\"@type\":\"ReadAction\",\"target\":[\"https:\/\/demoweb.info\/sexshop001\/producto\/neon-vibrador-lil-conejito-azul\/\"]}]},{\"@type\":\"BreadcrumbList\",\"@id\":\"https:\/\/demoweb.info\/sexshop001\/producto\/neon-vibrador-lil-conejito-azul\/#breadcrumb\",\"itemListElement\":[{\"@type\":\"ListItem\",\"position\":1,\"name\":\"Portada\",\"item\":\"https:\/\/demoweb.info\/sexshop001\/\"},{\"@type\":\"ListItem\",\"position\":2,\"name\":\"Tienda\",\"item\":\"https:\/\/demoweb.info\/sexshop001\/tienda\/\"},{\"@type\":\"ListItem\",\"position\":3,\"name\":\"NEON VIBRADOR LIL CONEJITO AZUL\"}]},{\"@type\":\"WebSite\",\"@id\":\"https:\/\/demoweb.info\/sexshop001\/#website\",\"url\":\"https:\/\/demoweb.info\/sexshop001\/\",\"name\":\"Tienda Er\u00f3tica\",\"description\":\"DEMOWEB SL\",\"potentialAction\":[{\"@type\":\"SearchAction\",\"target\":{\"@type\":\"EntryPoint\",\"urlTemplate\":\"https:\/\/demoweb.info\/sexshop001\/?s={search_term_string}\"},\"query-input\":\"required name=search_term_string\"}],\"inLanguage\":\"es\"}]}<\/script>\n<!-- \/ Yoast SEO plugin. -->","yoast_head_json":{"title":"NEON VIBRADOR LIL CONEJITO AZUL - Tienda Er\u00f3tica","robots":{"index":"noindex","follow":"follow","max-snippet":"max-snippet:-1","max-image-preview":"max-image-preview:large","max-video-preview":"max-video-preview:-1"},"og_locale":"es_ES","og_type":"article","og_title":"NEON VIBRADOR LIL CONEJITO AZUL - Tienda Er\u00f3tica","og_description":"NEON LIL RABBIT BLUE Consigue el toque justo de satisfacci\u00f3n con este conejito de NEON LIL! No dejes que su","og_url":"https:\/\/demoweb.info\/sexshop001\/producto\/neon-vibrador-lil-conejito-azul\/","og_site_name":"Tienda Er\u00f3tica","article_modified_time":"2022-01-22T09:28:27+00:00","og_image":[{"width":550,"height":550,"url":"https:\/\/demoweb.info\/sexshop001\/wp-content\/uploads\/2022\/01\/NEON-VIBRADOR-LIL-CONEJITO-AZUL.jpg","type":"image\/jpeg"}],"twitter_card":"summary_large_image","twitter_misc":{"Tiempo de lectura":"1 minuto"},"schema":{"@context":"https:\/\/schema.org","@graph":[{"@type":"WebPage","@id":"https:\/\/demoweb.info\/sexshop001\/producto\/neon-vibrador-lil-conejito-azul\/","url":"https:\/\/demoweb.info\/sexshop001\/producto\/neon-vibrador-lil-conejito-azul\/","name":"NEON VIBRADOR LIL CONEJITO AZUL - Tienda Er\u00f3tica","isPartOf":{"@id":"https:\/\/demoweb.info\/sexshop001\/#website"},"datePublished":"2022-01-22T09:28:26+00:00","dateModified":"2022-01-22T09:28:27+00:00","breadcrumb":{"@id":"https:\/\/demoweb.info\/sexshop001\/producto\/neon-vibrador-lil-conejito-azul\/#breadcrumb"},"inLanguage":"es","potentialAction":[{"@type":"ReadAction","target":["https:\/\/demoweb.info\/sexshop001\/producto\/neon-vibrador-lil-conejito-azul\/"]}]},{"@type":"BreadcrumbList","@id":"https:\/\/demoweb.info\/sexshop001\/producto\/neon-vibrador-lil-conejito-azul\/#breadcrumb","itemListElement":[{"@type":"ListItem","position":1,"name":"Portada","item":"https:\/\/demoweb.info\/sexshop001\/"},{"@type":"ListItem","position":2,"name":"Tienda","item":"https:\/\/demoweb.info\/sexshop001\/tienda\/"},{"@type":"ListItem","position":3,"name":"NEON VIBRADOR LIL CONEJITO AZUL"}]},{"@type":"WebSite","@id":"https:\/\/demoweb.info\/sexshop001\/#website","url":"https:\/\/demoweb.info\/sexshop001\/","name":"Tienda Er\u00f3tica","description":"DEMOWEB SL","potentialAction":[{"@type":"SearchAction","target":{"@type":"EntryPoint","urlTemplate":"https:\/\/demoweb.info\/sexshop001\/?s={search_term_string}"},"query-input":"required name=search_term_string"}],"inLanguage":"es"}]}},"_links":{"self":[{"href":"https:\/\/demoweb.info\/sexshop001\/wp-json\/wp\/v3\/product\/15380","targetHints":{"allow":["GET"]}}],"collection":[{"href":"https:\/\/demoweb.info\/sexshop001\/wp-json\/wp\/v3\/product"}],"about":[{"href":"https:\/\/demoweb.info\/sexshop001\/wp-json\/wp\/v2\/types\/product"}],"replies":[{"embeddable":true,"href":"https:\/\/demoweb.info\/sexshop001\/wp-json\/wp\/v2\/comments?post=15380"}],"wp:featuredmedia":[{"embeddable":true,"href":"https:\/\/demoweb.info\/sexshop001\/wp-json\/wp\/v2\/media\/15381"}],"wp:attachment":[{"href":"https:\/\/demoweb.info\/sexshop001\/wp-json\/wp\/v2\/media?parent=15380"}],"wp:term":[{"taxonomy":"product_cat","embeddable":true,"href":"https:\/\/demoweb.info\/sexshop001\/wp-json\/wp\/v2\/product_cat?post=15380"},{"taxonomy":"product_tag","embeddable":true,"href":"https:\/\/demoweb.info\/sexshop001\/wp-json\/wp\/v2\/product_tag?post=15380"}],"curies":[{"name":"wp","href":"https:\/\/api.w.org\/{rel}","templated":true}]}}