{"id":15321,"date":"2022-01-22T10:27:48","date_gmt":"2022-01-22T09:27:48","guid":{"rendered":"https:\/\/demoweb.info\/sexshop001\/producto\/o-boy-7-velocidades-masajeador-del-punto-g-masculino-negro\/"},"modified":"2022-01-22T10:27:59","modified_gmt":"2022-01-22T09:27:59","slug":"o-boy-7-velocidades-masajeador-del-punto-g-masculino-negro","status":"publish","type":"product","link":"https:\/\/demoweb.info\/sexshop001\/producto\/o-boy-7-velocidades-masajeador-del-punto-g-masculino-negro\/","title":{"rendered":"O BOY 7 VELOCIDADES MASAJEADOR DEL PUNTO G MASCULINO NEGRO"},"content":{"rendered":"<p><strong>O-BOY 7 SPEED BLACK<\/strong> es un masajeador desarrollado como un juguete sexual para ayudar al hombre a estimular al mismo tiempo la <strong>Pr\u00f3stata<\/strong>, la zona del <strong>perineo<\/strong> y los <strong>test\u00edculos<\/strong>, fabricado en <strong>silicona segura de grado m\u00e9dico<\/strong>.<\/p>\n<p>Estas zonas conocidas como el <strong>Punto G Masculino<\/strong>, son las que controlan e <strong>incrementan la erecci\u00f3n, el orgasmo y la eyaculaci\u00f3n<\/strong>. Son las zonas donde se encuentran el centro del Placer.<\/p>\n<p>El nuevo<strong> O-Boy<\/strong> incorpora una mejora que lo hace \u00fanico en su especie, dispone de un potente vibrador dispuesto para maximizar las sensaciones en una de las zonas m\u00e1s er\u00f3genas del cuerpo masculino, el <strong>perineo<\/strong>.<\/p>\n<p>Se adapta perfectamente al conducto anal masculino para alcanzar la pr\u00f3stata, provocando con su vibraci\u00f3n un suave masaje prot\u00e1stico.<\/p>\n<p>Vibraci\u00f3n fuerte y silenciosa.<\/p>\n<p>Es <strong>resistente al agua<\/strong>, con lo cual puedes usarlo tambi\u00e9n en la ducha. El <strong>O-Boy<\/strong>, puede ser utilizado durante la <strong>masturbaci\u00f3n<\/strong>, o en el juego sexual para incrementan la erecci\u00f3n y el orgasmo.<\/p>\n<p>El <strong>O-Boy<\/strong>, es capaz de transformar el orgasmo masculino en una experiencia de liberaci\u00f3n y \u00e9xtasis.<\/p>\n<p>La unidad vibradora es extra\u00edble con lo que siempre podr\u00e1s mantenerlo en perfectas condiciones, adem\u00e1s de darle otros usos&#8230;<\/p>\n<p>Medidas: 7,5 cm x 1,5 cm.<\/p>\n<p>Funciona con 1 pila <strong>LR1<\/strong> que viene incluida.<\/p>\n","protected":false},"excerpt":{"rendered":"<p>O-BOY 7 SPEED BLACK es un masajeador desarrollado como un juguete sexual para ayudar al hombre a estimular al mismo<\/p>\n","protected":false},"featured_media":15322,"comment_status":"open","ping_status":"open","template":"","meta":[],"product_cat":[338],"product_tag":[413],"class_list":["post-15321","product","type-product","status-publish","has-post-thumbnail","hentry","product_cat-silicona-plugs","product_tag-rocks-off"],"bundled_by":[],"bundle_stock_status":"instock","bundle_stock_quantity":3,"bundle_virtual":false,"bundle_layout":"","bundle_add_to_cart_form_location":"","bundle_editable_in_cart":false,"bundle_sold_individually_context":"","bundle_item_grouping":"","bundle_min_size":"","bundle_max_size":"","bundled_items":[],"yoast_head":"<!-- This site is optimized with the Yoast SEO plugin v20.6 - https:\/\/yoast.com\/wordpress\/plugins\/seo\/ -->\n<title>O BOY 7 VELOCIDADES MASAJEADOR DEL PUNTO G MASCULINO NEGRO - Tienda Er\u00f3tica<\/title>\n<meta name=\"robots\" content=\"noindex, follow, max-snippet:-1, max-image-preview:large, max-video-preview:-1\" \/>\n<meta property=\"og:locale\" content=\"es_ES\" \/>\n<meta property=\"og:type\" content=\"article\" \/>\n<meta property=\"og:title\" content=\"O BOY 7 VELOCIDADES MASAJEADOR DEL PUNTO G MASCULINO NEGRO - Tienda Er\u00f3tica\" \/>\n<meta property=\"og:description\" content=\"O-BOY 7 SPEED BLACK es un masajeador desarrollado como un juguete sexual para ayudar al hombre a estimular al mismo\" \/>\n<meta property=\"og:url\" content=\"https:\/\/demoweb.info\/sexshop001\/producto\/o-boy-7-velocidades-masajeador-del-punto-g-masculino-negro\/\" \/>\n<meta property=\"og:site_name\" content=\"Tienda Er\u00f3tica\" \/>\n<meta property=\"article:modified_time\" content=\"2022-01-22T09:27:59+00:00\" \/>\n<meta property=\"og:image\" content=\"https:\/\/demoweb.info\/sexshop001\/wp-content\/uploads\/2022\/01\/O-BOY-7-VELOCIDADES-MASAJEADOR-DEL-PUNTO-G-MASCULINO-NEGRO.jpg\" \/>\n\t<meta property=\"og:image:width\" content=\"550\" \/>\n\t<meta property=\"og:image:height\" content=\"550\" \/>\n\t<meta property=\"og:image:type\" content=\"image\/jpeg\" \/>\n<meta name=\"twitter:card\" content=\"summary_large_image\" \/>\n<meta name=\"twitter:label1\" content=\"Tiempo de lectura\" \/>\n\t<meta name=\"twitter:data1\" content=\"1 minuto\" \/>\n<script type=\"application\/ld+json\" class=\"yoast-schema-graph\">{\"@context\":\"https:\/\/schema.org\",\"@graph\":[{\"@type\":\"WebPage\",\"@id\":\"https:\/\/demoweb.info\/sexshop001\/producto\/o-boy-7-velocidades-masajeador-del-punto-g-masculino-negro\/\",\"url\":\"https:\/\/demoweb.info\/sexshop001\/producto\/o-boy-7-velocidades-masajeador-del-punto-g-masculino-negro\/\",\"name\":\"O BOY 7 VELOCIDADES MASAJEADOR DEL PUNTO G MASCULINO NEGRO - Tienda Er\u00f3tica\",\"isPartOf\":{\"@id\":\"https:\/\/demoweb.info\/sexshop001\/#website\"},\"datePublished\":\"2022-01-22T09:27:48+00:00\",\"dateModified\":\"2022-01-22T09:27:59+00:00\",\"breadcrumb\":{\"@id\":\"https:\/\/demoweb.info\/sexshop001\/producto\/o-boy-7-velocidades-masajeador-del-punto-g-masculino-negro\/#breadcrumb\"},\"inLanguage\":\"es\",\"potentialAction\":[{\"@type\":\"ReadAction\",\"target\":[\"https:\/\/demoweb.info\/sexshop001\/producto\/o-boy-7-velocidades-masajeador-del-punto-g-masculino-negro\/\"]}]},{\"@type\":\"BreadcrumbList\",\"@id\":\"https:\/\/demoweb.info\/sexshop001\/producto\/o-boy-7-velocidades-masajeador-del-punto-g-masculino-negro\/#breadcrumb\",\"itemListElement\":[{\"@type\":\"ListItem\",\"position\":1,\"name\":\"Portada\",\"item\":\"https:\/\/demoweb.info\/sexshop001\/\"},{\"@type\":\"ListItem\",\"position\":2,\"name\":\"Tienda\",\"item\":\"https:\/\/demoweb.info\/sexshop001\/tienda\/\"},{\"@type\":\"ListItem\",\"position\":3,\"name\":\"O BOY 7 VELOCIDADES MASAJEADOR DEL PUNTO G MASCULINO NEGRO\"}]},{\"@type\":\"WebSite\",\"@id\":\"https:\/\/demoweb.info\/sexshop001\/#website\",\"url\":\"https:\/\/demoweb.info\/sexshop001\/\",\"name\":\"Tienda Er\u00f3tica\",\"description\":\"DEMOWEB SL\",\"potentialAction\":[{\"@type\":\"SearchAction\",\"target\":{\"@type\":\"EntryPoint\",\"urlTemplate\":\"https:\/\/demoweb.info\/sexshop001\/?s={search_term_string}\"},\"query-input\":\"required name=search_term_string\"}],\"inLanguage\":\"es\"}]}<\/script>\n<!-- \/ Yoast SEO plugin. -->","yoast_head_json":{"title":"O BOY 7 VELOCIDADES MASAJEADOR DEL PUNTO G MASCULINO NEGRO - Tienda Er\u00f3tica","robots":{"index":"noindex","follow":"follow","max-snippet":"max-snippet:-1","max-image-preview":"max-image-preview:large","max-video-preview":"max-video-preview:-1"},"og_locale":"es_ES","og_type":"article","og_title":"O BOY 7 VELOCIDADES MASAJEADOR DEL PUNTO G MASCULINO NEGRO - Tienda Er\u00f3tica","og_description":"O-BOY 7 SPEED BLACK es un masajeador desarrollado como un juguete sexual para ayudar al hombre a estimular al mismo","og_url":"https:\/\/demoweb.info\/sexshop001\/producto\/o-boy-7-velocidades-masajeador-del-punto-g-masculino-negro\/","og_site_name":"Tienda Er\u00f3tica","article_modified_time":"2022-01-22T09:27:59+00:00","og_image":[{"width":550,"height":550,"url":"https:\/\/demoweb.info\/sexshop001\/wp-content\/uploads\/2022\/01\/O-BOY-7-VELOCIDADES-MASAJEADOR-DEL-PUNTO-G-MASCULINO-NEGRO.jpg","type":"image\/jpeg"}],"twitter_card":"summary_large_image","twitter_misc":{"Tiempo de lectura":"1 minuto"},"schema":{"@context":"https:\/\/schema.org","@graph":[{"@type":"WebPage","@id":"https:\/\/demoweb.info\/sexshop001\/producto\/o-boy-7-velocidades-masajeador-del-punto-g-masculino-negro\/","url":"https:\/\/demoweb.info\/sexshop001\/producto\/o-boy-7-velocidades-masajeador-del-punto-g-masculino-negro\/","name":"O BOY 7 VELOCIDADES MASAJEADOR DEL PUNTO G MASCULINO NEGRO - Tienda Er\u00f3tica","isPartOf":{"@id":"https:\/\/demoweb.info\/sexshop001\/#website"},"datePublished":"2022-01-22T09:27:48+00:00","dateModified":"2022-01-22T09:27:59+00:00","breadcrumb":{"@id":"https:\/\/demoweb.info\/sexshop001\/producto\/o-boy-7-velocidades-masajeador-del-punto-g-masculino-negro\/#breadcrumb"},"inLanguage":"es","potentialAction":[{"@type":"ReadAction","target":["https:\/\/demoweb.info\/sexshop001\/producto\/o-boy-7-velocidades-masajeador-del-punto-g-masculino-negro\/"]}]},{"@type":"BreadcrumbList","@id":"https:\/\/demoweb.info\/sexshop001\/producto\/o-boy-7-velocidades-masajeador-del-punto-g-masculino-negro\/#breadcrumb","itemListElement":[{"@type":"ListItem","position":1,"name":"Portada","item":"https:\/\/demoweb.info\/sexshop001\/"},{"@type":"ListItem","position":2,"name":"Tienda","item":"https:\/\/demoweb.info\/sexshop001\/tienda\/"},{"@type":"ListItem","position":3,"name":"O BOY 7 VELOCIDADES MASAJEADOR DEL PUNTO G MASCULINO NEGRO"}]},{"@type":"WebSite","@id":"https:\/\/demoweb.info\/sexshop001\/#website","url":"https:\/\/demoweb.info\/sexshop001\/","name":"Tienda Er\u00f3tica","description":"DEMOWEB SL","potentialAction":[{"@type":"SearchAction","target":{"@type":"EntryPoint","urlTemplate":"https:\/\/demoweb.info\/sexshop001\/?s={search_term_string}"},"query-input":"required name=search_term_string"}],"inLanguage":"es"}]}},"_links":{"self":[{"href":"https:\/\/demoweb.info\/sexshop001\/wp-json\/wp\/v3\/product\/15321","targetHints":{"allow":["GET"]}}],"collection":[{"href":"https:\/\/demoweb.info\/sexshop001\/wp-json\/wp\/v3\/product"}],"about":[{"href":"https:\/\/demoweb.info\/sexshop001\/wp-json\/wp\/v2\/types\/product"}],"replies":[{"embeddable":true,"href":"https:\/\/demoweb.info\/sexshop001\/wp-json\/wp\/v2\/comments?post=15321"}],"wp:featuredmedia":[{"embeddable":true,"href":"https:\/\/demoweb.info\/sexshop001\/wp-json\/wp\/v2\/media\/15322"}],"wp:attachment":[{"href":"https:\/\/demoweb.info\/sexshop001\/wp-json\/wp\/v2\/media?parent=15321"}],"wp:term":[{"taxonomy":"product_cat","embeddable":true,"href":"https:\/\/demoweb.info\/sexshop001\/wp-json\/wp\/v2\/product_cat?post=15321"},{"taxonomy":"product_tag","embeddable":true,"href":"https:\/\/demoweb.info\/sexshop001\/wp-json\/wp\/v2\/product_tag?post=15321"}],"curies":[{"name":"wp","href":"https:\/\/api.w.org\/{rel}","templated":true}]}}