{"id":15293,"date":"2022-01-22T10:27:48","date_gmt":"2022-01-22T09:27:48","guid":{"rendered":"https:\/\/demoweb.info\/sexshop001\/producto\/system-jo-lubricante-de-silicona-efecto-calor-premium-30-ml\/"},"modified":"2022-01-22T10:27:48","modified_gmt":"2022-01-22T09:27:48","slug":"system-jo-lubricante-de-silicona-efecto-calor-premium-30-ml","status":"publish","type":"product","link":"https:\/\/demoweb.info\/sexshop001\/producto\/system-jo-lubricante-de-silicona-efecto-calor-premium-30-ml\/","title":{"rendered":"SYSTEM JO &#8211; LUBRICANTE DE SILICONA EFECTO CALOR PREMIUM 30 ML"},"content":{"rendered":"<p><strong>SYSTEM JO &#8211; PREMIUM SILICONE LUBRICANT WARMING 30 ML<\/strong><\/p>\n<p>JO Premium Warming es el JO Premium sedoso que te encanta con una sensaci\u00f3n de calentamiento que comienza con el contacto. Experimente un placer sensual mejorado con nuestro lubricante de silicona de grado farmac\u00e9utico m\u00e1s fino.<\/p>\n<p>&#8211; S\u00faper duradero, nunca pegajoso.<br \/>\n&#8211; La sensaci\u00f3n de calor comienza al contacto sin soplar ni frotar<br \/>\n&#8211; Impermeable, perfecto para usar en la ducha, el ba\u00f1o, la piscina o el jacuzzi.<br \/>\n&#8211; 100% l\u00e1tex seguro<br \/>\n&#8211; Compatible con juguetes sin silicona<\/p>\n<p>Agregue una chispa de calor a su experiencia sensual con JO Premium Warming. Fabricado con los mejores ingredientes de grado farmac\u00e9utico disponibles, JO Premium Warming fue el primer lubricante Warming a base de silicona en el mercado y sigue siendo de la m\u00e1s alta calidad.<\/p>\n<p>A diferencia de otros lubricantes Warming, JO Premium Warming comienza a trabajar al contacto sin necesidad de frotar ni soplar. \u00daselo para agregar una sensaci\u00f3n de calor que realza el placer sensual y estimula el flujo sangu\u00edneo sin volverse pegajoso.<\/p>\n<p>Tambi\u00e9n es 100% resistente al agua, perfecto para una sesi\u00f3n de ducha de vapor, ba\u00f1os o un ba\u00f1o sensual en el jacuzzi.<\/p>\n<p>JO Premium Warming se fabrica solo con la mejor silicona de grado farmac\u00e9utico en una instalaci\u00f3n de EE. UU. Siguiendo las pautas de seguridad de la FDA.<\/p>\n<p>JO Premium Warming es seguro para usar con condones y juguetes sin silicona.<\/p><\/p>\n","protected":false},"excerpt":{"rendered":"<p>SYSTEM JO &#8211; PREMIUM SILICONE LUBRICANT WARMING 30 ML JO Premium Warming es el JO Premium sedoso que te encanta<\/p>\n","protected":false},"featured_media":15294,"comment_status":"open","ping_status":"open","template":"","meta":[],"product_cat":[532],"product_tag":[617,828],"class_list":["post-15293","product","type-product","status-publish","has-post-thumbnail","hentry","product_cat-efecto-calor","product_tag-jo","product_tag-premium"],"bundled_by":[],"bundle_stock_status":"instock","bundle_stock_quantity":1,"bundle_virtual":false,"bundle_layout":"","bundle_add_to_cart_form_location":"","bundle_editable_in_cart":false,"bundle_sold_individually_context":"","bundle_item_grouping":"","bundle_min_size":"","bundle_max_size":"","bundled_items":[],"yoast_head":"<!-- This site is optimized with the Yoast SEO plugin v20.6 - https:\/\/yoast.com\/wordpress\/plugins\/seo\/ -->\n<title>SYSTEM JO - LUBRICANTE DE SILICONA EFECTO CALOR PREMIUM 30 ML - Tienda Er\u00f3tica<\/title>\n<meta name=\"robots\" content=\"noindex, follow, max-snippet:-1, max-image-preview:large, max-video-preview:-1\" \/>\n<meta property=\"og:locale\" content=\"es_ES\" \/>\n<meta property=\"og:type\" content=\"article\" \/>\n<meta property=\"og:title\" content=\"SYSTEM JO - LUBRICANTE DE SILICONA EFECTO CALOR PREMIUM 30 ML - Tienda Er\u00f3tica\" \/>\n<meta property=\"og:description\" content=\"SYSTEM JO &#8211; PREMIUM SILICONE LUBRICANT WARMING 30 ML JO Premium Warming es el JO Premium sedoso que te encanta\" \/>\n<meta property=\"og:url\" content=\"https:\/\/demoweb.info\/sexshop001\/producto\/system-jo-lubricante-de-silicona-efecto-calor-premium-30-ml\/\" \/>\n<meta property=\"og:site_name\" content=\"Tienda Er\u00f3tica\" \/>\n<meta property=\"og:image\" content=\"https:\/\/demoweb.info\/sexshop001\/wp-content\/uploads\/2022\/01\/SYSTEM-JO-LUBRICANTE-DE-SILICONA-EFECTO-CALOR-PREMIUM-30-ML.jpg\" \/>\n\t<meta property=\"og:image:width\" content=\"550\" \/>\n\t<meta property=\"og:image:height\" content=\"550\" \/>\n\t<meta property=\"og:image:type\" content=\"image\/jpeg\" \/>\n<meta name=\"twitter:card\" content=\"summary_large_image\" \/>\n<meta name=\"twitter:label1\" content=\"Tiempo de lectura\" \/>\n\t<meta name=\"twitter:data1\" content=\"1 minuto\" \/>\n<script type=\"application\/ld+json\" class=\"yoast-schema-graph\">{\"@context\":\"https:\/\/schema.org\",\"@graph\":[{\"@type\":\"WebPage\",\"@id\":\"https:\/\/demoweb.info\/sexshop001\/producto\/system-jo-lubricante-de-silicona-efecto-calor-premium-30-ml\/\",\"url\":\"https:\/\/demoweb.info\/sexshop001\/producto\/system-jo-lubricante-de-silicona-efecto-calor-premium-30-ml\/\",\"name\":\"SYSTEM JO - LUBRICANTE DE SILICONA EFECTO CALOR PREMIUM 30 ML - Tienda Er\u00f3tica\",\"isPartOf\":{\"@id\":\"https:\/\/demoweb.info\/sexshop001\/#website\"},\"datePublished\":\"2022-01-22T09:27:48+00:00\",\"dateModified\":\"2022-01-22T09:27:48+00:00\",\"breadcrumb\":{\"@id\":\"https:\/\/demoweb.info\/sexshop001\/producto\/system-jo-lubricante-de-silicona-efecto-calor-premium-30-ml\/#breadcrumb\"},\"inLanguage\":\"es\",\"potentialAction\":[{\"@type\":\"ReadAction\",\"target\":[\"https:\/\/demoweb.info\/sexshop001\/producto\/system-jo-lubricante-de-silicona-efecto-calor-premium-30-ml\/\"]}]},{\"@type\":\"BreadcrumbList\",\"@id\":\"https:\/\/demoweb.info\/sexshop001\/producto\/system-jo-lubricante-de-silicona-efecto-calor-premium-30-ml\/#breadcrumb\",\"itemListElement\":[{\"@type\":\"ListItem\",\"position\":1,\"name\":\"Portada\",\"item\":\"https:\/\/demoweb.info\/sexshop001\/\"},{\"@type\":\"ListItem\",\"position\":2,\"name\":\"Tienda\",\"item\":\"https:\/\/demoweb.info\/sexshop001\/tienda\/\"},{\"@type\":\"ListItem\",\"position\":3,\"name\":\"SYSTEM JO &#8211; LUBRICANTE DE SILICONA EFECTO CALOR PREMIUM 30 ML\"}]},{\"@type\":\"WebSite\",\"@id\":\"https:\/\/demoweb.info\/sexshop001\/#website\",\"url\":\"https:\/\/demoweb.info\/sexshop001\/\",\"name\":\"Tienda Er\u00f3tica\",\"description\":\"DEMOWEB SL\",\"potentialAction\":[{\"@type\":\"SearchAction\",\"target\":{\"@type\":\"EntryPoint\",\"urlTemplate\":\"https:\/\/demoweb.info\/sexshop001\/?s={search_term_string}\"},\"query-input\":\"required name=search_term_string\"}],\"inLanguage\":\"es\"}]}<\/script>\n<!-- \/ Yoast SEO plugin. -->","yoast_head_json":{"title":"SYSTEM JO - LUBRICANTE DE SILICONA EFECTO CALOR PREMIUM 30 ML - Tienda Er\u00f3tica","robots":{"index":"noindex","follow":"follow","max-snippet":"max-snippet:-1","max-image-preview":"max-image-preview:large","max-video-preview":"max-video-preview:-1"},"og_locale":"es_ES","og_type":"article","og_title":"SYSTEM JO - LUBRICANTE DE SILICONA EFECTO CALOR PREMIUM 30 ML - Tienda Er\u00f3tica","og_description":"SYSTEM JO &#8211; PREMIUM SILICONE LUBRICANT WARMING 30 ML JO Premium Warming es el JO Premium sedoso que te encanta","og_url":"https:\/\/demoweb.info\/sexshop001\/producto\/system-jo-lubricante-de-silicona-efecto-calor-premium-30-ml\/","og_site_name":"Tienda Er\u00f3tica","og_image":[{"width":550,"height":550,"url":"https:\/\/demoweb.info\/sexshop001\/wp-content\/uploads\/2022\/01\/SYSTEM-JO-LUBRICANTE-DE-SILICONA-EFECTO-CALOR-PREMIUM-30-ML.jpg","type":"image\/jpeg"}],"twitter_card":"summary_large_image","twitter_misc":{"Tiempo de lectura":"1 minuto"},"schema":{"@context":"https:\/\/schema.org","@graph":[{"@type":"WebPage","@id":"https:\/\/demoweb.info\/sexshop001\/producto\/system-jo-lubricante-de-silicona-efecto-calor-premium-30-ml\/","url":"https:\/\/demoweb.info\/sexshop001\/producto\/system-jo-lubricante-de-silicona-efecto-calor-premium-30-ml\/","name":"SYSTEM JO - LUBRICANTE DE SILICONA EFECTO CALOR PREMIUM 30 ML - Tienda Er\u00f3tica","isPartOf":{"@id":"https:\/\/demoweb.info\/sexshop001\/#website"},"datePublished":"2022-01-22T09:27:48+00:00","dateModified":"2022-01-22T09:27:48+00:00","breadcrumb":{"@id":"https:\/\/demoweb.info\/sexshop001\/producto\/system-jo-lubricante-de-silicona-efecto-calor-premium-30-ml\/#breadcrumb"},"inLanguage":"es","potentialAction":[{"@type":"ReadAction","target":["https:\/\/demoweb.info\/sexshop001\/producto\/system-jo-lubricante-de-silicona-efecto-calor-premium-30-ml\/"]}]},{"@type":"BreadcrumbList","@id":"https:\/\/demoweb.info\/sexshop001\/producto\/system-jo-lubricante-de-silicona-efecto-calor-premium-30-ml\/#breadcrumb","itemListElement":[{"@type":"ListItem","position":1,"name":"Portada","item":"https:\/\/demoweb.info\/sexshop001\/"},{"@type":"ListItem","position":2,"name":"Tienda","item":"https:\/\/demoweb.info\/sexshop001\/tienda\/"},{"@type":"ListItem","position":3,"name":"SYSTEM JO &#8211; LUBRICANTE DE SILICONA EFECTO CALOR PREMIUM 30 ML"}]},{"@type":"WebSite","@id":"https:\/\/demoweb.info\/sexshop001\/#website","url":"https:\/\/demoweb.info\/sexshop001\/","name":"Tienda Er\u00f3tica","description":"DEMOWEB SL","potentialAction":[{"@type":"SearchAction","target":{"@type":"EntryPoint","urlTemplate":"https:\/\/demoweb.info\/sexshop001\/?s={search_term_string}"},"query-input":"required name=search_term_string"}],"inLanguage":"es"}]}},"_links":{"self":[{"href":"https:\/\/demoweb.info\/sexshop001\/wp-json\/wp\/v3\/product\/15293","targetHints":{"allow":["GET"]}}],"collection":[{"href":"https:\/\/demoweb.info\/sexshop001\/wp-json\/wp\/v3\/product"}],"about":[{"href":"https:\/\/demoweb.info\/sexshop001\/wp-json\/wp\/v2\/types\/product"}],"replies":[{"embeddable":true,"href":"https:\/\/demoweb.info\/sexshop001\/wp-json\/wp\/v2\/comments?post=15293"}],"wp:featuredmedia":[{"embeddable":true,"href":"https:\/\/demoweb.info\/sexshop001\/wp-json\/wp\/v2\/media\/15294"}],"wp:attachment":[{"href":"https:\/\/demoweb.info\/sexshop001\/wp-json\/wp\/v2\/media?parent=15293"}],"wp:term":[{"taxonomy":"product_cat","embeddable":true,"href":"https:\/\/demoweb.info\/sexshop001\/wp-json\/wp\/v2\/product_cat?post=15293"},{"taxonomy":"product_tag","embeddable":true,"href":"https:\/\/demoweb.info\/sexshop001\/wp-json\/wp\/v2\/product_tag?post=15293"}],"curies":[{"name":"wp","href":"https:\/\/api.w.org\/{rel}","templated":true}]}}