{"id":14891,"date":"2022-01-22T10:24:30","date_gmt":"2022-01-22T09:24:30","guid":{"rendered":"https:\/\/demoweb.info\/sexshop001\/producto\/estimulador-sexo-oral-rosa\/"},"modified":"2022-01-22T10:24:47","modified_gmt":"2022-01-22T09:24:47","slug":"estimulador-sexo-oral-rosa","status":"publish","type":"product","link":"https:\/\/demoweb.info\/sexshop001\/producto\/estimulador-sexo-oral-rosa\/","title":{"rendered":"ESTIMULADOR SEXO ORAL &#8211; ROSA"},"content":{"rendered":"<p><strong>TEASING TONGUE ENHANCER<\/strong><\/p>\n<p>El reforzador de lengua de burlas recargable de silicona utiliza la combinaci\u00f3n perfecta de 12 funciones de vibraci\u00f3n con un anillo teaser parpadeante para brindar el doble del placer de sacudir las rodillas.<\/p>\n<p>El anillo estimulador el\u00e1stico est\u00e1 hecho para intensificar el placer tanto para principiantes como para expertos er\u00f3ticos. El lujoso anillo de silicona seguro para el cuerpo funciona para mejorar la resistencia y la circunferencia para hacer que tu amante gime por m\u00e1s, m\u00e1s, m\u00e1s.<\/p>\n<p>El anillo apretado maximiza la sensibilidad y eleva la sensaci\u00f3n en todo el pene, permitiendo que los hombres disfruten de un placer m\u00e1s prolongado y poderoso. A medida que alcanza el siguiente nivel de placer, las 12 funciones de vibraci\u00f3n y el parpadeo teaser en forma de lengua dejar\u00e1n a su mujer en un estado de felicidad org\u00e1smica.<\/p>\n<p>Se\u00f1oras, mientras su placer aumenta, \u00a1tambi\u00e9n lo har\u00e1 el suyo! El estimulador ergon\u00f3mico y el teaser revoloteante en forma de lengua envuelven sus puntos dulces m\u00e1s sensibles. Tome este anillo a prueba de agua para darse un chapuz\u00f3n y abrace esas poderosas vibraciones en el ba\u00f1o, la ducha o la ba\u00f1era de hidromasaje.<\/p>\n<p>Este anillo de gallo apasionado recuerda exactamente c\u00f3mo te gusta con el chip de memoria de \u00faltima generaci\u00f3n y puede detectar la \u00faltima funci\u00f3n utilizada. Utilice el sencillo control de bot\u00f3n para controlar sin esfuerzo el placer. Explore hasta 75 minutos en baja velocidad o 50 minutos en vibraciones de alta velocidad con un solo bot\u00f3n. Recargue su placer en solo 1 hora con el cable de carga USB provisto.<\/p>\n<p>Caracter\u00edsticas:<\/p>\n<ul>\n<li>Impermeable<\/li>\n<li>Material: TPE<\/li>\n<li>Medidas: 9,5 x 5 cm<\/li>\n<li>Di\u00e1metro: 3,75 cm<\/li>\n<li>Recargable por USB<\/li>\n<\/ul>\n","protected":false},"excerpt":{"rendered":"<p>TEASING TONGUE ENHANCER El reforzador de lengua de burlas recargable de silicona utiliza la combinaci\u00f3n perfecta de 12 funciones de<\/p>\n","protected":false},"featured_media":14892,"comment_status":"open","ping_status":"open","template":"","meta":[],"product_cat":[370],"product_tag":[660,809],"class_list":["post-14891","product","type-product","status-publish","has-post-thumbnail","hentry","product_cat-clitoris","product_tag-calexotics","product_tag-couples-enhancers"],"bundled_by":[],"bundle_stock_status":"instock","bundle_stock_quantity":1,"bundle_virtual":false,"bundle_layout":"","bundle_add_to_cart_form_location":"","bundle_editable_in_cart":false,"bundle_sold_individually_context":"","bundle_item_grouping":"","bundle_min_size":"","bundle_max_size":"","bundled_items":[],"yoast_head":"<!-- This site is optimized with the Yoast SEO plugin v20.6 - https:\/\/yoast.com\/wordpress\/plugins\/seo\/ -->\n<title>ESTIMULADOR SEXO ORAL - ROSA - Tienda Er\u00f3tica<\/title>\n<meta name=\"robots\" content=\"noindex, follow, max-snippet:-1, max-image-preview:large, max-video-preview:-1\" \/>\n<meta property=\"og:locale\" content=\"es_ES\" \/>\n<meta property=\"og:type\" content=\"article\" \/>\n<meta property=\"og:title\" content=\"ESTIMULADOR SEXO ORAL - ROSA - Tienda Er\u00f3tica\" \/>\n<meta property=\"og:description\" content=\"TEASING TONGUE ENHANCER El reforzador de lengua de burlas recargable de silicona utiliza la combinaci\u00f3n perfecta de 12 funciones de\" \/>\n<meta property=\"og:url\" content=\"https:\/\/demoweb.info\/sexshop001\/producto\/estimulador-sexo-oral-rosa\/\" \/>\n<meta property=\"og:site_name\" content=\"Tienda Er\u00f3tica\" \/>\n<meta property=\"article:modified_time\" content=\"2022-01-22T09:24:47+00:00\" \/>\n<meta property=\"og:image\" content=\"https:\/\/demoweb.info\/sexshop001\/wp-content\/uploads\/2022\/01\/ESTIMULADOR-SEXO-ORAL-ROSA.jpg\" \/>\n\t<meta property=\"og:image:width\" content=\"550\" \/>\n\t<meta property=\"og:image:height\" content=\"550\" \/>\n\t<meta property=\"og:image:type\" content=\"image\/jpeg\" \/>\n<meta name=\"twitter:card\" content=\"summary_large_image\" \/>\n<meta name=\"twitter:label1\" content=\"Tiempo de lectura\" \/>\n\t<meta name=\"twitter:data1\" content=\"1 minuto\" \/>\n<script type=\"application\/ld+json\" class=\"yoast-schema-graph\">{\"@context\":\"https:\/\/schema.org\",\"@graph\":[{\"@type\":\"WebPage\",\"@id\":\"https:\/\/demoweb.info\/sexshop001\/producto\/estimulador-sexo-oral-rosa\/\",\"url\":\"https:\/\/demoweb.info\/sexshop001\/producto\/estimulador-sexo-oral-rosa\/\",\"name\":\"ESTIMULADOR SEXO ORAL - ROSA - Tienda Er\u00f3tica\",\"isPartOf\":{\"@id\":\"https:\/\/demoweb.info\/sexshop001\/#website\"},\"datePublished\":\"2022-01-22T09:24:30+00:00\",\"dateModified\":\"2022-01-22T09:24:47+00:00\",\"breadcrumb\":{\"@id\":\"https:\/\/demoweb.info\/sexshop001\/producto\/estimulador-sexo-oral-rosa\/#breadcrumb\"},\"inLanguage\":\"es\",\"potentialAction\":[{\"@type\":\"ReadAction\",\"target\":[\"https:\/\/demoweb.info\/sexshop001\/producto\/estimulador-sexo-oral-rosa\/\"]}]},{\"@type\":\"BreadcrumbList\",\"@id\":\"https:\/\/demoweb.info\/sexshop001\/producto\/estimulador-sexo-oral-rosa\/#breadcrumb\",\"itemListElement\":[{\"@type\":\"ListItem\",\"position\":1,\"name\":\"Portada\",\"item\":\"https:\/\/demoweb.info\/sexshop001\/\"},{\"@type\":\"ListItem\",\"position\":2,\"name\":\"Tienda\",\"item\":\"https:\/\/demoweb.info\/sexshop001\/tienda\/\"},{\"@type\":\"ListItem\",\"position\":3,\"name\":\"ESTIMULADOR SEXO ORAL &#8211; ROSA\"}]},{\"@type\":\"WebSite\",\"@id\":\"https:\/\/demoweb.info\/sexshop001\/#website\",\"url\":\"https:\/\/demoweb.info\/sexshop001\/\",\"name\":\"Tienda Er\u00f3tica\",\"description\":\"DEMOWEB SL\",\"potentialAction\":[{\"@type\":\"SearchAction\",\"target\":{\"@type\":\"EntryPoint\",\"urlTemplate\":\"https:\/\/demoweb.info\/sexshop001\/?s={search_term_string}\"},\"query-input\":\"required name=search_term_string\"}],\"inLanguage\":\"es\"}]}<\/script>\n<!-- \/ Yoast SEO plugin. -->","yoast_head_json":{"title":"ESTIMULADOR SEXO ORAL - ROSA - Tienda Er\u00f3tica","robots":{"index":"noindex","follow":"follow","max-snippet":"max-snippet:-1","max-image-preview":"max-image-preview:large","max-video-preview":"max-video-preview:-1"},"og_locale":"es_ES","og_type":"article","og_title":"ESTIMULADOR SEXO ORAL - ROSA - Tienda Er\u00f3tica","og_description":"TEASING TONGUE ENHANCER El reforzador de lengua de burlas recargable de silicona utiliza la combinaci\u00f3n perfecta de 12 funciones de","og_url":"https:\/\/demoweb.info\/sexshop001\/producto\/estimulador-sexo-oral-rosa\/","og_site_name":"Tienda Er\u00f3tica","article_modified_time":"2022-01-22T09:24:47+00:00","og_image":[{"width":550,"height":550,"url":"https:\/\/demoweb.info\/sexshop001\/wp-content\/uploads\/2022\/01\/ESTIMULADOR-SEXO-ORAL-ROSA.jpg","type":"image\/jpeg"}],"twitter_card":"summary_large_image","twitter_misc":{"Tiempo de lectura":"1 minuto"},"schema":{"@context":"https:\/\/schema.org","@graph":[{"@type":"WebPage","@id":"https:\/\/demoweb.info\/sexshop001\/producto\/estimulador-sexo-oral-rosa\/","url":"https:\/\/demoweb.info\/sexshop001\/producto\/estimulador-sexo-oral-rosa\/","name":"ESTIMULADOR SEXO ORAL - ROSA - Tienda Er\u00f3tica","isPartOf":{"@id":"https:\/\/demoweb.info\/sexshop001\/#website"},"datePublished":"2022-01-22T09:24:30+00:00","dateModified":"2022-01-22T09:24:47+00:00","breadcrumb":{"@id":"https:\/\/demoweb.info\/sexshop001\/producto\/estimulador-sexo-oral-rosa\/#breadcrumb"},"inLanguage":"es","potentialAction":[{"@type":"ReadAction","target":["https:\/\/demoweb.info\/sexshop001\/producto\/estimulador-sexo-oral-rosa\/"]}]},{"@type":"BreadcrumbList","@id":"https:\/\/demoweb.info\/sexshop001\/producto\/estimulador-sexo-oral-rosa\/#breadcrumb","itemListElement":[{"@type":"ListItem","position":1,"name":"Portada","item":"https:\/\/demoweb.info\/sexshop001\/"},{"@type":"ListItem","position":2,"name":"Tienda","item":"https:\/\/demoweb.info\/sexshop001\/tienda\/"},{"@type":"ListItem","position":3,"name":"ESTIMULADOR SEXO ORAL &#8211; ROSA"}]},{"@type":"WebSite","@id":"https:\/\/demoweb.info\/sexshop001\/#website","url":"https:\/\/demoweb.info\/sexshop001\/","name":"Tienda Er\u00f3tica","description":"DEMOWEB SL","potentialAction":[{"@type":"SearchAction","target":{"@type":"EntryPoint","urlTemplate":"https:\/\/demoweb.info\/sexshop001\/?s={search_term_string}"},"query-input":"required name=search_term_string"}],"inLanguage":"es"}]}},"_links":{"self":[{"href":"https:\/\/demoweb.info\/sexshop001\/wp-json\/wp\/v3\/product\/14891","targetHints":{"allow":["GET"]}}],"collection":[{"href":"https:\/\/demoweb.info\/sexshop001\/wp-json\/wp\/v3\/product"}],"about":[{"href":"https:\/\/demoweb.info\/sexshop001\/wp-json\/wp\/v2\/types\/product"}],"replies":[{"embeddable":true,"href":"https:\/\/demoweb.info\/sexshop001\/wp-json\/wp\/v2\/comments?post=14891"}],"wp:featuredmedia":[{"embeddable":true,"href":"https:\/\/demoweb.info\/sexshop001\/wp-json\/wp\/v2\/media\/14892"}],"wp:attachment":[{"href":"https:\/\/demoweb.info\/sexshop001\/wp-json\/wp\/v2\/media?parent=14891"}],"wp:term":[{"taxonomy":"product_cat","embeddable":true,"href":"https:\/\/demoweb.info\/sexshop001\/wp-json\/wp\/v2\/product_cat?post=14891"},{"taxonomy":"product_tag","embeddable":true,"href":"https:\/\/demoweb.info\/sexshop001\/wp-json\/wp\/v2\/product_tag?post=14891"}],"curies":[{"name":"wp","href":"https:\/\/api.w.org\/{rel}","templated":true}]}}