{"id":14863,"date":"2022-01-22T10:24:30","date_gmt":"2022-01-22T09:24:30","guid":{"rendered":"https:\/\/demoweb.info\/sexshop001\/producto\/her-royal-harness-me2-thumper-azul\/"},"modified":"2022-01-22T10:24:37","modified_gmt":"2022-01-22T09:24:37","slug":"her-royal-harness-me2-thumper-azul","status":"publish","type":"product","link":"https:\/\/demoweb.info\/sexshop001\/producto\/her-royal-harness-me2-thumper-azul\/","title":{"rendered":"HER ROYAL HARNESS ME2 THUMPER &#8211; AZUL"},"content":{"rendered":"<p><strong>HER ROYAL HARNESS ME2 THUMPER<\/strong><\/p>\n<p>El Her Royal Harness ME2 Thumper est\u00e1 dise\u00f1ado para la satisfacci\u00f3n mutua con pulsaciones profundas, vibraciones giratorias y dos potentes motores empaquetados en un paquete sensualmente contorneado. El eje curvo, la base de cosquillas y 2 potentes motores de vibraci\u00f3n ubicados en el eje y la base para crear un para\u00edso de placer para dos con cada uso.<\/p>\n<p>Siente el aumento de calor mientras las crestas de placer te provocan con 10 funciones independientes de vibraci\u00f3n, mientras que las 10 funciones independientes de pulsaciones le proporcionan una intensa estimulaci\u00f3n del punto G. La forma vers\u00e1til y el dise\u00f1o de doble motor hacen que el juego sea placentero y creativo.<\/p>\n<p>La vers\u00e1til forma de vibrador y la base contorneada le permiten colocar esta sonda en su arn\u00e9s favorito para jugar con manos libres. Use los controles de botones t\u00e1ctiles para parpadear a trav\u00e9s de 10 funciones intensas de vibraci\u00f3n y 10 funciones de golpes. Recargue el masajeador de silicona premium en 2.5 horas con el cable de carga USB provisto para disfrutar de 40 minutos de estimulaci\u00f3n de alta velocidad o 2 horas de vibraciones de baja velocidad. Las gruesas y duraderas correas de silicona son totalmente ajustables, se pueden quitar y ajustan hasta una cintura de 52 \u201d(132 cm) con mucho estiramiento adicional.<\/p>\n<p>Si bien el bot\u00f3n f\u00e1cil controla la intensidad y la sonda regordeta le brinda la estimulaci\u00f3n que desea, el chip de memoria integrado de \u00faltima generaci\u00f3n recuerda exactamente c\u00f3mo le gusta al comenzar con la \u00faltima funci\u00f3n utilizada. El puerto de carga autosellante y el cuerpo pr\u00e1cticamente sin costuras le permiten entrar y salir del agua con esta sonda a prueba de agua. La silicona premium hipoalerg\u00e9nica es segura para el cuerpo, sin perfume y libre de ftalatos para mantener los puntos m\u00e1s sensibles, felices y saludables.<\/p>\n<p>Caracter\u00edsticas:<\/p>\n<ul>\n<li>10 modos de vibarci\u00f3n<\/li>\n<li>10 velocidades distintas<\/li>\n<li>Impermeable<\/li>\n<li>Material: Silicona, libre de niquel<\/li>\n<li>Recargable con USB<\/li>\n<li>Arn\u00e9s ajustable hasta 132 cm<\/li>\n<li>Medidas del dildo: 14 x 3,75 cm<\/li>\n<\/ul>\n","protected":false},"excerpt":{"rendered":"<p>HER ROYAL HARNESS ME2 THUMPER El Her Royal Harness ME2 Thumper est\u00e1 dise\u00f1ado para la satisfacci\u00f3n mutua con pulsaciones profundas,<\/p>\n","protected":false},"featured_media":14864,"comment_status":"open","ping_status":"open","template":"","meta":[],"product_cat":[632],"product_tag":[660,807],"class_list":["post-14863","product","type-product","status-publish","has-post-thumbnail","hentry","product_cat-silicona-con-dildo","product_tag-calexotics","product_tag-her-royal"],"bundled_by":[],"bundle_stock_status":"instock","bundle_stock_quantity":4,"bundle_virtual":false,"bundle_layout":"","bundle_add_to_cart_form_location":"","bundle_editable_in_cart":false,"bundle_sold_individually_context":"","bundle_item_grouping":"","bundle_min_size":"","bundle_max_size":"","bundled_items":[],"yoast_head":"<!-- This site is optimized with the Yoast SEO plugin v20.6 - https:\/\/yoast.com\/wordpress\/plugins\/seo\/ -->\n<title>HER ROYAL HARNESS ME2 THUMPER - AZUL - Tienda Er\u00f3tica<\/title>\n<meta name=\"robots\" content=\"noindex, follow, max-snippet:-1, max-image-preview:large, max-video-preview:-1\" \/>\n<meta property=\"og:locale\" content=\"es_ES\" \/>\n<meta property=\"og:type\" content=\"article\" \/>\n<meta property=\"og:title\" content=\"HER ROYAL HARNESS ME2 THUMPER - AZUL - Tienda Er\u00f3tica\" \/>\n<meta property=\"og:description\" content=\"HER ROYAL HARNESS ME2 THUMPER El Her Royal Harness ME2 Thumper est\u00e1 dise\u00f1ado para la satisfacci\u00f3n mutua con pulsaciones profundas,\" \/>\n<meta property=\"og:url\" content=\"https:\/\/demoweb.info\/sexshop001\/producto\/her-royal-harness-me2-thumper-azul\/\" \/>\n<meta property=\"og:site_name\" content=\"Tienda Er\u00f3tica\" \/>\n<meta property=\"article:modified_time\" content=\"2022-01-22T09:24:37+00:00\" \/>\n<meta property=\"og:image\" content=\"https:\/\/demoweb.info\/sexshop001\/wp-content\/uploads\/2022\/01\/HER-ROYAL-HARNESS-ME2-THUMPER-AZUL.jpg\" \/>\n\t<meta property=\"og:image:width\" content=\"550\" \/>\n\t<meta property=\"og:image:height\" content=\"550\" \/>\n\t<meta property=\"og:image:type\" content=\"image\/jpeg\" \/>\n<meta name=\"twitter:card\" content=\"summary_large_image\" \/>\n<meta name=\"twitter:label1\" content=\"Tiempo de lectura\" \/>\n\t<meta name=\"twitter:data1\" content=\"2 minutos\" \/>\n<script type=\"application\/ld+json\" class=\"yoast-schema-graph\">{\"@context\":\"https:\/\/schema.org\",\"@graph\":[{\"@type\":\"WebPage\",\"@id\":\"https:\/\/demoweb.info\/sexshop001\/producto\/her-royal-harness-me2-thumper-azul\/\",\"url\":\"https:\/\/demoweb.info\/sexshop001\/producto\/her-royal-harness-me2-thumper-azul\/\",\"name\":\"HER ROYAL HARNESS ME2 THUMPER - AZUL - Tienda Er\u00f3tica\",\"isPartOf\":{\"@id\":\"https:\/\/demoweb.info\/sexshop001\/#website\"},\"datePublished\":\"2022-01-22T09:24:30+00:00\",\"dateModified\":\"2022-01-22T09:24:37+00:00\",\"breadcrumb\":{\"@id\":\"https:\/\/demoweb.info\/sexshop001\/producto\/her-royal-harness-me2-thumper-azul\/#breadcrumb\"},\"inLanguage\":\"es\",\"potentialAction\":[{\"@type\":\"ReadAction\",\"target\":[\"https:\/\/demoweb.info\/sexshop001\/producto\/her-royal-harness-me2-thumper-azul\/\"]}]},{\"@type\":\"BreadcrumbList\",\"@id\":\"https:\/\/demoweb.info\/sexshop001\/producto\/her-royal-harness-me2-thumper-azul\/#breadcrumb\",\"itemListElement\":[{\"@type\":\"ListItem\",\"position\":1,\"name\":\"Portada\",\"item\":\"https:\/\/demoweb.info\/sexshop001\/\"},{\"@type\":\"ListItem\",\"position\":2,\"name\":\"Tienda\",\"item\":\"https:\/\/demoweb.info\/sexshop001\/tienda\/\"},{\"@type\":\"ListItem\",\"position\":3,\"name\":\"HER ROYAL HARNESS ME2 THUMPER &#8211; AZUL\"}]},{\"@type\":\"WebSite\",\"@id\":\"https:\/\/demoweb.info\/sexshop001\/#website\",\"url\":\"https:\/\/demoweb.info\/sexshop001\/\",\"name\":\"Tienda Er\u00f3tica\",\"description\":\"DEMOWEB SL\",\"potentialAction\":[{\"@type\":\"SearchAction\",\"target\":{\"@type\":\"EntryPoint\",\"urlTemplate\":\"https:\/\/demoweb.info\/sexshop001\/?s={search_term_string}\"},\"query-input\":\"required name=search_term_string\"}],\"inLanguage\":\"es\"}]}<\/script>\n<!-- \/ Yoast SEO plugin. -->","yoast_head_json":{"title":"HER ROYAL HARNESS ME2 THUMPER - AZUL - Tienda Er\u00f3tica","robots":{"index":"noindex","follow":"follow","max-snippet":"max-snippet:-1","max-image-preview":"max-image-preview:large","max-video-preview":"max-video-preview:-1"},"og_locale":"es_ES","og_type":"article","og_title":"HER ROYAL HARNESS ME2 THUMPER - AZUL - Tienda Er\u00f3tica","og_description":"HER ROYAL HARNESS ME2 THUMPER El Her Royal Harness ME2 Thumper est\u00e1 dise\u00f1ado para la satisfacci\u00f3n mutua con pulsaciones profundas,","og_url":"https:\/\/demoweb.info\/sexshop001\/producto\/her-royal-harness-me2-thumper-azul\/","og_site_name":"Tienda Er\u00f3tica","article_modified_time":"2022-01-22T09:24:37+00:00","og_image":[{"width":550,"height":550,"url":"https:\/\/demoweb.info\/sexshop001\/wp-content\/uploads\/2022\/01\/HER-ROYAL-HARNESS-ME2-THUMPER-AZUL.jpg","type":"image\/jpeg"}],"twitter_card":"summary_large_image","twitter_misc":{"Tiempo de lectura":"2 minutos"},"schema":{"@context":"https:\/\/schema.org","@graph":[{"@type":"WebPage","@id":"https:\/\/demoweb.info\/sexshop001\/producto\/her-royal-harness-me2-thumper-azul\/","url":"https:\/\/demoweb.info\/sexshop001\/producto\/her-royal-harness-me2-thumper-azul\/","name":"HER ROYAL HARNESS ME2 THUMPER - AZUL - Tienda Er\u00f3tica","isPartOf":{"@id":"https:\/\/demoweb.info\/sexshop001\/#website"},"datePublished":"2022-01-22T09:24:30+00:00","dateModified":"2022-01-22T09:24:37+00:00","breadcrumb":{"@id":"https:\/\/demoweb.info\/sexshop001\/producto\/her-royal-harness-me2-thumper-azul\/#breadcrumb"},"inLanguage":"es","potentialAction":[{"@type":"ReadAction","target":["https:\/\/demoweb.info\/sexshop001\/producto\/her-royal-harness-me2-thumper-azul\/"]}]},{"@type":"BreadcrumbList","@id":"https:\/\/demoweb.info\/sexshop001\/producto\/her-royal-harness-me2-thumper-azul\/#breadcrumb","itemListElement":[{"@type":"ListItem","position":1,"name":"Portada","item":"https:\/\/demoweb.info\/sexshop001\/"},{"@type":"ListItem","position":2,"name":"Tienda","item":"https:\/\/demoweb.info\/sexshop001\/tienda\/"},{"@type":"ListItem","position":3,"name":"HER ROYAL HARNESS ME2 THUMPER &#8211; AZUL"}]},{"@type":"WebSite","@id":"https:\/\/demoweb.info\/sexshop001\/#website","url":"https:\/\/demoweb.info\/sexshop001\/","name":"Tienda Er\u00f3tica","description":"DEMOWEB SL","potentialAction":[{"@type":"SearchAction","target":{"@type":"EntryPoint","urlTemplate":"https:\/\/demoweb.info\/sexshop001\/?s={search_term_string}"},"query-input":"required name=search_term_string"}],"inLanguage":"es"}]}},"_links":{"self":[{"href":"https:\/\/demoweb.info\/sexshop001\/wp-json\/wp\/v3\/product\/14863","targetHints":{"allow":["GET"]}}],"collection":[{"href":"https:\/\/demoweb.info\/sexshop001\/wp-json\/wp\/v3\/product"}],"about":[{"href":"https:\/\/demoweb.info\/sexshop001\/wp-json\/wp\/v2\/types\/product"}],"replies":[{"embeddable":true,"href":"https:\/\/demoweb.info\/sexshop001\/wp-json\/wp\/v2\/comments?post=14863"}],"wp:featuredmedia":[{"embeddable":true,"href":"https:\/\/demoweb.info\/sexshop001\/wp-json\/wp\/v2\/media\/14864"}],"wp:attachment":[{"href":"https:\/\/demoweb.info\/sexshop001\/wp-json\/wp\/v2\/media?parent=14863"}],"wp:term":[{"taxonomy":"product_cat","embeddable":true,"href":"https:\/\/demoweb.info\/sexshop001\/wp-json\/wp\/v2\/product_cat?post=14863"},{"taxonomy":"product_tag","embeddable":true,"href":"https:\/\/demoweb.info\/sexshop001\/wp-json\/wp\/v2\/product_tag?post=14863"}],"curies":[{"name":"wp","href":"https:\/\/api.w.org\/{rel}","templated":true}]}}