{"id":14856,"date":"2022-01-22T10:24:30","date_gmt":"2022-01-22T09:24:30","guid":{"rendered":"https:\/\/demoweb.info\/sexshop001\/producto\/the-royal-vibrating-set-arnes-con-dildo-vibrador-gris\/"},"modified":"2022-01-22T10:24:33","modified_gmt":"2022-01-22T09:24:33","slug":"the-royal-vibrating-set-arnes-con-dildo-vibrador-gris","status":"publish","type":"product","link":"https:\/\/demoweb.info\/sexshop001\/producto\/the-royal-vibrating-set-arnes-con-dildo-vibrador-gris\/","title":{"rendered":"THE ROYAL VIBRATING SET &#8211; ARN\u00c9S CON DILDO VIBRADOR GRIS"},"content":{"rendered":"<p><strong>THE ROYAL VIBRATING SET <\/strong><\/p>\n<p>Dise\u00f1ado para sumergirte en el emocionante mundo de un placer profundamente satisfactorio con el set de vibraci\u00f3n The Royal Harness de The Royal Harness. Cada conjunto incluye la sonda Regal Princess y la sonda vibrante ME2 con 3 anillos de sonda intercambiables.<\/p>\n<p>Vibrating ME2 es un vibrador de sonda perfectamente angulado dise\u00f1ado para estimulaci\u00f3n mutua. La base de contacto ergon\u00f3micamente curvada y completa est\u00e1 dise\u00f1ada para abrazar su cuerpo, mientras que el eje curvo emociona a su amante.<\/p>\n<p>Despl\u00e1cese a trav\u00e9s de 7 funciones de vibraci\u00f3n y ceda ante cada temblor indulgente del eje curvo y la base contorneada para enviarlo a usted y a su amante al placer org\u00e1smico. Mant\u00e9ngase c\u00f3modo mientras se sienta c\u00f3modo con su amante con este arn\u00e9s de mujer, cuero vegano suave, forro de terciopelo de felpa y correa ancha de soporte para la espalda baja. Disfrute de la lencer\u00eda de dise\u00f1o con cuero sint\u00e9tico gris y detalles en metal sin n\u00edquel.<\/p>\n<p>Abraza el juego sin inhibiciones, el placer desenfrenado y deja volar tus fantas\u00edas con este dise\u00f1o lujurioso sin entrepierna de este arn\u00e9s. Este delicado arn\u00e9s es compatible con la mayor\u00eda de las sondas y todas las sondas ME2. Las 3 juntas t\u00f3ricas intercambiables y el dise\u00f1o de ajuste f\u00e1cil sujetan de forma segura la mayor\u00eda de las sondas durante el juego de placer vigoroso.<\/p>\n<p>Caracter\u00edsticas:<\/p>\n<ul>\n<li>7 modos de vibraci\u00f3n<\/li>\n<li>Impermeable<\/li>\n<li>Materiales: dildo de silicona; arn\u00e9s de pvc sin phalatos y poli\u00e9ster; y anillos de acero sin niquel.<\/li>\n<li>Recargable con USB<\/li>\n<li>Arn\u00e9s ajustable hasta 162,5 cm<\/li>\n<li>Medidas dildo: 16,5 x 3,75 cm<\/li>\n<li>Di\u00e1metros de los anillos: 3,75 cm (peque\u00f1o); 4,5 cm (mediano); 5 cm (grande).<\/li>\n<\/ul>\n","protected":false},"excerpt":{"rendered":"<p>THE ROYAL VIBRATING SET Dise\u00f1ado para sumergirte en el emocionante mundo de un placer profundamente satisfactorio con el set de<\/p>\n","protected":false},"featured_media":14857,"comment_status":"open","ping_status":"open","template":"","meta":[],"product_cat":[559],"product_tag":[660,807],"class_list":["post-14856","product","type-product","status-publish","has-post-thumbnail","hentry","product_cat-con-dildo","product_tag-calexotics","product_tag-her-royal"],"bundled_by":[],"bundle_stock_status":"instock","bundle_stock_quantity":1,"bundle_virtual":false,"bundle_layout":"","bundle_add_to_cart_form_location":"","bundle_editable_in_cart":false,"bundle_sold_individually_context":"","bundle_item_grouping":"","bundle_min_size":"","bundle_max_size":"","bundled_items":[],"yoast_head":"<!-- This site is optimized with the Yoast SEO plugin v20.6 - https:\/\/yoast.com\/wordpress\/plugins\/seo\/ -->\n<title>THE ROYAL VIBRATING SET - ARN\u00c9S CON DILDO VIBRADOR GRIS - Tienda Er\u00f3tica<\/title>\n<meta name=\"robots\" content=\"noindex, follow, max-snippet:-1, max-image-preview:large, max-video-preview:-1\" \/>\n<meta property=\"og:locale\" content=\"es_ES\" \/>\n<meta property=\"og:type\" content=\"article\" \/>\n<meta property=\"og:title\" content=\"THE ROYAL VIBRATING SET - ARN\u00c9S CON DILDO VIBRADOR GRIS - Tienda Er\u00f3tica\" \/>\n<meta property=\"og:description\" content=\"THE ROYAL VIBRATING SET Dise\u00f1ado para sumergirte en el emocionante mundo de un placer profundamente satisfactorio con el set de\" \/>\n<meta property=\"og:url\" content=\"https:\/\/demoweb.info\/sexshop001\/producto\/the-royal-vibrating-set-arnes-con-dildo-vibrador-gris\/\" \/>\n<meta property=\"og:site_name\" content=\"Tienda Er\u00f3tica\" \/>\n<meta property=\"article:modified_time\" content=\"2022-01-22T09:24:33+00:00\" \/>\n<meta property=\"og:image\" content=\"https:\/\/demoweb.info\/sexshop001\/wp-content\/uploads\/2022\/01\/THE-ROYAL-VIBRATING-SET-ARNES-CON-DILDO-VIBRADOR-GRIS.jpg\" \/>\n\t<meta property=\"og:image:width\" content=\"550\" \/>\n\t<meta property=\"og:image:height\" content=\"550\" \/>\n\t<meta property=\"og:image:type\" content=\"image\/jpeg\" \/>\n<meta name=\"twitter:card\" content=\"summary_large_image\" \/>\n<meta name=\"twitter:label1\" content=\"Tiempo de lectura\" \/>\n\t<meta name=\"twitter:data1\" content=\"1 minuto\" \/>\n<script type=\"application\/ld+json\" class=\"yoast-schema-graph\">{\"@context\":\"https:\/\/schema.org\",\"@graph\":[{\"@type\":\"WebPage\",\"@id\":\"https:\/\/demoweb.info\/sexshop001\/producto\/the-royal-vibrating-set-arnes-con-dildo-vibrador-gris\/\",\"url\":\"https:\/\/demoweb.info\/sexshop001\/producto\/the-royal-vibrating-set-arnes-con-dildo-vibrador-gris\/\",\"name\":\"THE ROYAL VIBRATING SET - ARN\u00c9S CON DILDO VIBRADOR GRIS - Tienda Er\u00f3tica\",\"isPartOf\":{\"@id\":\"https:\/\/demoweb.info\/sexshop001\/#website\"},\"datePublished\":\"2022-01-22T09:24:30+00:00\",\"dateModified\":\"2022-01-22T09:24:33+00:00\",\"breadcrumb\":{\"@id\":\"https:\/\/demoweb.info\/sexshop001\/producto\/the-royal-vibrating-set-arnes-con-dildo-vibrador-gris\/#breadcrumb\"},\"inLanguage\":\"es\",\"potentialAction\":[{\"@type\":\"ReadAction\",\"target\":[\"https:\/\/demoweb.info\/sexshop001\/producto\/the-royal-vibrating-set-arnes-con-dildo-vibrador-gris\/\"]}]},{\"@type\":\"BreadcrumbList\",\"@id\":\"https:\/\/demoweb.info\/sexshop001\/producto\/the-royal-vibrating-set-arnes-con-dildo-vibrador-gris\/#breadcrumb\",\"itemListElement\":[{\"@type\":\"ListItem\",\"position\":1,\"name\":\"Portada\",\"item\":\"https:\/\/demoweb.info\/sexshop001\/\"},{\"@type\":\"ListItem\",\"position\":2,\"name\":\"Tienda\",\"item\":\"https:\/\/demoweb.info\/sexshop001\/tienda\/\"},{\"@type\":\"ListItem\",\"position\":3,\"name\":\"THE ROYAL VIBRATING SET &#8211; ARN\u00c9S CON DILDO VIBRADOR GRIS\"}]},{\"@type\":\"WebSite\",\"@id\":\"https:\/\/demoweb.info\/sexshop001\/#website\",\"url\":\"https:\/\/demoweb.info\/sexshop001\/\",\"name\":\"Tienda Er\u00f3tica\",\"description\":\"DEMOWEB SL\",\"potentialAction\":[{\"@type\":\"SearchAction\",\"target\":{\"@type\":\"EntryPoint\",\"urlTemplate\":\"https:\/\/demoweb.info\/sexshop001\/?s={search_term_string}\"},\"query-input\":\"required name=search_term_string\"}],\"inLanguage\":\"es\"}]}<\/script>\n<!-- \/ Yoast SEO plugin. -->","yoast_head_json":{"title":"THE ROYAL VIBRATING SET - ARN\u00c9S CON DILDO VIBRADOR GRIS - Tienda Er\u00f3tica","robots":{"index":"noindex","follow":"follow","max-snippet":"max-snippet:-1","max-image-preview":"max-image-preview:large","max-video-preview":"max-video-preview:-1"},"og_locale":"es_ES","og_type":"article","og_title":"THE ROYAL VIBRATING SET - ARN\u00c9S CON DILDO VIBRADOR GRIS - Tienda Er\u00f3tica","og_description":"THE ROYAL VIBRATING SET Dise\u00f1ado para sumergirte en el emocionante mundo de un placer profundamente satisfactorio con el set de","og_url":"https:\/\/demoweb.info\/sexshop001\/producto\/the-royal-vibrating-set-arnes-con-dildo-vibrador-gris\/","og_site_name":"Tienda Er\u00f3tica","article_modified_time":"2022-01-22T09:24:33+00:00","og_image":[{"width":550,"height":550,"url":"https:\/\/demoweb.info\/sexshop001\/wp-content\/uploads\/2022\/01\/THE-ROYAL-VIBRATING-SET-ARNES-CON-DILDO-VIBRADOR-GRIS.jpg","type":"image\/jpeg"}],"twitter_card":"summary_large_image","twitter_misc":{"Tiempo de lectura":"1 minuto"},"schema":{"@context":"https:\/\/schema.org","@graph":[{"@type":"WebPage","@id":"https:\/\/demoweb.info\/sexshop001\/producto\/the-royal-vibrating-set-arnes-con-dildo-vibrador-gris\/","url":"https:\/\/demoweb.info\/sexshop001\/producto\/the-royal-vibrating-set-arnes-con-dildo-vibrador-gris\/","name":"THE ROYAL VIBRATING SET - ARN\u00c9S CON DILDO VIBRADOR GRIS - Tienda Er\u00f3tica","isPartOf":{"@id":"https:\/\/demoweb.info\/sexshop001\/#website"},"datePublished":"2022-01-22T09:24:30+00:00","dateModified":"2022-01-22T09:24:33+00:00","breadcrumb":{"@id":"https:\/\/demoweb.info\/sexshop001\/producto\/the-royal-vibrating-set-arnes-con-dildo-vibrador-gris\/#breadcrumb"},"inLanguage":"es","potentialAction":[{"@type":"ReadAction","target":["https:\/\/demoweb.info\/sexshop001\/producto\/the-royal-vibrating-set-arnes-con-dildo-vibrador-gris\/"]}]},{"@type":"BreadcrumbList","@id":"https:\/\/demoweb.info\/sexshop001\/producto\/the-royal-vibrating-set-arnes-con-dildo-vibrador-gris\/#breadcrumb","itemListElement":[{"@type":"ListItem","position":1,"name":"Portada","item":"https:\/\/demoweb.info\/sexshop001\/"},{"@type":"ListItem","position":2,"name":"Tienda","item":"https:\/\/demoweb.info\/sexshop001\/tienda\/"},{"@type":"ListItem","position":3,"name":"THE ROYAL VIBRATING SET &#8211; ARN\u00c9S CON DILDO VIBRADOR GRIS"}]},{"@type":"WebSite","@id":"https:\/\/demoweb.info\/sexshop001\/#website","url":"https:\/\/demoweb.info\/sexshop001\/","name":"Tienda Er\u00f3tica","description":"DEMOWEB SL","potentialAction":[{"@type":"SearchAction","target":{"@type":"EntryPoint","urlTemplate":"https:\/\/demoweb.info\/sexshop001\/?s={search_term_string}"},"query-input":"required name=search_term_string"}],"inLanguage":"es"}]}},"_links":{"self":[{"href":"https:\/\/demoweb.info\/sexshop001\/wp-json\/wp\/v3\/product\/14856","targetHints":{"allow":["GET"]}}],"collection":[{"href":"https:\/\/demoweb.info\/sexshop001\/wp-json\/wp\/v3\/product"}],"about":[{"href":"https:\/\/demoweb.info\/sexshop001\/wp-json\/wp\/v2\/types\/product"}],"replies":[{"embeddable":true,"href":"https:\/\/demoweb.info\/sexshop001\/wp-json\/wp\/v2\/comments?post=14856"}],"wp:featuredmedia":[{"embeddable":true,"href":"https:\/\/demoweb.info\/sexshop001\/wp-json\/wp\/v2\/media\/14857"}],"wp:attachment":[{"href":"https:\/\/demoweb.info\/sexshop001\/wp-json\/wp\/v2\/media?parent=14856"}],"wp:term":[{"taxonomy":"product_cat","embeddable":true,"href":"https:\/\/demoweb.info\/sexshop001\/wp-json\/wp\/v2\/product_cat?post=14856"},{"taxonomy":"product_tag","embeddable":true,"href":"https:\/\/demoweb.info\/sexshop001\/wp-json\/wp\/v2\/product_tag?post=14856"}],"curies":[{"name":"wp","href":"https:\/\/api.w.org\/{rel}","templated":true}]}}