{"id":14713,"date":"2022-01-22T10:23:18","date_gmt":"2022-01-22T09:23:18","guid":{"rendered":"https:\/\/demoweb.info\/sexshop001\/producto\/nuru-body2body-gel-de-masaje-250ml\/"},"modified":"2022-01-22T10:23:31","modified_gmt":"2022-01-22T09:23:31","slug":"nuru-body2body-gel-de-masaje-250ml","status":"publish","type":"product","link":"https:\/\/demoweb.info\/sexshop001\/producto\/nuru-body2body-gel-de-masaje-250ml\/","title":{"rendered":"NURU BODY2BODY GEL DE MASAJE 250ML"},"content":{"rendered":"<p><strong>NURU BODY2BODY MASSAGE GEL (250ML)<\/strong><\/p>\n<p>Cobeco Nuru Body2Body Gel es un lujoso gel de masaje, rico en ingredientes nutritivos. El gel de masaje garantiza el m\u00e1ximo disfrute durante los sensuales masajes corporales.<\/p>\n<p>Este gel \u00edntimo tiene efecto hidratante. Proporciona m\u00e1s comodidad durante las relaciones sexuales haciendo que \u00e9stas sean mucho m\u00e1s intensas. Cobeco Nuru Body2Body Massage Gel no es absorbido por la piel lo que proporciona una duradera y placentera sensaci\u00f3n de deslizamiento.<\/p>\n<p>Contiene: 250 ml<\/p>\n","protected":false},"excerpt":{"rendered":"<p>NURU BODY2BODY MASSAGE GEL (250ML) Cobeco Nuru Body2Body Gel es un lujoso gel de masaje, rico en ingredientes nutritivos. El<\/p>\n","protected":false},"featured_media":14714,"comment_status":"open","ping_status":"open","template":"","meta":[],"product_cat":[528],"product_tag":[409,686],"class_list":["post-14713","product","type-product","status-publish","has-post-thumbnail","hentry","product_cat-geles-estimulantes-salud-sexual","product_tag-cobeco-pharma","product_tag-nuru"],"bundled_by":[],"bundle_stock_status":"instock","bundle_stock_quantity":16,"bundle_virtual":false,"bundle_layout":"","bundle_add_to_cart_form_location":"","bundle_editable_in_cart":false,"bundle_sold_individually_context":"","bundle_item_grouping":"","bundle_min_size":"","bundle_max_size":"","bundled_items":[],"yoast_head":"<!-- This site is optimized with the Yoast SEO plugin v20.6 - https:\/\/yoast.com\/wordpress\/plugins\/seo\/ -->\n<title>NURU BODY2BODY GEL DE MASAJE 250ML - Tienda Er\u00f3tica<\/title>\n<meta name=\"robots\" content=\"noindex, follow, max-snippet:-1, max-image-preview:large, max-video-preview:-1\" \/>\n<meta property=\"og:locale\" content=\"es_ES\" \/>\n<meta property=\"og:type\" content=\"article\" \/>\n<meta property=\"og:title\" content=\"NURU BODY2BODY GEL DE MASAJE 250ML - Tienda Er\u00f3tica\" \/>\n<meta property=\"og:description\" content=\"NURU BODY2BODY MASSAGE GEL (250ML) Cobeco Nuru Body2Body Gel es un lujoso gel de masaje, rico en ingredientes nutritivos. El\" \/>\n<meta property=\"og:url\" content=\"https:\/\/demoweb.info\/sexshop001\/producto\/nuru-body2body-gel-de-masaje-250ml\/\" \/>\n<meta property=\"og:site_name\" content=\"Tienda Er\u00f3tica\" \/>\n<meta property=\"article:modified_time\" content=\"2022-01-22T09:23:31+00:00\" \/>\n<meta property=\"og:image\" content=\"https:\/\/demoweb.info\/sexshop001\/wp-content\/uploads\/2022\/01\/NURU-BODY2BODY-GEL-DE-MASAJE-250ML.jpg\" \/>\n\t<meta property=\"og:image:width\" content=\"550\" \/>\n\t<meta property=\"og:image:height\" content=\"550\" \/>\n\t<meta property=\"og:image:type\" content=\"image\/jpeg\" \/>\n<meta name=\"twitter:card\" content=\"summary_large_image\" \/>\n<script type=\"application\/ld+json\" class=\"yoast-schema-graph\">{\"@context\":\"https:\/\/schema.org\",\"@graph\":[{\"@type\":\"WebPage\",\"@id\":\"https:\/\/demoweb.info\/sexshop001\/producto\/nuru-body2body-gel-de-masaje-250ml\/\",\"url\":\"https:\/\/demoweb.info\/sexshop001\/producto\/nuru-body2body-gel-de-masaje-250ml\/\",\"name\":\"NURU BODY2BODY GEL DE MASAJE 250ML - Tienda Er\u00f3tica\",\"isPartOf\":{\"@id\":\"https:\/\/demoweb.info\/sexshop001\/#website\"},\"datePublished\":\"2022-01-22T09:23:18+00:00\",\"dateModified\":\"2022-01-22T09:23:31+00:00\",\"breadcrumb\":{\"@id\":\"https:\/\/demoweb.info\/sexshop001\/producto\/nuru-body2body-gel-de-masaje-250ml\/#breadcrumb\"},\"inLanguage\":\"es\",\"potentialAction\":[{\"@type\":\"ReadAction\",\"target\":[\"https:\/\/demoweb.info\/sexshop001\/producto\/nuru-body2body-gel-de-masaje-250ml\/\"]}]},{\"@type\":\"BreadcrumbList\",\"@id\":\"https:\/\/demoweb.info\/sexshop001\/producto\/nuru-body2body-gel-de-masaje-250ml\/#breadcrumb\",\"itemListElement\":[{\"@type\":\"ListItem\",\"position\":1,\"name\":\"Portada\",\"item\":\"https:\/\/demoweb.info\/sexshop001\/\"},{\"@type\":\"ListItem\",\"position\":2,\"name\":\"Tienda\",\"item\":\"https:\/\/demoweb.info\/sexshop001\/tienda\/\"},{\"@type\":\"ListItem\",\"position\":3,\"name\":\"NURU BODY2BODY GEL DE MASAJE 250ML\"}]},{\"@type\":\"WebSite\",\"@id\":\"https:\/\/demoweb.info\/sexshop001\/#website\",\"url\":\"https:\/\/demoweb.info\/sexshop001\/\",\"name\":\"Tienda Er\u00f3tica\",\"description\":\"DEMOWEB SL\",\"potentialAction\":[{\"@type\":\"SearchAction\",\"target\":{\"@type\":\"EntryPoint\",\"urlTemplate\":\"https:\/\/demoweb.info\/sexshop001\/?s={search_term_string}\"},\"query-input\":\"required name=search_term_string\"}],\"inLanguage\":\"es\"}]}<\/script>\n<!-- \/ Yoast SEO plugin. -->","yoast_head_json":{"title":"NURU BODY2BODY GEL DE MASAJE 250ML - Tienda Er\u00f3tica","robots":{"index":"noindex","follow":"follow","max-snippet":"max-snippet:-1","max-image-preview":"max-image-preview:large","max-video-preview":"max-video-preview:-1"},"og_locale":"es_ES","og_type":"article","og_title":"NURU BODY2BODY GEL DE MASAJE 250ML - Tienda Er\u00f3tica","og_description":"NURU BODY2BODY MASSAGE GEL (250ML) Cobeco Nuru Body2Body Gel es un lujoso gel de masaje, rico en ingredientes nutritivos. El","og_url":"https:\/\/demoweb.info\/sexshop001\/producto\/nuru-body2body-gel-de-masaje-250ml\/","og_site_name":"Tienda Er\u00f3tica","article_modified_time":"2022-01-22T09:23:31+00:00","og_image":[{"width":550,"height":550,"url":"https:\/\/demoweb.info\/sexshop001\/wp-content\/uploads\/2022\/01\/NURU-BODY2BODY-GEL-DE-MASAJE-250ML.jpg","type":"image\/jpeg"}],"twitter_card":"summary_large_image","schema":{"@context":"https:\/\/schema.org","@graph":[{"@type":"WebPage","@id":"https:\/\/demoweb.info\/sexshop001\/producto\/nuru-body2body-gel-de-masaje-250ml\/","url":"https:\/\/demoweb.info\/sexshop001\/producto\/nuru-body2body-gel-de-masaje-250ml\/","name":"NURU BODY2BODY GEL DE MASAJE 250ML - Tienda Er\u00f3tica","isPartOf":{"@id":"https:\/\/demoweb.info\/sexshop001\/#website"},"datePublished":"2022-01-22T09:23:18+00:00","dateModified":"2022-01-22T09:23:31+00:00","breadcrumb":{"@id":"https:\/\/demoweb.info\/sexshop001\/producto\/nuru-body2body-gel-de-masaje-250ml\/#breadcrumb"},"inLanguage":"es","potentialAction":[{"@type":"ReadAction","target":["https:\/\/demoweb.info\/sexshop001\/producto\/nuru-body2body-gel-de-masaje-250ml\/"]}]},{"@type":"BreadcrumbList","@id":"https:\/\/demoweb.info\/sexshop001\/producto\/nuru-body2body-gel-de-masaje-250ml\/#breadcrumb","itemListElement":[{"@type":"ListItem","position":1,"name":"Portada","item":"https:\/\/demoweb.info\/sexshop001\/"},{"@type":"ListItem","position":2,"name":"Tienda","item":"https:\/\/demoweb.info\/sexshop001\/tienda\/"},{"@type":"ListItem","position":3,"name":"NURU BODY2BODY GEL DE MASAJE 250ML"}]},{"@type":"WebSite","@id":"https:\/\/demoweb.info\/sexshop001\/#website","url":"https:\/\/demoweb.info\/sexshop001\/","name":"Tienda Er\u00f3tica","description":"DEMOWEB SL","potentialAction":[{"@type":"SearchAction","target":{"@type":"EntryPoint","urlTemplate":"https:\/\/demoweb.info\/sexshop001\/?s={search_term_string}"},"query-input":"required name=search_term_string"}],"inLanguage":"es"}]}},"_links":{"self":[{"href":"https:\/\/demoweb.info\/sexshop001\/wp-json\/wp\/v3\/product\/14713","targetHints":{"allow":["GET"]}}],"collection":[{"href":"https:\/\/demoweb.info\/sexshop001\/wp-json\/wp\/v3\/product"}],"about":[{"href":"https:\/\/demoweb.info\/sexshop001\/wp-json\/wp\/v2\/types\/product"}],"replies":[{"embeddable":true,"href":"https:\/\/demoweb.info\/sexshop001\/wp-json\/wp\/v2\/comments?post=14713"}],"wp:featuredmedia":[{"embeddable":true,"href":"https:\/\/demoweb.info\/sexshop001\/wp-json\/wp\/v2\/media\/14714"}],"wp:attachment":[{"href":"https:\/\/demoweb.info\/sexshop001\/wp-json\/wp\/v2\/media?parent=14713"}],"wp:term":[{"taxonomy":"product_cat","embeddable":true,"href":"https:\/\/demoweb.info\/sexshop001\/wp-json\/wp\/v2\/product_cat?post=14713"},{"taxonomy":"product_tag","embeddable":true,"href":"https:\/\/demoweb.info\/sexshop001\/wp-json\/wp\/v2\/product_tag?post=14713"}],"curies":[{"name":"wp","href":"https:\/\/api.w.org\/{rel}","templated":true}]}}